{"id":777429,"date":"2025-10-16T04:43:26","date_gmt":"2025-10-16T01:43:26","guid":{"rendered":"https:\/\/roveyayinevi.com.tr\/index.php\/urun\/artik-hazirim-kelebek-olmaya-oyunlu-kitap\/"},"modified":"2026-04-15T03:43:16","modified_gmt":"2026-04-15T00:43:16","slug":"artik-hazirim-kelebek-olmaya-oyunlu-kitap","status":"publish","type":"product","link":"https:\/\/roveyayinevi.com.tr\/index.php\/urun\/artik-hazirim-kelebek-olmaya-oyunlu-kitap\/","title":{"rendered":"Art\u0131k Haz\u0131r\u0131m! Kelebek Olmaya (Oyunlu Kitap)"},"content":{"rendered":"<p>Bir yapra\u011f\u0131n u\u0308zerinde ba\u015flayan bu yolculuk, bir t\u0131rt\u0131l\u0131n sab\u0131rla bu\u0308yu\u0308mesine, arkada\u015f\u0131n\u0131n onu bekleyi\u015fine ve g\u00f6k yu\u0308zu\u0308ne a\u00e7\u0131lan rengarenk kanatlara d\u00f6nu\u0308\u015fu\u0308yor ! Baz\u0131 \u015feyler zamanla de\u011fi\u015fir ve gu\u0308zelle\u015fir. Haydi, t\u0131rt\u0131l\u0131n kelebe\u011fe d\u00f6nu\u0308\u015fu\u0308mu\u0308nu\u0308 beraber ke\u015ffedelim!<\/p>\n","protected":false},"excerpt":{"rendered":"<p>Bir yapra\u011f\u0131n u\u0308zerinde ba\u015flayan bu yolculuk, bir t\u0131rt\u0131l\u0131n sab\u0131rla bu\u0308yu\u0308mesine, arkada\u015f\u0131n\u0131n onu bekleyi\u015fine ve g\u00f6k yu\u0308zu\u0308ne a\u00e7\u0131lan rengarenk kanatlara d\u00f6nu\u0308\u015fu\u0308yor ! Baz\u0131 \u015feyler zamanla de\u011fi\u015fir ve<span class=\"excerpt-hellip\"> [\u2026]<\/span><\/p>\n","protected":false},"featured_media":0,"template":"","meta":{"_monsterinsights_skip_tracking":false,"_monsterinsights_sitenote_active":false,"_monsterinsights_sitenote_note":"","_monsterinsights_sitenote_category":0},"product_brand":[],"product_cat":[12274,17859],"product_tag":[],"class_list":{"0":"post-777429","1":"product","2":"type-product","3":"status-publish","5":"product_cat-cocuk-ve-genclik-kitaplari","6":"product_cat-oyun-kitaplari","7":"pa_cilt-ciltsiz","8":"pa_tur-kitap","9":"pa_yayinevi-bi-kutu-oyun","10":"pa_yazar-kolektif","12":"first","13":"instock","14":"sale","15":"shipping-taxable","16":"purchasable","17":"product-type-simple"},"_links":{"self":[{"href":"https:\/\/roveyayinevi.com.tr\/index.php\/wp-json\/wp\/v2\/product\/777429","targetHints":{"allow":["GET"]}}],"collection":[{"href":"https:\/\/roveyayinevi.com.tr\/index.php\/wp-json\/wp\/v2\/product"}],"about":[{"href":"https:\/\/roveyayinevi.com.tr\/index.php\/wp-json\/wp\/v2\/types\/product"}],"wp:attachment":[{"href":"https:\/\/roveyayinevi.com.tr\/index.php\/wp-json\/wp\/v2\/media?parent=777429"}],"wp:term":[{"taxonomy":"product_brand","embeddable":true,"href":"https:\/\/roveyayinevi.com.tr\/index.php\/wp-json\/wp\/v2\/product_brand?post=777429"},{"taxonomy":"product_cat","embeddable":true,"href":"https:\/\/roveyayinevi.com.tr\/index.php\/wp-json\/wp\/v2\/product_cat?post=777429"},{"taxonomy":"product_tag","embeddable":true,"href":"https:\/\/roveyayinevi.com.tr\/index.php\/wp-json\/wp\/v2\/product_tag?post=777429"}],"curies":[{"name":"wp","href":"https:\/\/api.w.org\/{rel}","templated":true}]}}