{"id":777421,"date":"2025-10-16T04:43:05","date_gmt":"2025-10-16T01:43:05","guid":{"rendered":"https:\/\/roveyayinevi.com.tr\/index.php\/urun\/sosyal-curume\/"},"modified":"2026-04-15T03:43:14","modified_gmt":"2026-04-15T00:43:14","slug":"sosyal-curume","status":"publish","type":"product","link":"https:\/\/roveyayinevi.com.tr\/index.php\/urun\/sosyal-curume\/","title":{"rendered":"Sosyal \u00c7\u00fcr\u00fcme"},"content":{"rendered":"<p>T\u00fcrkiye \u2019de her ge\u00e7en g\u00fcn daha da derinle\u015fen ekonomik kriz, toplumun t\u00fcm kesimlerini etkiliyor. Ama ger\u00e7ekten ya\u015fad\u0131\u011f\u0131m\u0131z her sorun sadece ekonomiden mi kaynaklan\u0131yor? \u015eiddetten kad\u0131n cinayetlerine, toplumsal dayan\u0131\u015fman\u0131n zay\u0131flamas\u0131ndan g\u00fcndelik hayattaki tahamm\u00fcls\u00fczl\u00fc\u011fe kadar g\u00f6rd\u00fc\u011f\u00fcm\u00fcz \u00e7arp\u0131kl\u0131klar\u0131n ard\u0131nda ba\u015fka bir \u015fey olabilir mi? Zeliha B\u00fcrtek\u2019in bir sokak r\u00f6portaj\u0131nda dile getirdi\u011fi \u015fu s\u00f6zler milyonlar\u0131n zihninde yank\u0131land\u0131: \u201cT\u00fcrkiye\u2019de sosyal \u00e7\u00fcr\u00fcme var, d\u00f6n\u00fc\u015f\u00fc olmayan bir yerdeyiz!\u201d Gazeteci-yazar G\u00fcl\u015fen \u0130\u015feri, bu c\u00fcmlenin a\u00e7t\u0131\u011f\u0131 kap\u0131dan girerek B\u00fcrtek\u2019le derin bir s\u00f6yle\u015fi ger\u00e7ekle\u015ftirdi. Bu kitap, yaln\u0131zca ekonomik s\u0131k\u0131nt\u0131lar\u0131n de\u011fil, toplumun vicdan\u0131nda sessizce b\u00fcy\u00fcyen \u00e7\u00f6z\u00fclmenin de izini s\u00fcr\u00fcyor. \u0130nsana, hayvana, do\u011faya y\u0131llarca ses olan Zeliha B\u00fcrtek, ya\u015fad\u0131\u011f\u0131m\u0131z d\u00f6neme dair \u00e7arp\u0131c\u0131 g\u00f6zlemlerini ve cesur tespitlerini payla\u015f\u0131yor. Sosyal \u00e7\u00fcr\u00fcme kavram\u0131 \u00fczerinden yap\u0131lan bu y\u00fczle\u015fme hem bir hat\u0131rlatma hem de yeniden d\u00fc\u015f\u00fcnme \u00e7a\u011fr\u0131s\u0131. Okuyan herkese yeni sorular sorduracak, bildiklerini sorgulatacak ve en \u00f6nemlisi cesaret verecek. \u00c7\u00fcnk\u00fc sosyal \u00e7\u00fcr\u00fcme yaln\u0131zca bir kavram de\u011fil; hepimizin i\u00e7inden ge\u00e7ti\u011fi bir ger\u00e7eklik. Ve bu ger\u00e7eklikle ancak birlikte y\u00fczle\u015febiliriz. <\/p>\n","protected":false},"excerpt":{"rendered":"<p>T\u00fcrkiye \u2019de her ge\u00e7en g\u00fcn daha da derinle\u015fen ekonomik kriz, toplumun t\u00fcm kesimlerini etkiliyor. Ama ger\u00e7ekten ya\u015fad\u0131\u011f\u0131m\u0131z her sorun sadece ekonomiden mi kaynaklan\u0131yor? \u015eiddetten kad\u0131n cinayetlerine,<span class=\"excerpt-hellip\"> [\u2026]<\/span><\/p>\n","protected":false},"featured_media":0,"template":"","meta":{"_monsterinsights_skip_tracking":false,"_monsterinsights_sitenote_active":false,"_monsterinsights_sitenote_note":"","_monsterinsights_sitenote_category":0},"product_brand":[],"product_cat":[12291,30969],"product_tag":[],"class_list":{"0":"post-777421","1":"product","2":"type-product","3":"status-publish","5":"product_cat-edebiyat","6":"product_cat-soylesi-edebiyat","7":"pa_cilt-ciltsiz","8":"pa_tur-kitap","9":"pa_yayinevi-inkilap-kitabevi","10":"pa_yazar-zeliha-burtek","12":"first","13":"instock","14":"sale","15":"shipping-taxable","16":"purchasable","17":"product-type-simple"},"_links":{"self":[{"href":"https:\/\/roveyayinevi.com.tr\/index.php\/wp-json\/wp\/v2\/product\/777421","targetHints":{"allow":["GET"]}}],"collection":[{"href":"https:\/\/roveyayinevi.com.tr\/index.php\/wp-json\/wp\/v2\/product"}],"about":[{"href":"https:\/\/roveyayinevi.com.tr\/index.php\/wp-json\/wp\/v2\/types\/product"}],"wp:attachment":[{"href":"https:\/\/roveyayinevi.com.tr\/index.php\/wp-json\/wp\/v2\/media?parent=777421"}],"wp:term":[{"taxonomy":"product_brand","embeddable":true,"href":"https:\/\/roveyayinevi.com.tr\/index.php\/wp-json\/wp\/v2\/product_brand?post=777421"},{"taxonomy":"product_cat","embeddable":true,"href":"https:\/\/roveyayinevi.com.tr\/index.php\/wp-json\/wp\/v2\/product_cat?post=777421"},{"taxonomy":"product_tag","embeddable":true,"href":"https:\/\/roveyayinevi.com.tr\/index.php\/wp-json\/wp\/v2\/product_tag?post=777421"}],"curies":[{"name":"wp","href":"https:\/\/api.w.org\/{rel}","templated":true}]}}