{"id":777418,"date":"2025-10-16T04:43:00","date_gmt":"2025-10-16T01:43:00","guid":{"rendered":"https:\/\/roveyayinevi.com.tr\/index.php\/urun\/sen-uyurken-paran-senin-icin-calissin\/"},"modified":"2026-04-15T03:43:14","modified_gmt":"2026-04-15T00:43:14","slug":"sen-uyurken-paran-senin-icin-calissin","status":"publish","type":"product","link":"https:\/\/roveyayinevi.com.tr\/index.php\/urun\/sen-uyurken-paran-senin-icin-calissin\/","title":{"rendered":"Sen Uyurken Paran Senin \u0130\u00e7in \u00c7al\u0131\u015fs\u0131n"},"content":{"rendered":"<p>Artan hayat pahal\u0131l\u0131\u011f\u0131, bor\u00e7 y\u00fck\u00fc ve gelece\u011fe dair belirsizlikler\u2026 G\u00fcn\u00fcm\u00fcz \u015fartlar\u0131nda ayakta kalmak her ge\u00e7en g\u00fcn biraz daha zorla\u015f\u0131rken yard\u0131m elini Cihat E. \u00c7i\u00e7ek uzat\u0131yor. \u0130lk kitab\u0131 Dikkat Zengin Yapabilir ile b\u00fcy\u00fck bir okur kitlesine ula\u015fan ve hayatlar\u0131 de\u011fi\u015ftiren Cihat E. \u00c7i\u00e7ek, yolculu\u011funa kald\u0131\u011f\u0131 yerden devam ediyor. Deneyimlerinden s\u00fczd\u00fc\u011f\u00fc ger\u00e7ek \u00f6rneklerle, pasif gelir kaynaklar\u0131n\u0131n ve ek kazan\u00e7 stratejilerinin kap\u0131s\u0131n\u0131 aral\u0131yor. Bor\u00e7lardan kurtulmak, ikinci bir gelir elde etmek ve uzun vadeli servet in\u015fa etmek i\u00e7in uygulanabilir y\u00f6ntemler de payla\u015f\u0131yor. Sen Uyurken Paran Senin \u0130\u00e7in \u00c7al\u0131\u015fs\u0131n finansal \u00f6zg\u00fcrl\u00fck arayan herkes i\u00e7in pratik, anla\u015f\u0131l\u0131r ve cesaret verici bir rehber niteli\u011fi ta\u015f\u0131yor.   <\/p>\n","protected":false},"excerpt":{"rendered":"<p>Artan hayat pahal\u0131l\u0131\u011f\u0131, bor\u00e7 y\u00fck\u00fc ve gelece\u011fe dair belirsizlikler\u2026 G\u00fcn\u00fcm\u00fcz \u015fartlar\u0131nda ayakta kalmak her ge\u00e7en g\u00fcn biraz daha zorla\u015f\u0131rken yard\u0131m elini Cihat E. \u00c7i\u00e7ek uzat\u0131yor. \u0130lk<span class=\"excerpt-hellip\"> [\u2026]<\/span><\/p>\n","protected":false},"featured_media":0,"template":"","meta":{"_monsterinsights_skip_tracking":false,"_monsterinsights_sitenote_active":false,"_monsterinsights_sitenote_note":"","_monsterinsights_sitenote_category":0},"product_brand":[],"product_cat":[13043],"product_tag":[],"class_list":{"0":"post-777418","1":"product","2":"type-product","3":"status-publish","5":"product_cat-ekonomi","6":"pa_cilt-ciltsiz","7":"pa_tur-kitap","8":"pa_yayinevi-ucuncu-goz","9":"pa_yazar-cihat-e-cicek","11":"first","12":"instock","13":"sale","14":"shipping-taxable","15":"purchasable","16":"product-type-simple"},"_links":{"self":[{"href":"https:\/\/roveyayinevi.com.tr\/index.php\/wp-json\/wp\/v2\/product\/777418","targetHints":{"allow":["GET"]}}],"collection":[{"href":"https:\/\/roveyayinevi.com.tr\/index.php\/wp-json\/wp\/v2\/product"}],"about":[{"href":"https:\/\/roveyayinevi.com.tr\/index.php\/wp-json\/wp\/v2\/types\/product"}],"wp:attachment":[{"href":"https:\/\/roveyayinevi.com.tr\/index.php\/wp-json\/wp\/v2\/media?parent=777418"}],"wp:term":[{"taxonomy":"product_brand","embeddable":true,"href":"https:\/\/roveyayinevi.com.tr\/index.php\/wp-json\/wp\/v2\/product_brand?post=777418"},{"taxonomy":"product_cat","embeddable":true,"href":"https:\/\/roveyayinevi.com.tr\/index.php\/wp-json\/wp\/v2\/product_cat?post=777418"},{"taxonomy":"product_tag","embeddable":true,"href":"https:\/\/roveyayinevi.com.tr\/index.php\/wp-json\/wp\/v2\/product_tag?post=777418"}],"curies":[{"name":"wp","href":"https:\/\/api.w.org\/{rel}","templated":true}]}}