{"id":777408,"date":"2025-10-16T04:42:24","date_gmt":"2025-10-16T01:42:24","guid":{"rendered":"https:\/\/roveyayinevi.com.tr\/index.php\/urun\/mahrumiyet-egitimi\/"},"modified":"2026-04-15T03:43:11","modified_gmt":"2026-04-15T00:43:11","slug":"mahrumiyet-egitimi","status":"publish","type":"product","link":"https:\/\/roveyayinevi.com.tr\/index.php\/urun\/mahrumiyet-egitimi\/","title":{"rendered":"Mahrumiyet E\u011fitimi"},"content":{"rendered":"<p>\u201cAnneee s\u0131k\u0131ld\u0131m!\u201d \u201cAnneee bir oyuncak daha!\u201d \u201cBabaaa bana telefon al!\u201d \u201cOnu da al, bunu da al, \u015funu da al!\u201d Bug\u00fcn\u00fcn \u00e7ocuklar\u0131 her \u015feye sahip ama hi\u00e7bir \u015fey onlara yetmiyor. Odan\u0131n ortas\u0131nda, y\u00fczlerce oyunca\u011f\u0131n i\u00e7inde oturup, \u201cCan\u0131m s\u0131k\u0131l\u0131yor\u201d diyen \u00e7ocuklar\u0131n say\u0131s\u0131 her ge\u00e7en g\u00fcn art\u0131yor. Ve anne-babalar \u201cAlsak alsak \u015fimdi ne alsak\u201d yang\u0131n\u0131n\u0131n i\u00e7inde g\u00fcnbeg\u00fcn daha \u00e7ok kavruluyor! Klinik Psikolog Hilal \u00c7orbac\u0131o\u011flu, \u00e7ocuklar\u0131m\u0131z\u0131n ruhuna iyi gelecek en kadim ger\u00e7e\u011fi hat\u0131rlat\u0131yor: Az\u0131n i\u00e7indeki \u00e7o\u011fu g\u00f6rmeyi&#8230; Bilimsel ara\u015ft\u0131rmalar, vaka \u00f6rnekleri ve g\u00fcnl\u00fck hayat\u0131n i\u00e7inden sahnelerle haz\u0131rlanan bu kitap, ebeveynlere \u015fu soruyu soruyor: \u201c\u00c7ocu\u011funuzu baz\u0131 \u015feylerden mahrum b\u0131rakarak onu daha sa\u011fl\u0131kl\u0131 ve g\u00fc\u00e7l\u00fc b\u00fcy\u00fctebilece\u011finizi biliyor musunuz?\u201d Cevab\u0131 buldu\u011funuzda, \u00e7ocuk yeti\u015ftirmenin as\u0131l s\u0131rr\u0131n\u0131n fazla vermek de\u011fil, do\u011fru vermek oldu\u011funu g\u00f6receksiniz. <\/p>\n","protected":false},"excerpt":{"rendered":"<p>\u201cAnneee s\u0131k\u0131ld\u0131m!\u201d \u201cAnneee bir oyuncak daha!\u201d \u201cBabaaa bana telefon al!\u201d \u201cOnu da al, bunu da al, \u015funu da al!\u201d Bug\u00fcn\u00fcn \u00e7ocuklar\u0131 her \u015feye sahip ama hi\u00e7bir<span class=\"excerpt-hellip\"> [\u2026]<\/span><\/p>\n","protected":false},"featured_media":0,"template":"","meta":{"_monsterinsights_skip_tracking":false,"_monsterinsights_sitenote_active":false,"_monsterinsights_sitenote_note":"","_monsterinsights_sitenote_category":0},"product_brand":[],"product_cat":[12357],"product_tag":[],"class_list":{"0":"post-777408","1":"product","2":"type-product","3":"status-publish","5":"product_cat-psikoloji","6":"pa_cilt-ciltsiz","7":"pa_tur-kitap","8":"pa_yayinevi-aile-yayinlari","9":"pa_yazar-hilal-corbacioglu","11":"first","12":"instock","13":"sale","14":"shipping-taxable","15":"purchasable","16":"product-type-simple"},"_links":{"self":[{"href":"https:\/\/roveyayinevi.com.tr\/index.php\/wp-json\/wp\/v2\/product\/777408","targetHints":{"allow":["GET"]}}],"collection":[{"href":"https:\/\/roveyayinevi.com.tr\/index.php\/wp-json\/wp\/v2\/product"}],"about":[{"href":"https:\/\/roveyayinevi.com.tr\/index.php\/wp-json\/wp\/v2\/types\/product"}],"wp:attachment":[{"href":"https:\/\/roveyayinevi.com.tr\/index.php\/wp-json\/wp\/v2\/media?parent=777408"}],"wp:term":[{"taxonomy":"product_brand","embeddable":true,"href":"https:\/\/roveyayinevi.com.tr\/index.php\/wp-json\/wp\/v2\/product_brand?post=777408"},{"taxonomy":"product_cat","embeddable":true,"href":"https:\/\/roveyayinevi.com.tr\/index.php\/wp-json\/wp\/v2\/product_cat?post=777408"},{"taxonomy":"product_tag","embeddable":true,"href":"https:\/\/roveyayinevi.com.tr\/index.php\/wp-json\/wp\/v2\/product_tag?post=777408"}],"curies":[{"name":"wp","href":"https:\/\/api.w.org\/{rel}","templated":true}]}}