{"id":777400,"date":"2025-10-16T04:42:10","date_gmt":"2025-10-16T01:42:10","guid":{"rendered":"https:\/\/roveyayinevi.com.tr\/index.php\/urun\/hirsli-akilci-pragmatik-hap\/"},"modified":"2026-04-08T03:39:21","modified_gmt":"2026-04-08T00:39:21","slug":"hirsli-akilci-pragmatik-hap","status":"publish","type":"product","link":"https:\/\/roveyayinevi.com.tr\/index.php\/urun\/hirsli-akilci-pragmatik-hap\/","title":{"rendered":"H\u0131rsl\u0131, Ak\u0131lc\u0131, Pragmatik &#8211; Hap"},"content":{"rendered":"<p>Hayat, size \u00e7o\u011fu zaman karma\u015f\u0131k bir denklem gibi g\u00f6r\u00fcn\u00fcr. Ba\u015far\u0131y\u0131 elde etmek, mutlulu\u011fu s\u00fcrd\u00fcrmek ve problemleri \u00e7\u00f6zmek i\u00e7in herkes bir yol arar. Oysa do\u011fru form\u00fcllerle bak\u0131ld\u0131\u011f\u0131nda, hayat\u0131n zorluklar\u0131 sadele\u015fir ve y\u00f6netilebilir bir hale gelir. Bu kitapta Nam\u0131k Kemal KIRIKKANAT, y\u0131llara dayanan deneyimlerinden s\u00fcz\u00fclm\u00fc\u015f \u00f6zg\u00fcn form\u00fcllerle sizi d\u00fc\u015f\u00fcnmeye ve kendi hayat denkleminizi kurmaya davet ediyor:   \u2022        Ba\u015far\u0131 Form\u00fcl\u00fc ile potansiyelinizi ortaya \u00e7\u0131kar\u0131n, \u2022        Mutluluk Form\u00fcl\u00fc ile huzurun matemati\u011fini ke\u015ffedin, \u2022        Problem \u00c7\u00f6z\u00fcm Form\u00fcl\u00fc ile engelleri f\u0131rsata d\u00f6n\u00fc\u015ft\u00fcr\u00fcn.   Her b\u00f6l\u00fcm, okuyucuya sadece bilgi vermiyor; ayn\u0131 zamanda sorular soruyor, meydan okuyor ve ki\u015fisel yolculu\u011funuzu yeniden in\u015fa etmenize ilham oluyor. Ger\u00e7ek hayat tecr\u00fcbesini sizinle payla\u015fan KIRIKKANAT; neyi, neden ve nas\u0131l yapt\u0131\u011f\u0131n\u0131 i\u015f hayat\u0131 ve sosyal hayata eksilerden ba\u015flayan fakat her \u015feye ra\u011fmen ba\u015farm\u0131\u015f bir i\u015f insan\u0131 olarak aktar\u0131yor. Bu kitap size haz\u0131r re\u00e7eteler sunmakla kalm\u0131yor, kendi re\u00e7etenizi yazman\u0131z i\u00e7in bir pusula veriyor. \u00c7\u00fcnk\u00fc unutmay\u0131n: Hayat\u0131n\u0131z\u0131n m\u00fchendisi sizsiniz!<\/p>\n","protected":false},"excerpt":{"rendered":"<p>Hayat, size \u00e7o\u011fu zaman karma\u015f\u0131k bir denklem gibi g\u00f6r\u00fcn\u00fcr. Ba\u015far\u0131y\u0131 elde etmek, mutlulu\u011fu s\u00fcrd\u00fcrmek ve problemleri \u00e7\u00f6zmek i\u00e7in herkes bir yol arar. Oysa do\u011fru form\u00fcllerle bak\u0131ld\u0131\u011f\u0131nda,<span class=\"excerpt-hellip\"> [\u2026]<\/span><\/p>\n","protected":false},"featured_media":0,"template":"","meta":{"_monsterinsights_skip_tracking":false,"_monsterinsights_sitenote_active":false,"_monsterinsights_sitenote_note":"","_monsterinsights_sitenote_category":0},"product_brand":[],"product_cat":[12364,12376],"product_tag":[],"class_list":{"0":"post-777400","1":"product","2":"type-product","3":"status-publish","5":"product_cat-genel-konular","6":"product_cat-kisisel-gelisim","7":"pa_cilt-ciltsiz","8":"pa_tur-kitap","9":"pa_yayinevi-pozitif-yayinlari","10":"pa_yazar-namik-kemal-kirikkanat","12":"first","13":"instock","14":"sale","15":"shipping-taxable","16":"purchasable","17":"product-type-simple"},"_links":{"self":[{"href":"https:\/\/roveyayinevi.com.tr\/index.php\/wp-json\/wp\/v2\/product\/777400","targetHints":{"allow":["GET"]}}],"collection":[{"href":"https:\/\/roveyayinevi.com.tr\/index.php\/wp-json\/wp\/v2\/product"}],"about":[{"href":"https:\/\/roveyayinevi.com.tr\/index.php\/wp-json\/wp\/v2\/types\/product"}],"wp:attachment":[{"href":"https:\/\/roveyayinevi.com.tr\/index.php\/wp-json\/wp\/v2\/media?parent=777400"}],"wp:term":[{"taxonomy":"product_brand","embeddable":true,"href":"https:\/\/roveyayinevi.com.tr\/index.php\/wp-json\/wp\/v2\/product_brand?post=777400"},{"taxonomy":"product_cat","embeddable":true,"href":"https:\/\/roveyayinevi.com.tr\/index.php\/wp-json\/wp\/v2\/product_cat?post=777400"},{"taxonomy":"product_tag","embeddable":true,"href":"https:\/\/roveyayinevi.com.tr\/index.php\/wp-json\/wp\/v2\/product_tag?post=777400"}],"curies":[{"name":"wp","href":"https:\/\/api.w.org\/{rel}","templated":true}]}}