{"id":777392,"date":"2025-10-16T04:41:24","date_gmt":"2025-10-16T01:41:24","guid":{"rendered":"https:\/\/roveyayinevi.com.tr\/index.php\/urun\/istanbul-tarihi-2\/"},"modified":"2026-04-15T03:43:07","modified_gmt":"2026-04-15T00:43:07","slug":"istanbul-tarihi-2","status":"publish","type":"product","link":"https:\/\/roveyayinevi.com.tr\/index.php\/urun\/istanbul-tarihi-2\/","title":{"rendered":"\u0130stanbul Tarihi"},"content":{"rendered":"<p>\u0130stanbul Tarihi: XVII. As\u0131rda \u0130stanbul, d\u00f6nemin se\u00e7kin edebiyat\u00e7\u0131 ve tarih\u00e7isi Eremya \u00c7elebi\u2019nin en \u00f6nemli eseridir. Yazar, eserini, zaman\u0131n me\u015fhur Ermeni \u00e2limlerinden Bitlis\u2019teki Ba\u015frahip Vardepet Vardan\u2019\u0131n iste\u011fi \u00fczerine kaleme alm\u0131\u015ft\u0131r. XVII. y\u00fczy\u0131l \u0130stanbul\u2019una genel bir bak\u0131\u015f\u0131 ihtiva eden bu manzum eser, \u015fehrin ba\u015fl\u0131ca mevkileri hakk\u0131nda bilgi vermekte, buralara dair baz\u0131 olaylar\u0131 k\u0131saca nakletmektedir.      \u201cEremya \u00c7elebi K\u00f6m\u00fcrciyan, ya\u015fad\u0131\u011f\u0131 d\u00f6neme; din, devlet, g\u00fcndelik hayat gibi konularda \u0131\u015f\u0131k tutacak pek \u00e7ok eser b\u0131rak\u0131r. \u00d6zellikle 17. y\u00fczy\u0131l \u0130stanbul\u2019unu g\u00fcndelik hayat\u0131n i\u00e7inden g\u00f6zlemledi\u011fi ve tasvir etti\u011fi eseri \u0130stanbul Tarihi: XVII. As\u0131rda \u0130stanbul, okuyucuyu sahil boyunca kentin i\u00e7inde \u00e2deta dola\u015ft\u0131r\u0131r ve saraydan halka kadar pek \u00e7ok ya\u015fant\u0131ya dair bilgiyle donat\u0131r. D\u00f6nemin g\u00fcndelik hayat\u0131n\u0131 ak\u0131c\u0131 bir dille ve neredeyse do\u011frudan aktaran Eremya \u00c7elebi, \u00e7o\u011fu zaman \u00e7evresinden ele\u015ftiriler de al\u0131r. Yazd\u0131klar\u0131n\u0131n bir anlam\u0131 olmad\u0131\u011f\u0131n\u0131 dile getirenlere ra\u011fmen aktard\u0131klar\u0131; \u00f6zellikle \u0130stanbul\u2019un saray ve d\u0131\u015f\u0131ndaki g\u00fcndelik hayat\u0131n\u0131, sosyoekonomik ve sosyok\u00fclt\u00fcrel yap\u0131y\u0131, kentsel dokuyu, mimari yap\u0131lanmay\u0131 anlamaya ili\u015fkin \u00f6nemli bir yol g\u00f6stericidir. \u0130stanbul\u2019a (Bizantya\u2019ya) onun g\u00f6z\u00fcyle bak\u0131ld\u0131\u011f\u0131nda; t\u00fcm g\u00fcndelikli\u011fine ra\u011fmen kentin d\u00fcn\u00fc ve bug\u00fcn\u00fc aras\u0131nda bir k\u00f6pr\u00fc kurulur. \u00c7elebi; ya\u015fant\u0131y\u0131, topo\u011frafyay\u0131, k\u0131saca kenti tasvir ederken bir bak\u0131ma d\u00f6neme ili\u015fkin mek\u00e2nsal ve toplumsal belleklerde birikenleri kentin kendinden sonraki kullan\u0131c\u0131lar\u0131na aktarm\u0131\u015ft\u0131r.        Bu h\u00e2liyle ya\u015fad\u0131\u011f\u0131 an\u2019lar\u0131 g\u00f6zlemlemi\u015f, biriktirmi\u015f ve kaydetmi\u015ftir. Kente ve ya\u015fant\u0131ya ili\u015fkin bir g\u00fcnl\u00fck tutar gibi g\u00f6rd\u00fcklerini haf\u0131zas\u0131na ve notlar\u0131na kaz\u0131m\u0131\u015ft\u0131r. \u00d6yle ki baz\u0131 noktalarda \u0130stanbul\u2019da hanedan ya\u015fant\u0131s\u0131na ili\u015fkin yazd\u0131klar\u0131; saraya gelen yiyeceklerden, k\u0131ymetli e\u015fyalardan Yedikule\u2019de zindana at\u0131lanlara kadar titizlikle g\u00f6zlemlenmi\u015f detaylarla doludur. Bu ba\u011flamda, belki de kendi hayat\u0131n\u0131n d\u0131\u015f\u0131na \u00e7\u0131karak \u00e7evresini g\u00f6zlemlemeyi ba\u015farm\u0131\u015f, g\u00f6rd\u00fc\u011f\u00fcn\u00fc yaz\u0131yla kayda alm\u0131\u015f bir an\u0131 biriktiricisidir.\u201d    \u2012Mert Uslu Mimarl\u0131k, \u201c\u0130stanbul\u2019un Mezarlar\u0131 Yar\u0131\u015fmas\u0131 Eremya \u00c7elebi Sat\u0131n Alma \u00d6d\u00fcl\u00fc\u201d mimari a\u00e7\u0131klama metninden. <\/p>\n","protected":false},"excerpt":{"rendered":"<p>\u0130stanbul Tarihi: XVII. As\u0131rda \u0130stanbul, d\u00f6nemin se\u00e7kin edebiyat\u00e7\u0131 ve tarih\u00e7isi Eremya \u00c7elebi\u2019nin en \u00f6nemli eseridir. Yazar, eserini, zaman\u0131n me\u015fhur Ermeni \u00e2limlerinden Bitlis\u2019teki Ba\u015frahip Vardepet Vardan\u2019\u0131n iste\u011fi<span class=\"excerpt-hellip\"> [\u2026]<\/span><\/p>\n","protected":false},"featured_media":0,"template":"","meta":{"_monsterinsights_skip_tracking":false,"_monsterinsights_sitenote_active":false,"_monsterinsights_sitenote_note":"","_monsterinsights_sitenote_category":0},"product_brand":[],"product_cat":[12304],"product_tag":[],"class_list":{"0":"post-777392","1":"product","2":"type-product","3":"status-publish","5":"product_cat-tarih","6":"pa_cilt-ciltsiz","7":"pa_tur-kitap","8":"pa_yayinevi-bilge-kultur-sanat","9":"pa_yazar-eremya-celebi-komurcuyan","11":"first","12":"instock","13":"sale","14":"shipping-taxable","15":"purchasable","16":"product-type-simple"},"_links":{"self":[{"href":"https:\/\/roveyayinevi.com.tr\/index.php\/wp-json\/wp\/v2\/product\/777392","targetHints":{"allow":["GET"]}}],"collection":[{"href":"https:\/\/roveyayinevi.com.tr\/index.php\/wp-json\/wp\/v2\/product"}],"about":[{"href":"https:\/\/roveyayinevi.com.tr\/index.php\/wp-json\/wp\/v2\/types\/product"}],"wp:attachment":[{"href":"https:\/\/roveyayinevi.com.tr\/index.php\/wp-json\/wp\/v2\/media?parent=777392"}],"wp:term":[{"taxonomy":"product_brand","embeddable":true,"href":"https:\/\/roveyayinevi.com.tr\/index.php\/wp-json\/wp\/v2\/product_brand?post=777392"},{"taxonomy":"product_cat","embeddable":true,"href":"https:\/\/roveyayinevi.com.tr\/index.php\/wp-json\/wp\/v2\/product_cat?post=777392"},{"taxonomy":"product_tag","embeddable":true,"href":"https:\/\/roveyayinevi.com.tr\/index.php\/wp-json\/wp\/v2\/product_tag?post=777392"}],"curies":[{"name":"wp","href":"https:\/\/api.w.org\/{rel}","templated":true}]}}