{"id":777353,"date":"2025-10-14T11:47:46","date_gmt":"2025-10-14T08:47:46","guid":{"rendered":"https:\/\/roveyayinevi.com.tr\/index.php\/urun\/insan-isi-bir-yalnizlik\/"},"modified":"2025-10-16T20:12:10","modified_gmt":"2025-10-16T17:12:10","slug":"insan-isi-bir-yalnizlik","status":"publish","type":"product","link":"https:\/\/roveyayinevi.com.tr\/index.php\/urun\/insan-isi-bir-yalnizlik\/","title":{"rendered":"\u0130nsan \u0130\u015fi Bir Yaln\u0131zl\u0131k"},"content":{"rendered":"<p>\u201cSana tek bir \u015fey s\u00f6yleyece\u011fim, senin duygular\u0131n senin m\u00fclk\u00fcnd\u00fcr, onlara sahip \u00e7\u0131k ve onlarla y\u00fczle\u015fmekten korkma.\u201d \u00c7ocukluktan kalma bir su\u00e7luluk hissiyle b\u00fcy\u00fck bir hesapla\u015fman\u0131n kap\u0131s\u0131 aralan\u0131yor. Kimsesizli\u011fin ve i\u00e7ini kemiren sorular\u0131n a\u011f\u0131rl\u0131\u011f\u0131 alt\u0131nda ezilen anlat\u0131c\u0131, doktoruna her \u015feyi anlatmaya karar veriyor. Hastane odas\u0131nda ba\u015flayan bu yolculuk; kay\u0131p, y\u00fczle\u015fme, \u00e7ocukluk ve yak\u0131nla\u015fma arzusuyla \u00f6r\u00fcl\u00fc. Bir kanat sesinden, bir kap\u0131n\u0131n g\u0131c\u0131rt\u0131s\u0131ndan, mahalle insan\u0131ndan ba\u015flay\u0131p \u00fccra k\u00f6\u015felere iniyor. S\u00f6ylenmemi\u015f s\u00f6zler ve ya\u015fanamam\u0131\u015f a\u015fklara ra\u011fmen masumiyeti ve yazma arzusunu geri getiriyor. Daha \u00f6nce bir\u00e7ok \u015fiir kitab\u0131 yay\u0131mlanan Yasin Erol, \u0130nsan \u0130\u015fi Bir Yaln\u0131zl\u0131k adl\u0131 roman\u0131yla, okuruna, kendi duygular\u0131n\u0131 kabullenme ve onlarla bar\u0131\u015fma cesaretini veriyor. Yaln\u0131zl\u0131\u011f\u0131n i\u00e7inde filizlenen payla\u015fma iste\u011fini, kay\u0131plarla gelen dayan\u0131kl\u0131l\u0131\u011f\u0131, suskunluklar\u0131n ard\u0131ndaki umutlar\u0131 hat\u0131rlat\u0131yor.<\/p>\n","protected":false},"excerpt":{"rendered":"<p>\u201cSana tek bir \u015fey s\u00f6yleyece\u011fim, senin duygular\u0131n senin m\u00fclk\u00fcnd\u00fcr, onlara sahip \u00e7\u0131k ve onlarla y\u00fczle\u015fmekten korkma.\u201d \u00c7ocukluktan kalma bir su\u00e7luluk hissiyle b\u00fcy\u00fck bir hesapla\u015fman\u0131n kap\u0131s\u0131 aralan\u0131yor.<span class=\"excerpt-hellip\"> [\u2026]<\/span><\/p>\n","protected":false},"featured_media":0,"template":"","meta":{"_monsterinsights_skip_tracking":false,"_monsterinsights_sitenote_active":false,"_monsterinsights_sitenote_note":"","_monsterinsights_sitenote_category":0},"product_brand":[],"product_cat":[12291,12711],"product_tag":[],"class_list":{"0":"post-777353","1":"product","2":"type-product","3":"status-publish","5":"product_cat-edebiyat","6":"product_cat-roman-oyku","7":"pa_cilt-ciltsiz","8":"pa_tur-kitap","9":"pa_yayinevi-sia-kitap","10":"pa_yazar-yasin-erol","12":"first","13":"instock","14":"sale","15":"shipping-taxable","16":"purchasable","17":"product-type-simple"},"_links":{"self":[{"href":"https:\/\/roveyayinevi.com.tr\/index.php\/wp-json\/wp\/v2\/product\/777353","targetHints":{"allow":["GET"]}}],"collection":[{"href":"https:\/\/roveyayinevi.com.tr\/index.php\/wp-json\/wp\/v2\/product"}],"about":[{"href":"https:\/\/roveyayinevi.com.tr\/index.php\/wp-json\/wp\/v2\/types\/product"}],"wp:attachment":[{"href":"https:\/\/roveyayinevi.com.tr\/index.php\/wp-json\/wp\/v2\/media?parent=777353"}],"wp:term":[{"taxonomy":"product_brand","embeddable":true,"href":"https:\/\/roveyayinevi.com.tr\/index.php\/wp-json\/wp\/v2\/product_brand?post=777353"},{"taxonomy":"product_cat","embeddable":true,"href":"https:\/\/roveyayinevi.com.tr\/index.php\/wp-json\/wp\/v2\/product_cat?post=777353"},{"taxonomy":"product_tag","embeddable":true,"href":"https:\/\/roveyayinevi.com.tr\/index.php\/wp-json\/wp\/v2\/product_tag?post=777353"}],"curies":[{"name":"wp","href":"https:\/\/api.w.org\/{rel}","templated":true}]}}