{"id":777340,"date":"2025-10-14T11:47:23","date_gmt":"2025-10-14T08:47:23","guid":{"rendered":"https:\/\/roveyayinevi.com.tr\/index.php\/urun\/gokyuzu-bilgeliginde-kisisel-kesif-rehber\/"},"modified":"2026-04-07T03:36:26","modified_gmt":"2026-04-07T00:36:26","slug":"gokyuzu-bilgeliginde-kisisel-kesif-rehber","status":"publish","type":"product","link":"https:\/\/roveyayinevi.com.tr\/index.php\/urun\/gokyuzu-bilgeliginde-kisisel-kesif-rehber\/","title":{"rendered":"G\u00f6ky\u00fcz\u00fc Bilgeli\u011finde Ki\u015fisel Ke\u015fif Rehber"},"content":{"rendered":"<p>G\u00fclden Saba Dermenci, 1983 y\u0131l\u0131nda \u0130zmir\u2019de do\u011fdu ve \u0130zmir\u2019de ya\u015famakta. Bir \u00e7ocuk annesiolan G\u00fclden Saba E\u011fitim alan\u0131ndaki uzun y\u0131llar\u0131n ard\u0131ndan astrolojide derinle\u015ferek dan\u0131\u015fmanl\u0131k,astroloji e\u011fitimleri, sosyal fark\u0131ndal\u0131k \u00e7al\u0131\u015fmalar\u0131yla ruhsal fark\u0131ndal\u0131k alan\u0131nda hizmet vermeyeba\u015flad\u0131. G\u00f6ky\u00fcz\u00fc ilmini, astrolojik bilgileri g\u00fcn\u00fcm\u00fcz diline aktarmay\u0131 ama\u00e7layan yazar, bu ilk kitab\u0131ndaokuyucuya hem teknik hem de i\u00e7sel bir ke\u015fif sunmaktad\u0131r.<\/p>\n","protected":false},"excerpt":{"rendered":"<p>G\u00fclden Saba Dermenci, 1983 y\u0131l\u0131nda \u0130zmir\u2019de do\u011fdu ve \u0130zmir\u2019de ya\u015famakta. Bir \u00e7ocuk annesiolan G\u00fclden Saba E\u011fitim alan\u0131ndaki uzun y\u0131llar\u0131n ard\u0131ndan astrolojide derinle\u015ferek dan\u0131\u015fmanl\u0131k,astroloji e\u011fitimleri, sosyal fark\u0131ndal\u0131k<span class=\"excerpt-hellip\"> [\u2026]<\/span><\/p>\n","protected":false},"featured_media":0,"template":"","meta":{"_monsterinsights_skip_tracking":false,"_monsterinsights_sitenote_active":false,"_monsterinsights_sitenote_note":"","_monsterinsights_sitenote_category":0},"product_brand":[],"product_cat":[12364,12376],"product_tag":[],"class_list":{"0":"post-777340","1":"product","2":"type-product","3":"status-publish","5":"product_cat-genel-konular","6":"product_cat-kisisel-gelisim","7":"pa_cilt-ciltsiz","8":"pa_tur-kitap","9":"pa_yayinevi-vaveyla-yayincilik","10":"pa_yazar-gulden-saba-dermenci","12":"first","13":"instock","14":"sale","15":"shipping-taxable","16":"purchasable","17":"product-type-simple"},"_links":{"self":[{"href":"https:\/\/roveyayinevi.com.tr\/index.php\/wp-json\/wp\/v2\/product\/777340","targetHints":{"allow":["GET"]}}],"collection":[{"href":"https:\/\/roveyayinevi.com.tr\/index.php\/wp-json\/wp\/v2\/product"}],"about":[{"href":"https:\/\/roveyayinevi.com.tr\/index.php\/wp-json\/wp\/v2\/types\/product"}],"wp:attachment":[{"href":"https:\/\/roveyayinevi.com.tr\/index.php\/wp-json\/wp\/v2\/media?parent=777340"}],"wp:term":[{"taxonomy":"product_brand","embeddable":true,"href":"https:\/\/roveyayinevi.com.tr\/index.php\/wp-json\/wp\/v2\/product_brand?post=777340"},{"taxonomy":"product_cat","embeddable":true,"href":"https:\/\/roveyayinevi.com.tr\/index.php\/wp-json\/wp\/v2\/product_cat?post=777340"},{"taxonomy":"product_tag","embeddable":true,"href":"https:\/\/roveyayinevi.com.tr\/index.php\/wp-json\/wp\/v2\/product_tag?post=777340"}],"curies":[{"name":"wp","href":"https:\/\/api.w.org\/{rel}","templated":true}]}}