{"id":777327,"date":"2025-10-14T10:55:37","date_gmt":"2025-10-14T07:55:37","guid":{"rendered":"https:\/\/roveyayinevi.com.tr\/index.php\/urun\/milli-istihbarat-teskilati\/"},"modified":"2026-04-15T03:33:34","modified_gmt":"2026-04-15T00:33:34","slug":"milli-istihbarat-teskilati","status":"publish","type":"product","link":"https:\/\/roveyayinevi.com.tr\/index.php\/urun\/milli-istihbarat-teskilati\/","title":{"rendered":"Milli \u0130stihbarat Te\u015fkilat\u0131"},"content":{"rendered":"<p>Demokratik \u00fclkelerde istihbarat servisleri, toplumun g\u00fcven ortam\u0131 i\u00e7erisinde ya\u015famas\u0131n\u0131 sa\u011flayan, devletin ve toplumun \u00e7\u0131karlar\u0131n\u0131 korumaya y\u00f6nelik bilgileri toplay\u0131p analiz ederek karar al\u0131c\u0131lara sunan ve ulusal g\u00fcvenli\u011fe kar\u015f\u0131 tehditleri a\u00e7\u0131k ve \u00f6rt\u00fcl\u00fc faaliyetlerle bertaraf eden hayati \u00f6nemdeki organizasyonlard\u0131r. G\u00fc\u00e7l\u00fc bir istihbarat servisi yaratman\u0131n ilk ad\u0131m\u0131, istihbarat servinin g\u00fcc\u00fcn\u00fc hukuk ile kontrol alt\u0131na almakt\u0131r. G\u00f6rev alan\u0131, yetkileri ve g\u00fcc\u00fc hukuk ile kontrol alt\u0131nda tutulmayan istihbarat servisleri, Devletin g\u00fcvenlik sekt\u00f6r\u00fcnden almay\u0131 bekledi\u011fi fayday\u0131 Devlete veremezler. Anayasan\u0131n 125. maddesinde h\u00fck\u00fcm alt\u0131na al\u0131nd\u0131\u011f\u0131na g\u00f6re idarenin her t\u00fcrl\u00fc i\u015flemine kar\u015f\u0131 yarg\u0131 yolu a\u00e7\u0131kt\u0131r. \u0130stihbarat faaliyetleri her ne kadar do\u011fas\u0131 gere\u011fi gizli y\u00fcr\u00fct\u00fclen faaliyetler olsa da milli g\u00fcvenlik a\u00e7\u0131s\u0131ndan hayati \u00f6nemdeki faaliyetler olsa da bu durum istihbarat servislerinin hukuk kar\u015f\u0131s\u0131nda di\u011fer devlet kurumlar\u0131ndan daha fazla koruma g\u00f6rmesine sebep olmamal\u0131d\u0131r. Bu \u00e7al\u0131\u015fman\u0131n amac\u0131 Mill\u00ee \u0130stihbarat Te\u015fkil\u00e2t\u0131 \u00f6zelinde T\u00fcrkiye&#8217;deki istihbarat sisteminin yap\u0131sal sorunlar\u0131n\u0131n hukuk ile olan ba\u011flant\u0131s\u0131n\u0131 neden-sonu\u00e7 ili\u015fkisi i\u00e7erisinde ortaya koymakt\u0131r. \u00c7\u00fcnk\u00fc, istihbarat servislerinin hukuku g\u00f6z ard\u0131 ederek yaln\u0131zca devletin g\u00fcvenlik sekt\u00f6r\u00fcnden beklentisi olan birey ve toplum g\u00fcvenli\u011fine odaklanmalar\u0131, en nihayetinde servisi kendisinden beklenen fayday\u0131 devlete ve bireylere veremeyecek noktaya s\u00fcr\u00fckleyecektir.  Kitapta yer alan ve T\u00fcrkiye&#8217;deki siyasi s\u00fcre\u00e7lerle birlikte incelenen \u00f6rnek vakalar ile g\u00f6r\u00fclecektir ki, istihbarat hukuku alan\u0131ndaki eksiklikler bir milli g\u00fcvenlik sorunudur. Bu hipotezden yola \u00e7\u0131karak ara\u015ft\u0131rmada g\u00fcvenlik ve hukuk aras\u0131ndaki dengenin do\u011fru bir \u015fekilde kurularak servisten beklenen faydan\u0131n nas\u0131l azami d\u00fczeyde al\u0131nabilece\u011fi, istihbarat servislerinin denetiminin \u00f6nemi ve nas\u0131l denetlenmesi gerekti\u011fi, istihbarat servislerinin denetlenmesinde yasama-y\u00fcr\u00fctme-yarg\u0131 erklerinin g\u00f6revleri ve istihbarat hukuku \u00e7al\u0131\u015fmalar\u0131yla servisin yap\u0131sal sorunlar\u0131n\u0131n nas\u0131l \u00e7\u00f6z\u00fclebilece\u011fi ortaya konulmaya \u00e7al\u0131\u015f\u0131lm\u0131\u015ft\u0131r. <\/p>\n","protected":false},"excerpt":{"rendered":"<p>Demokratik \u00fclkelerde istihbarat servisleri, toplumun g\u00fcven ortam\u0131 i\u00e7erisinde ya\u015famas\u0131n\u0131 sa\u011flayan, devletin ve toplumun \u00e7\u0131karlar\u0131n\u0131 korumaya y\u00f6nelik bilgileri toplay\u0131p analiz ederek karar al\u0131c\u0131lara sunan ve ulusal g\u00fcvenli\u011fe<span class=\"excerpt-hellip\"> [\u2026]<\/span><\/p>\n","protected":false},"featured_media":0,"template":"","meta":{"_monsterinsights_skip_tracking":false,"_monsterinsights_sitenote_active":false,"_monsterinsights_sitenote_note":"","_monsterinsights_sitenote_category":0},"product_brand":[],"product_cat":[15350],"product_tag":[],"class_list":{"0":"post-777327","1":"product","2":"type-product","3":"status-publish","5":"product_cat-hukuk","6":"pa_cilt-ciltsiz","7":"pa_tur-kitap","8":"pa_yayinevi-berikan-yayinlari","9":"pa_yazar-mahmut-nedim","11":"first","12":"instock","13":"sale","14":"shipping-taxable","15":"purchasable","16":"product-type-simple"},"_links":{"self":[{"href":"https:\/\/roveyayinevi.com.tr\/index.php\/wp-json\/wp\/v2\/product\/777327","targetHints":{"allow":["GET"]}}],"collection":[{"href":"https:\/\/roveyayinevi.com.tr\/index.php\/wp-json\/wp\/v2\/product"}],"about":[{"href":"https:\/\/roveyayinevi.com.tr\/index.php\/wp-json\/wp\/v2\/types\/product"}],"wp:attachment":[{"href":"https:\/\/roveyayinevi.com.tr\/index.php\/wp-json\/wp\/v2\/media?parent=777327"}],"wp:term":[{"taxonomy":"product_brand","embeddable":true,"href":"https:\/\/roveyayinevi.com.tr\/index.php\/wp-json\/wp\/v2\/product_brand?post=777327"},{"taxonomy":"product_cat","embeddable":true,"href":"https:\/\/roveyayinevi.com.tr\/index.php\/wp-json\/wp\/v2\/product_cat?post=777327"},{"taxonomy":"product_tag","embeddable":true,"href":"https:\/\/roveyayinevi.com.tr\/index.php\/wp-json\/wp\/v2\/product_tag?post=777327"}],"curies":[{"name":"wp","href":"https:\/\/api.w.org\/{rel}","templated":true}]}}