{"id":777311,"date":"2025-10-14T06:12:05","date_gmt":"2025-10-14T03:12:05","guid":{"rendered":"https:\/\/roveyayinevi.com.tr\/index.php\/urun\/ataturk-ilkeleri-ve-inkilap-tarihi-3\/"},"modified":"2026-04-16T02:34:46","modified_gmt":"2026-04-15T23:34:46","slug":"ataturk-ilkeleri-ve-inkilap-tarihi-3","status":"publish","type":"product","link":"https:\/\/roveyayinevi.com.tr\/index.php\/urun\/ataturk-ilkeleri-ve-inkilap-tarihi-3\/","title":{"rendered":"Atat\u00fcrk \u0130lkeleri Ve \u0130nkilap Tarihi"},"content":{"rendered":"<p>Osmanl\u0131 Devleti\u2019nin y\u0131k\u0131lmas\u0131 ile aziz milletimizin ya\u015fad\u0131\u011f\u0131 co\u011frafyalar genelinde T\u00fcrkiye Devleti\u2019nin in\u015fas\u0131 i\u00e7in canla ba\u015fla m\u00fccadele edilmi\u015f ve nihayet k\u0131ymetli vatan topraklar\u0131m\u0131zda \u00fclkemiz kurtar\u0131l\u0131p kurulabilmi\u015ftir. T\u00fcrk Milleti\u2019nin bir ferdi olan t\u00fcm gen\u00e7lerimiz taraf\u0131ndan t\u00fcm tarihsel s\u00fcrecimizin okunmas\u0131 gerekti\u011fi kadar Milli M\u00fccadele D\u00f6nemi s\u0131k\u0131nt\u0131lar\u0131n\u0131n ve T\u00fcrkiye Cumhuriyeti Devleti\u2019nin hangi zorlu \u015fartlar alt\u0131nda kuruldu\u011funun hakk\u0131yla \u00f6\u011frenilmesi ve k\u0131ymetinin bilinmesi bir bor\u00e7 niteli\u011findedir. Bu noktada ba\u015fta Gazi Mustafa Kemal Atat\u00fcrk ve silah arkada\u015flar\u0131 ve gelmi\u015f ge\u00e7mi\u015f t\u00fcm \u015f\u00fchedan\u0131n ruhlar\u0131n\u0131n \u015fad olmas\u0131 temennisiyle\u2026<\/p>\n","protected":false},"excerpt":{"rendered":"<p>Osmanl\u0131 Devleti\u2019nin y\u0131k\u0131lmas\u0131 ile aziz milletimizin ya\u015fad\u0131\u011f\u0131 co\u011frafyalar genelinde T\u00fcrkiye Devleti\u2019nin in\u015fas\u0131 i\u00e7in canla ba\u015fla m\u00fccadele edilmi\u015f ve nihayet k\u0131ymetli vatan topraklar\u0131m\u0131zda \u00fclkemiz kurtar\u0131l\u0131p kurulabilmi\u015ftir. T\u00fcrk<span class=\"excerpt-hellip\"> [\u2026]<\/span><\/p>\n","protected":false},"featured_media":0,"template":"","meta":{"_monsterinsights_skip_tracking":false,"_monsterinsights_sitenote_active":false,"_monsterinsights_sitenote_note":"","_monsterinsights_sitenote_category":0},"product_brand":[],"product_cat":[12312,12304],"product_tag":[],"class_list":{"0":"post-777311","1":"product","2":"type-product","3":"status-publish","5":"product_cat-diger","6":"product_cat-tarih","7":"pa_cilt-ciltsiz","8":"pa_tur-kitap","9":"pa_yayinevi-berikan-yayinlari","10":"pa_yazar-emine-asci","12":"first","13":"instock","14":"sale","15":"shipping-taxable","16":"purchasable","17":"product-type-simple"},"_links":{"self":[{"href":"https:\/\/roveyayinevi.com.tr\/index.php\/wp-json\/wp\/v2\/product\/777311","targetHints":{"allow":["GET"]}}],"collection":[{"href":"https:\/\/roveyayinevi.com.tr\/index.php\/wp-json\/wp\/v2\/product"}],"about":[{"href":"https:\/\/roveyayinevi.com.tr\/index.php\/wp-json\/wp\/v2\/types\/product"}],"wp:attachment":[{"href":"https:\/\/roveyayinevi.com.tr\/index.php\/wp-json\/wp\/v2\/media?parent=777311"}],"wp:term":[{"taxonomy":"product_brand","embeddable":true,"href":"https:\/\/roveyayinevi.com.tr\/index.php\/wp-json\/wp\/v2\/product_brand?post=777311"},{"taxonomy":"product_cat","embeddable":true,"href":"https:\/\/roveyayinevi.com.tr\/index.php\/wp-json\/wp\/v2\/product_cat?post=777311"},{"taxonomy":"product_tag","embeddable":true,"href":"https:\/\/roveyayinevi.com.tr\/index.php\/wp-json\/wp\/v2\/product_tag?post=777311"}],"curies":[{"name":"wp","href":"https:\/\/api.w.org\/{rel}","templated":true}]}}