{"id":777299,"date":"2025-10-14T02:47:59","date_gmt":"2025-10-13T23:47:59","guid":{"rendered":"https:\/\/roveyayinevi.com.tr\/index.php\/urun\/samanizm-ve-eski-turk-dini\/"},"modified":"2025-12-30T09:46:25","modified_gmt":"2025-12-30T06:46:25","slug":"samanizm-ve-eski-turk-dini","status":"publish","type":"product","link":"https:\/\/roveyayinevi.com.tr\/index.php\/urun\/samanizm-ve-eski-turk-dini\/","title":{"rendered":"\u015eamanizm ve Eski T\u00fcrk Dini"},"content":{"rendered":"<p>\u00d6zellikle T\u00fcrkiye\u2019de y\u0131llar s\u00fcren bir tart\u0131\u015fma s\u00f6z konusudur. Eski T\u00fcrk inanc\u0131 \u015eamanizm mi, yoksa de\u011fil mi? Biz eski T\u00fcrk dini ve \u015eamanizm hususunda \u00e7ok b\u00fcy\u00fck iddialarda bulunmayaca\u011f\u0131z. Ancak \u015eamanizm ile eski T\u00fcrk itikad\u0131n\u0131n kesinlikle birbirinden ayr\u0131 \u015feyler oldu\u011funu g\u00f6stermeye \u00e7al\u0131\u015faca\u011f\u0131z. Yani eski T\u00fcrklerin dininin bug\u00fcnk\u00fc ge\u00e7 Sibirya \u015eamanizm\u2019iyle hi\u00e7bir alakas\u0131 yoktu. Belki de bu deneme birtak\u0131m ara\u015ft\u0131rmac\u0131 taraf\u0131ndan yeterli say\u0131lmayabilir. D\u00fcnyada bug\u00fcn \u015eamanizm \u00fczerine yap\u0131lan incelemelerin bibliyografyas\u0131n\u0131 bile toplasayd\u0131k, onlarca cilt olurdu. H\u00e2l\u00e2 da d\u00fcnyan\u0131n \u015furas\u0131nda veya buras\u0131nda, her g\u00fcn bu konuda bir \u015feyler yaz\u0131lmakta ve s\u00f6ylenmektedir. \ufffcTan\u0131t\u0131m Metni<\/p>\n","protected":false},"excerpt":{"rendered":"<p>\u00d6zellikle T\u00fcrkiye\u2019de y\u0131llar s\u00fcren bir tart\u0131\u015fma s\u00f6z konusudur. Eski T\u00fcrk inanc\u0131 \u015eamanizm mi, yoksa de\u011fil mi? Biz eski T\u00fcrk dini ve \u015eamanizm hususunda \u00e7ok b\u00fcy\u00fck iddialarda<span class=\"excerpt-hellip\"> [\u2026]<\/span><\/p>\n","protected":false},"featured_media":0,"template":"","meta":{"_monsterinsights_skip_tracking":false,"_monsterinsights_sitenote_active":false,"_monsterinsights_sitenote_note":"","_monsterinsights_sitenote_category":0},"product_brand":[],"product_cat":[13036,12718,12719],"product_tag":[],"class_list":{"0":"post-777299","1":"product","2":"type-product","3":"status-publish","5":"product_cat-arastirma-inceleme-islam","6":"product_cat-din","7":"product_cat-islam","8":"pa_tur-kitap","9":"pa_yayinevi-berikan-yayinlari","10":"pa_yazar-saadettin-yagmur-gomec","12":"first","13":"instock","14":"sale","15":"shipping-taxable","16":"purchasable","17":"product-type-simple"},"_links":{"self":[{"href":"https:\/\/roveyayinevi.com.tr\/index.php\/wp-json\/wp\/v2\/product\/777299","targetHints":{"allow":["GET"]}}],"collection":[{"href":"https:\/\/roveyayinevi.com.tr\/index.php\/wp-json\/wp\/v2\/product"}],"about":[{"href":"https:\/\/roveyayinevi.com.tr\/index.php\/wp-json\/wp\/v2\/types\/product"}],"wp:attachment":[{"href":"https:\/\/roveyayinevi.com.tr\/index.php\/wp-json\/wp\/v2\/media?parent=777299"}],"wp:term":[{"taxonomy":"product_brand","embeddable":true,"href":"https:\/\/roveyayinevi.com.tr\/index.php\/wp-json\/wp\/v2\/product_brand?post=777299"},{"taxonomy":"product_cat","embeddable":true,"href":"https:\/\/roveyayinevi.com.tr\/index.php\/wp-json\/wp\/v2\/product_cat?post=777299"},{"taxonomy":"product_tag","embeddable":true,"href":"https:\/\/roveyayinevi.com.tr\/index.php\/wp-json\/wp\/v2\/product_tag?post=777299"}],"curies":[{"name":"wp","href":"https:\/\/api.w.org\/{rel}","templated":true}]}}