{"id":777294,"date":"2025-10-14T02:07:50","date_gmt":"2025-10-13T23:07:50","guid":{"rendered":"https:\/\/roveyayinevi.com.tr\/index.php\/urun\/arkadaslar-arasinda-bir-genc-kizin-gizli-defteri-2\/"},"modified":"2026-03-23T01:59:21","modified_gmt":"2026-03-22T22:59:21","slug":"arkadaslar-arasinda-bir-genc-kizin-gizli-defteri-2","status":"publish","type":"product","link":"https:\/\/roveyayinevi.com.tr\/index.php\/urun\/arkadaslar-arasinda-bir-genc-kizin-gizli-defteri-2\/","title":{"rendered":"Arkada\u015flar Aras\u0131nda &#8211; Bir Gen\u00e7 K\u0131z\u0131n Gizli Defteri 2"},"content":{"rendered":"<p>E\u011fer sevin\u00e7lerimizi i\u00e7imizde hasret olmadan payla\u015fabiliyorsak, dertlerimizi gizlice sevinmeden b\u00f6l\u00fc\u015febiliyorsak, k\u00f6t\u00fc ki\u015fi olmay\u0131 g\u00f6ze alarak birbirimize do\u011fruyu s\u00f6yleyebiliyorsak, b\u00f6ylece birbirimizi yanl\u0131\u015flardan koruyabiliyorsak, samimiyetle sayg\u0131n\u0131n ince \u00e7izgisini \u00e7izebiliyorsak, birbirimizi yarg\u0131lamadan oldu\u011fumuz gibi kabullenebiliyorsak, d\u00fcnyalara bedel bir dostlu\u011fa sahibiz demektir.Ald\u0131\u011f\u0131m\u0131z kadar verdi\u011fimiz b\u00f6ylesi bir dostluk, \u00e7ocukluktan \u00f6l\u00fcme dek insano\u011flunun edinebilece\u011fi en b\u00fcy\u00fck zenginlik,ki\u015finin kendine verebilece\u011fi en b\u00fcy\u00fck arma\u011fand\u0131r! <\/p>\n","protected":false},"excerpt":{"rendered":"<p>E\u011fer sevin\u00e7lerimizi i\u00e7imizde hasret olmadan payla\u015fabiliyorsak, dertlerimizi gizlice sevinmeden b\u00f6l\u00fc\u015febiliyorsak, k\u00f6t\u00fc ki\u015fi olmay\u0131 g\u00f6ze alarak birbirimize do\u011fruyu s\u00f6yleyebiliyorsak, b\u00f6ylece birbirimizi yanl\u0131\u015flardan koruyabiliyorsak, samimiyetle sayg\u0131n\u0131n ince \u00e7izgisini<span class=\"excerpt-hellip\"> [\u2026]<\/span><\/p>\n","protected":false},"featured_media":0,"template":"","meta":{"_monsterinsights_skip_tracking":false,"_monsterinsights_sitenote_active":false,"_monsterinsights_sitenote_note":"","_monsterinsights_sitenote_category":0},"product_brand":[],"product_cat":[12275,12274],"product_tag":[],"class_list":{"0":"post-777294","1":"product","2":"type-product","3":"status-publish","5":"product_cat-6-12-yas-kitaplari","6":"product_cat-cocuk-ve-genclik-kitaplari","7":"pa_cilt-ciltsiz","8":"pa_tur-kitap","9":"pa_yayinevi-artemis-yayinlari","10":"pa_yazar-ipek-ongun","12":"first","13":"instock","14":"sale","15":"shipping-taxable","16":"purchasable","17":"product-type-simple"},"_links":{"self":[{"href":"https:\/\/roveyayinevi.com.tr\/index.php\/wp-json\/wp\/v2\/product\/777294","targetHints":{"allow":["GET"]}}],"collection":[{"href":"https:\/\/roveyayinevi.com.tr\/index.php\/wp-json\/wp\/v2\/product"}],"about":[{"href":"https:\/\/roveyayinevi.com.tr\/index.php\/wp-json\/wp\/v2\/types\/product"}],"wp:attachment":[{"href":"https:\/\/roveyayinevi.com.tr\/index.php\/wp-json\/wp\/v2\/media?parent=777294"}],"wp:term":[{"taxonomy":"product_brand","embeddable":true,"href":"https:\/\/roveyayinevi.com.tr\/index.php\/wp-json\/wp\/v2\/product_brand?post=777294"},{"taxonomy":"product_cat","embeddable":true,"href":"https:\/\/roveyayinevi.com.tr\/index.php\/wp-json\/wp\/v2\/product_cat?post=777294"},{"taxonomy":"product_tag","embeddable":true,"href":"https:\/\/roveyayinevi.com.tr\/index.php\/wp-json\/wp\/v2\/product_tag?post=777294"}],"curies":[{"name":"wp","href":"https:\/\/api.w.org\/{rel}","templated":true}]}}