{"id":777259,"date":"2025-10-12T11:40:37","date_gmt":"2025-10-12T08:40:37","guid":{"rendered":"https:\/\/roveyayinevi.com.tr\/index.php\/urun\/disney-karlar-ulkesi-gercek-hazine\/"},"modified":"2026-04-15T03:43:12","modified_gmt":"2026-04-15T00:43:12","slug":"disney-karlar-ulkesi-gercek-hazine","status":"publish","type":"product","link":"https:\/\/roveyayinevi.com.tr\/index.php\/urun\/disney-karlar-ulkesi-gercek-hazine\/","title":{"rendered":"Disney Karlar \u00dclkesi &#8211; Ger\u00e7ek Hazine"},"content":{"rendered":"<p>Karlar \u00dclkesi 2 \u00f6ncesinde ya\u015fananlar\u0131 ke\u015ffetmeye haz\u0131rlan! Sevgili Kral Agnarr ve Krali\u00e7e Iduna i\u00e7in d\u00fczenlenen anma etkinlikleri s\u0131ras\u0131nda Elsa ve Anna ebeveynlerinin e\u015fyalar\u0131yla dolu bir kutu buluyorlar. Kutunun i\u00e7inden, Krali\u00e7e Iduna\u2019n\u0131n d\u00fczenledi\u011fi hazine av\u0131 oyunu da \u00e7\u0131k\u0131yor. \u0130ki k\u0131z karde\u015f bu kutuyla \u00e7ocukluk an\u0131lar\u0131na d\u00f6n\u00fcyorlar. Anneleriyle yeni ve farkl\u0131 bir deneyim ya\u015fam \u015fans\u0131na kavu\u015fan Elsa ve Anna heyecanla oyunu oynamaya ba\u015fl\u0131yorlar. Ama oyundaki \u015fifreleri \u00e7\u00f6zmek i\u00e7in ge\u00e7mi\u015fte kalsa da unutulmayan zamanlar\u0131n maceralar\u0131na tekrar bakmalar\u0131 gerekiyor\u2026<\/p>\n","protected":false},"excerpt":{"rendered":"<p>Karlar \u00dclkesi 2 \u00f6ncesinde ya\u015fananlar\u0131 ke\u015ffetmeye haz\u0131rlan! Sevgili Kral Agnarr ve Krali\u00e7e Iduna i\u00e7in d\u00fczenlenen anma etkinlikleri s\u0131ras\u0131nda Elsa ve Anna ebeveynlerinin e\u015fyalar\u0131yla dolu bir kutu<span class=\"excerpt-hellip\"> [\u2026]<\/span><\/p>\n","protected":false},"featured_media":0,"template":"","meta":{"_monsterinsights_skip_tracking":false,"_monsterinsights_sitenote_active":false,"_monsterinsights_sitenote_note":"","_monsterinsights_sitenote_category":0},"product_brand":[],"product_cat":[12689,12274],"product_tag":[],"class_list":{"0":"post-777259","1":"product","2":"type-product","3":"status-publish","5":"product_cat-cizgi-roman-cocuk-ve-genclik-kitaplari","6":"product_cat-cocuk-ve-genclik-kitaplari","7":"pa_cilt-ciltsiz","8":"pa_tur-kitap","9":"pa_yayinevi-beta-kids","10":"pa_yazar-joe-caramagna","12":"first","13":"instock","14":"sale","15":"shipping-taxable","16":"purchasable","17":"product-type-simple"},"_links":{"self":[{"href":"https:\/\/roveyayinevi.com.tr\/index.php\/wp-json\/wp\/v2\/product\/777259","targetHints":{"allow":["GET"]}}],"collection":[{"href":"https:\/\/roveyayinevi.com.tr\/index.php\/wp-json\/wp\/v2\/product"}],"about":[{"href":"https:\/\/roveyayinevi.com.tr\/index.php\/wp-json\/wp\/v2\/types\/product"}],"wp:attachment":[{"href":"https:\/\/roveyayinevi.com.tr\/index.php\/wp-json\/wp\/v2\/media?parent=777259"}],"wp:term":[{"taxonomy":"product_brand","embeddable":true,"href":"https:\/\/roveyayinevi.com.tr\/index.php\/wp-json\/wp\/v2\/product_brand?post=777259"},{"taxonomy":"product_cat","embeddable":true,"href":"https:\/\/roveyayinevi.com.tr\/index.php\/wp-json\/wp\/v2\/product_cat?post=777259"},{"taxonomy":"product_tag","embeddable":true,"href":"https:\/\/roveyayinevi.com.tr\/index.php\/wp-json\/wp\/v2\/product_tag?post=777259"}],"curies":[{"name":"wp","href":"https:\/\/api.w.org\/{rel}","templated":true}]}}