{"id":777257,"date":"2025-10-12T11:40:33","date_gmt":"2025-10-12T08:40:33","guid":{"rendered":"https:\/\/roveyayinevi.com.tr\/index.php\/urun\/disney-pixar-arabalar-cizgi-roman\/"},"modified":"2026-04-15T03:43:12","modified_gmt":"2026-04-15T00:43:12","slug":"disney-pixar-arabalar-cizgi-roman","status":"publish","type":"product","link":"https:\/\/roveyayinevi.com.tr\/index.php\/urun\/disney-pixar-arabalar-cizgi-roman\/","title":{"rendered":"Disney Pixar Arabalar &#8211; \u00c7izgi Roman"},"content":{"rendered":"<p>Ba\u015far\u0131l\u0131 \u00e7aylak \u015eim\u015fek McQueen, kariyerinin en b\u00fcy\u00fck yar\u0131\u015f\u0131 i\u00e7in Kaliforniya\u2019ya giderken kendini beklenmedik bir \u015fekilde 66. otoban \u00fczerinde, haritada g\u00f6sterilmeyen bir kasabada buluyor. Tekrar yola koyulmaktan ba\u015fka bir \u015fey d\u00fc\u015f\u00fcnmezken tan\u0131\u015ft\u0131\u011f\u0131 s\u0131ra d\u0131\u015f\u0131 karakterler sayesinde, hayatta kupa kazanmaktan daha \u00f6nemli \u015feyler oldu\u011funu ke\u015ffediyor.   Disney Pixar Arabalar filminin s\u00fcper haval\u0131 karakterleriyle sen de \u00e7ok sevdi\u011fin filmin heyecan dolu \u00f6yk\u00fcs\u00fcne ortak olacaks\u0131n!<\/p>\n","protected":false},"excerpt":{"rendered":"<p>Ba\u015far\u0131l\u0131 \u00e7aylak \u015eim\u015fek McQueen, kariyerinin en b\u00fcy\u00fck yar\u0131\u015f\u0131 i\u00e7in Kaliforniya\u2019ya giderken kendini beklenmedik bir \u015fekilde 66. otoban \u00fczerinde, haritada g\u00f6sterilmeyen bir kasabada buluyor. Tekrar yola koyulmaktan<span class=\"excerpt-hellip\"> [\u2026]<\/span><\/p>\n","protected":false},"featured_media":0,"template":"","meta":{"_monsterinsights_skip_tracking":false,"_monsterinsights_sitenote_active":false,"_monsterinsights_sitenote_note":"","_monsterinsights_sitenote_category":0},"product_brand":[],"product_cat":[12689,12274],"product_tag":[],"class_list":{"0":"post-777257","1":"product","2":"type-product","3":"status-publish","5":"product_cat-cizgi-roman-cocuk-ve-genclik-kitaplari","6":"product_cat-cocuk-ve-genclik-kitaplari","7":"pa_cilt-ciltsiz","8":"pa_tur-kitap","9":"pa_yayinevi-beta-kids","10":"pa_yazar-beta-kids-kolektif","12":"first","13":"instock","14":"sale","15":"shipping-taxable","16":"purchasable","17":"product-type-simple"},"_links":{"self":[{"href":"https:\/\/roveyayinevi.com.tr\/index.php\/wp-json\/wp\/v2\/product\/777257","targetHints":{"allow":["GET"]}}],"collection":[{"href":"https:\/\/roveyayinevi.com.tr\/index.php\/wp-json\/wp\/v2\/product"}],"about":[{"href":"https:\/\/roveyayinevi.com.tr\/index.php\/wp-json\/wp\/v2\/types\/product"}],"wp:attachment":[{"href":"https:\/\/roveyayinevi.com.tr\/index.php\/wp-json\/wp\/v2\/media?parent=777257"}],"wp:term":[{"taxonomy":"product_brand","embeddable":true,"href":"https:\/\/roveyayinevi.com.tr\/index.php\/wp-json\/wp\/v2\/product_brand?post=777257"},{"taxonomy":"product_cat","embeddable":true,"href":"https:\/\/roveyayinevi.com.tr\/index.php\/wp-json\/wp\/v2\/product_cat?post=777257"},{"taxonomy":"product_tag","embeddable":true,"href":"https:\/\/roveyayinevi.com.tr\/index.php\/wp-json\/wp\/v2\/product_tag?post=777257"}],"curies":[{"name":"wp","href":"https:\/\/api.w.org\/{rel}","templated":true}]}}