{"id":777236,"date":"2025-10-12T11:39:28","date_gmt":"2025-10-12T08:39:28","guid":{"rendered":"https:\/\/roveyayinevi.com.tr\/index.php\/urun\/akame-keser-9\/"},"modified":"2026-04-15T03:43:08","modified_gmt":"2026-04-15T00:43:08","slug":"akame-keser-9","status":"publish","type":"product","link":"https:\/\/roveyayinevi.com.tr\/index.php\/urun\/akame-keser-9\/","title":{"rendered":"Akame, Keser 9"},"content":{"rendered":"<p>GECE AKINCILARI FARKLI DUYGULARLA KATEDRALE DO\u011eRU YOL ALIR.   NAJENDA, \u00d6L\u00dcM KALIM SAVA\u015eINA HAZIRLANIRKEN M\u0130NE, TATSUM\u0130\u2019YE OLAN   H\u0130SLER\u0130N\u0130 FARK EDER. \u0130MPARATORLUK\u2019UN EN G\u00dc\u00c7L\u00dcS\u00dc ESDEATH\u2019E KAR\u015eI   VER\u0130LEN M\u00dcCADELEDE KAZANAN K\u0130M OLACAK? \u00c7OK SEV\u0130LEN KARANLIK    KURGU DOKUZUNCU C\u0130LD\u0130YLE KAR\u015eISINIZDA!!! <\/p>\n","protected":false},"excerpt":{"rendered":"<p>GECE AKINCILARI FARKLI DUYGULARLA KATEDRALE DO\u011eRU YOL ALIR. NAJENDA, \u00d6L\u00dcM KALIM SAVA\u015eINA HAZIRLANIRKEN M\u0130NE, TATSUM\u0130\u2019YE OLAN H\u0130SLER\u0130N\u0130 FARK EDER. \u0130MPARATORLUK\u2019UN EN G\u00dc\u00c7L\u00dcS\u00dc ESDEATH\u2019E KAR\u015eI VER\u0130LEN M\u00dcCADELEDE<span class=\"excerpt-hellip\"> [\u2026]<\/span><\/p>\n","protected":false},"featured_media":0,"template":"","meta":{"_monsterinsights_skip_tracking":false,"_monsterinsights_sitenote_active":false,"_monsterinsights_sitenote_note":"","_monsterinsights_sitenote_category":0},"product_brand":[],"product_cat":[141304],"product_tag":[],"class_list":{"0":"post-777236","1":"product","2":"type-product","3":"status-publish","5":"product_cat-yeni-cikanlar","6":"pa_cilt-ciltsiz","7":"pa_tur-kitap","8":"pa_yayinevi-athica-yayinlari","9":"pa_yazar-takahiro","11":"first","12":"instock","13":"sale","14":"shipping-taxable","15":"purchasable","16":"product-type-simple"},"_links":{"self":[{"href":"https:\/\/roveyayinevi.com.tr\/index.php\/wp-json\/wp\/v2\/product\/777236","targetHints":{"allow":["GET"]}}],"collection":[{"href":"https:\/\/roveyayinevi.com.tr\/index.php\/wp-json\/wp\/v2\/product"}],"about":[{"href":"https:\/\/roveyayinevi.com.tr\/index.php\/wp-json\/wp\/v2\/types\/product"}],"wp:attachment":[{"href":"https:\/\/roveyayinevi.com.tr\/index.php\/wp-json\/wp\/v2\/media?parent=777236"}],"wp:term":[{"taxonomy":"product_brand","embeddable":true,"href":"https:\/\/roveyayinevi.com.tr\/index.php\/wp-json\/wp\/v2\/product_brand?post=777236"},{"taxonomy":"product_cat","embeddable":true,"href":"https:\/\/roveyayinevi.com.tr\/index.php\/wp-json\/wp\/v2\/product_cat?post=777236"},{"taxonomy":"product_tag","embeddable":true,"href":"https:\/\/roveyayinevi.com.tr\/index.php\/wp-json\/wp\/v2\/product_tag?post=777236"}],"curies":[{"name":"wp","href":"https:\/\/api.w.org\/{rel}","templated":true}]}}