{"id":777230,"date":"2025-10-12T11:35:40","date_gmt":"2025-10-12T08:35:40","guid":{"rendered":"https:\/\/roveyayinevi.com.tr\/index.php\/urun\/dunyanin-kiyisindaki-kafe\/"},"modified":"2026-04-03T03:32:44","modified_gmt":"2026-04-03T00:32:44","slug":"dunyanin-kiyisindaki-kafe","status":"publish","type":"product","link":"https:\/\/roveyayinevi.com.tr\/index.php\/urun\/dunyanin-kiyisindaki-kafe\/","title":{"rendered":"D\u00fcnyan\u0131n K\u0131y\u0131s\u0131ndaki Kafe"},"content":{"rendered":"<p>Hayat\u0131n tela\u015f\u0131na \u00e7ok fazla kap\u0131lan ve k\u0131sa bir tatil i\u00e7in arabas\u0131yla yolculu\u011fa \u00e7\u0131kan John\u2019un yolu, hi\u00e7li\u011fin ortas\u0131nda gibi g\u00f6r\u00fcnen k\u00fc\u00e7\u00fck bir kafeye d\u00fc\u015fer. Asl\u0131nda tek istedi\u011fi k\u0131sa bir mola vermektir ama kar\u015f\u0131s\u0131nda kafenin men\u00fcs\u00fcnde yer alan \u00fc\u00e7 soru bulur: Neden buradas\u0131n? \u00d6l\u00fcmden korkuyor musun? Halinden memnun musun? John \u015fa\u015fk\u0131na d\u00f6nse de merak\u0131na yenik d\u00fc\u015fer ve bu sorular\u0131n s\u0131rr\u0131n\u0131 kafenin a\u015f\u00e7\u0131s\u0131, garsonu ve m\u00fc\u015fterilerden birinin yard\u0131m\u0131yla \u00e7\u00f6zmeye koyulur.Hayat\u0131n anlam\u0131na dair bu sorular onu reklamc\u0131l\u0131k sekt\u00f6r\u00fcn\u00fcn \u00fcst d\u00fczey y\u00f6neticilerinin d\u00fcnyas\u0131ndan Hawaii sahillerine kadar g\u00f6t\u00fcrecek, hayata ve ili\u015fkilere bak\u0131\u015f a\u00e7\u0131s\u0131n\u0131 de\u011fi\u015ftirecek ve insan\u0131n bilge bir ye\u015fil deniz kaplumba\u011fas\u0131ndan \u00f6\u011frenebilece\u011fi \u00e7ok \u015fey oldu\u011funu anlamas\u0131n\u0131 sa\u011flayacakt\u0131r.D\u00fcnyan\u0131n K\u0131y\u0131s\u0131ndaki Kafe bizi de kendi i\u00e7imizde bir yolculu\u011fa \u00e7\u0131kmaya y\u00fcreklendiren, yer yer g\u00fcl\u00fcmseten, capcanl\u0131, dokunakl\u0131 bir hik\u00e2ye.<\/p>\n","protected":false},"excerpt":{"rendered":"<p>Hayat\u0131n tela\u015f\u0131na \u00e7ok fazla kap\u0131lan ve k\u0131sa bir tatil i\u00e7in arabas\u0131yla yolculu\u011fa \u00e7\u0131kan John\u2019un yolu, hi\u00e7li\u011fin ortas\u0131nda gibi g\u00f6r\u00fcnen k\u00fc\u00e7\u00fck bir kafeye d\u00fc\u015fer. Asl\u0131nda tek istedi\u011fi<span class=\"excerpt-hellip\"> [\u2026]<\/span><\/p>\n","protected":false},"featured_media":0,"template":"","meta":{"_monsterinsights_skip_tracking":false,"_monsterinsights_sitenote_active":false,"_monsterinsights_sitenote_note":"","_monsterinsights_sitenote_category":0},"product_brand":[],"product_cat":[12364,12376],"product_tag":[],"class_list":{"0":"post-777230","1":"product","2":"type-product","3":"status-publish","5":"product_cat-genel-konular","6":"product_cat-kisisel-gelisim","7":"pa_cilt-ciltsiz","8":"pa_tur-kitap","9":"pa_yayinevi-pegasus-yayinlari","10":"pa_yazar-john-strelecky","12":"first","13":"instock","14":"sale","15":"shipping-taxable","16":"purchasable","17":"product-type-simple"},"_links":{"self":[{"href":"https:\/\/roveyayinevi.com.tr\/index.php\/wp-json\/wp\/v2\/product\/777230","targetHints":{"allow":["GET"]}}],"collection":[{"href":"https:\/\/roveyayinevi.com.tr\/index.php\/wp-json\/wp\/v2\/product"}],"about":[{"href":"https:\/\/roveyayinevi.com.tr\/index.php\/wp-json\/wp\/v2\/types\/product"}],"wp:attachment":[{"href":"https:\/\/roveyayinevi.com.tr\/index.php\/wp-json\/wp\/v2\/media?parent=777230"}],"wp:term":[{"taxonomy":"product_brand","embeddable":true,"href":"https:\/\/roveyayinevi.com.tr\/index.php\/wp-json\/wp\/v2\/product_brand?post=777230"},{"taxonomy":"product_cat","embeddable":true,"href":"https:\/\/roveyayinevi.com.tr\/index.php\/wp-json\/wp\/v2\/product_cat?post=777230"},{"taxonomy":"product_tag","embeddable":true,"href":"https:\/\/roveyayinevi.com.tr\/index.php\/wp-json\/wp\/v2\/product_tag?post=777230"}],"curies":[{"name":"wp","href":"https:\/\/api.w.org\/{rel}","templated":true}]}}