{"id":777216,"date":"2025-10-11T11:54:08","date_gmt":"2025-10-11T08:54:08","guid":{"rendered":"https:\/\/roveyayinevi.com.tr\/index.php\/urun\/gunahin-kiyisinda\/"},"modified":"2026-04-15T03:43:13","modified_gmt":"2026-04-15T00:43:13","slug":"gunahin-kiyisinda","status":"publish","type":"product","link":"https:\/\/roveyayinevi.com.tr\/index.php\/urun\/gunahin-kiyisinda\/","title":{"rendered":"G\u00fcnah\u0131n K\u0131y\u0131s\u0131nda"},"content":{"rendered":"<p>T\u00fcrkiye toplumunda &#8216;Kad\u0131n&#8217; olman\u0131n ve toplumsal de\u011ferlerle de kad\u0131n\u0131n ad\u0131n\u0131n, kimliginin yok edili\u015fini, toplumsal k\u00fclt\u00fcr, din, aile \u00fc\u00e7leminde kaleme alm\u0131\u015ft\u0131r yazar. 06\/02\/2025\/ tarihinde ya\u015fanan depremden de etkilenerek kitab\u0131 kurgulayan yazar Arjen EREZ Bu romanda, Ayn\u0131 binada ya\u015fad\u0131klar\u0131 h\u00e2lde birbirlerini tan\u0131ma imk\u00e2n\u0131 bulamam\u0131\u015f gen\u00e7 bir k\u0131z ile erke\u011fin bir depremle e\u015f zamanl\u0131 ya\u015fad\u0131klar\u0131 ruhsal sars\u0131nt\u0131lar\u2026 Beklentilerle umutlar\u0131n, ger\u00e7eklerle hayallerin; g\u00fcnahla g\u00fcnah olmayan\u0131n i\u00e7 i\u00e7e ge\u00e7ti\u011fi bir zeminde, hem bireysel hem toplumsal k\u0131r\u0131lmalar\u0131n izini s\u00fcren bir anlat\u0131ya d\u00f6n\u00fc\u015f\u00fcyor. Arjen EREZ, ruhsal, fiziksel ve maddi y\u0131k\u0131mlar\u0131n nedenlerini ve sonu\u00e7lar\u0131n\u0131 sorgularken; bireylerin ve toplumun kimler taraf\u0131ndan, nas\u0131l g\u00fcnah\u0131n e\u015fi\u011fine s\u00fcr\u00fcklendi\u011fine ve bu \u00e7\u0131kmazdan bir kurtulu\u015fun m\u00fcmk\u00fcn olup olmad\u0131\u011f\u0131na dair g\u00fc\u00e7l\u00fc bir i\u015faret sunuyor. Bu kitap, g\u00fcnahs\u0131z kalmaya \u00e7al\u0131\u015fan herkesi sessiz ama kararl\u0131 bir \u00e7a\u011fr\u0131yla kendine davet ediyor.<\/p>\n","protected":false},"excerpt":{"rendered":"<p>T\u00fcrkiye toplumunda &#8216;Kad\u0131n&#8217; olman\u0131n ve toplumsal de\u011ferlerle de kad\u0131n\u0131n ad\u0131n\u0131n, kimliginin yok edili\u015fini, toplumsal k\u00fclt\u00fcr, din, aile \u00fc\u00e7leminde kaleme alm\u0131\u015ft\u0131r yazar. 06\/02\/2025\/ tarihinde ya\u015fanan depremden de<span class=\"excerpt-hellip\"> [\u2026]<\/span><\/p>\n","protected":false},"featured_media":0,"template":"","meta":{"_monsterinsights_skip_tracking":false,"_monsterinsights_sitenote_active":false,"_monsterinsights_sitenote_note":"","_monsterinsights_sitenote_category":0},"product_brand":[],"product_cat":[12291,12711],"product_tag":[],"class_list":{"0":"post-777216","1":"product","2":"type-product","3":"status-publish","5":"product_cat-edebiyat","6":"product_cat-roman-oyku","7":"pa_cilt-ciltsiz","8":"pa_tur-kitap","9":"pa_yayinevi-evincan-yayinlari","10":"pa_yazar-arjen-erez","12":"first","13":"instock","14":"sale","15":"shipping-taxable","16":"purchasable","17":"product-type-simple"},"_links":{"self":[{"href":"https:\/\/roveyayinevi.com.tr\/index.php\/wp-json\/wp\/v2\/product\/777216","targetHints":{"allow":["GET"]}}],"collection":[{"href":"https:\/\/roveyayinevi.com.tr\/index.php\/wp-json\/wp\/v2\/product"}],"about":[{"href":"https:\/\/roveyayinevi.com.tr\/index.php\/wp-json\/wp\/v2\/types\/product"}],"wp:attachment":[{"href":"https:\/\/roveyayinevi.com.tr\/index.php\/wp-json\/wp\/v2\/media?parent=777216"}],"wp:term":[{"taxonomy":"product_brand","embeddable":true,"href":"https:\/\/roveyayinevi.com.tr\/index.php\/wp-json\/wp\/v2\/product_brand?post=777216"},{"taxonomy":"product_cat","embeddable":true,"href":"https:\/\/roveyayinevi.com.tr\/index.php\/wp-json\/wp\/v2\/product_cat?post=777216"},{"taxonomy":"product_tag","embeddable":true,"href":"https:\/\/roveyayinevi.com.tr\/index.php\/wp-json\/wp\/v2\/product_tag?post=777216"}],"curies":[{"name":"wp","href":"https:\/\/api.w.org\/{rel}","templated":true}]}}

Günahın Kıyısında

<p>Türkiye toplumunda &#8216;Kadın&#8217; olmanın ve toplumsal değerlerle de kadının adının, kimliginin yok edilişini, toplumsal kültür, din, aile üçleminde kaleme almıştır yazar. 06/02/2025/ tarihinde yaşanan depremden de etkilenerek kitabı kurgulayan yazar Arjen EREZ Bu romanda, Aynı binada yaşadıkları hâlde birbirlerini tanıma imkânı bulamamış genç bir kız ile erkeğin bir depremle eş zamanlı yaşadıkları ruhsal sarsıntılar… Beklentilerle umutların, gerçeklerle hayallerin; günahla günah olmayanın iç içe geçtiği bir zeminde, hem bireysel hem toplumsal kırılmaların izini süren bir anlatıya dönüşüyor. Arjen EREZ, ruhsal, fiziksel ve maddi yıkımların nedenlerini ve sonuçlarını sorgularken; bireylerin ve toplumun kimler tarafından, nasıl günahın eşiğine sürüklendiğine ve bu çıkmazdan bir kurtuluşun mümkün olup olmadığına dair güçlü bir işaret sunuyor. Bu kitap, günahsız kalmaya çalışan herkesi sessiz ama kararlı bir çağrıyla kendine davet ediyor.</p>

<p>Türkiye toplumunda &#8216;Kadın&#8217; olmanın ve toplumsal değerlerle de kadının adının, kimliginin yok edilişini, toplumsal kültür, din, aile üçleminde kaleme almıştır yazar. 06/02/2025/ tarihinde yaşanan depremden de<span class="excerpt-hellip"> […]</span></p>
