{"id":777207,"date":"2025-10-11T11:53:50","date_gmt":"2025-10-11T08:53:50","guid":{"rendered":"https:\/\/roveyayinevi.com.tr\/index.php\/urun\/solcular\/"},"modified":"2026-04-15T03:43:11","modified_gmt":"2026-04-15T00:43:11","slug":"solcular","status":"publish","type":"product","link":"https:\/\/roveyayinevi.com.tr\/index.php\/urun\/solcular\/","title":{"rendered":"Solcular"},"content":{"rendered":"<p>Hayat\u0131n\u0131 geri \u00e7ekmeyenleri&#8230; S\u0131n\u0131rlar\u0131 a\u015fanlar\u0131&#8230; Ate\u015fle y\u00fczle\u015fenleri&#8230; Kararl\u0131lar\u0131&#8230;Cesurlar\u0131&#8230;Fedak\u00e2rlar\u0131&#8230; Hakl\u0131l\u0131\u011f\u0131n inad\u0131n\u0131 s\u00fcrd\u00fcrenleri&#8230; Hayat\u0131ma dokunan d\u00fc\u015f\u00fcnsel dostlar\u0131m\u0131 yazd\u0131m. ZAMANIN BENDE KALAN HAFIZASI Aziz Nesin&#8230; Yal\u00e7\u0131n K\u00fc\u00e7\u00fck&#8230; Vedat T\u00fcrkali&#8230; Y\u0131lmaz G\u00fcney&#8230;Tar\u0131k Akan&#8230; Levent K\u0131rca&#8230; Ferhan \u015eensoy&#8230; Edip Akbayram&#8230; Ahmet Kaya&#8230; S\u0131rr\u0131 S\u00fcreyya \u00d6nder&#8230; Volkan Konak&#8230; \u0130lhan Sel\u00e7uk&#8230; Ya\u015far Kemal&#8230; Do\u011fan Yurdakul&#8230; Alev Alatl\u0131&#8230; Ahmed Arif&#8230; Bekir Co\u015fkun&#8230; Nilg\u00fcn Marmara&#8230; Nihat Gen\u00e7&#8230; Ali Sirmen&#8230; Refik Durba\u015f&#8230; F\u00fcruzan&#8230; Sezai Karako\u00e7&#8230; Ya\u015far Nuri \u00d6zt\u00fcrk&#8230; Ahmet Say&#8230; Cemil Meri\u00e7&#8230; Hikmet \u00c7i\u00e7ek&#8230; Ya\u015far Nezihe&#8230; M\u00fcmtaz \u0130dil&#8230; Metin Alt\u0131ok&#8230;<\/p>\n","protected":false},"excerpt":{"rendered":"<p>Hayat\u0131n\u0131 geri \u00e7ekmeyenleri&#8230; S\u0131n\u0131rlar\u0131 a\u015fanlar\u0131&#8230; Ate\u015fle y\u00fczle\u015fenleri&#8230; Kararl\u0131lar\u0131&#8230;Cesurlar\u0131&#8230;Fedak\u00e2rlar\u0131&#8230; Hakl\u0131l\u0131\u011f\u0131n inad\u0131n\u0131 s\u00fcrd\u00fcrenleri&#8230; Hayat\u0131ma dokunan d\u00fc\u015f\u00fcnsel dostlar\u0131m\u0131 yazd\u0131m. ZAMANIN BENDE KALAN HAFIZASI Aziz Nesin&#8230; Yal\u00e7\u0131n K\u00fc\u00e7\u00fck&#8230; Vedat T\u00fcrkali&#8230;<span class=\"excerpt-hellip\"> [\u2026]<\/span><\/p>\n","protected":false},"featured_media":0,"template":"","meta":{"_monsterinsights_skip_tracking":false,"_monsterinsights_sitenote_active":false,"_monsterinsights_sitenote_note":"","_monsterinsights_sitenote_category":0},"product_brand":[],"product_cat":[141304],"product_tag":[],"class_list":{"0":"post-777207","1":"product","2":"type-product","3":"status-publish","5":"product_cat-yeni-cikanlar","6":"pa_cilt-ciltsiz","7":"pa_tur-kitap","8":"pa_yayinevi-kirmizi-kedi-yayinevi","9":"pa_yazar-soner-yalcin","11":"first","12":"instock","13":"sale","14":"shipping-taxable","15":"purchasable","16":"product-type-simple"},"_links":{"self":[{"href":"https:\/\/roveyayinevi.com.tr\/index.php\/wp-json\/wp\/v2\/product\/777207","targetHints":{"allow":["GET"]}}],"collection":[{"href":"https:\/\/roveyayinevi.com.tr\/index.php\/wp-json\/wp\/v2\/product"}],"about":[{"href":"https:\/\/roveyayinevi.com.tr\/index.php\/wp-json\/wp\/v2\/types\/product"}],"wp:attachment":[{"href":"https:\/\/roveyayinevi.com.tr\/index.php\/wp-json\/wp\/v2\/media?parent=777207"}],"wp:term":[{"taxonomy":"product_brand","embeddable":true,"href":"https:\/\/roveyayinevi.com.tr\/index.php\/wp-json\/wp\/v2\/product_brand?post=777207"},{"taxonomy":"product_cat","embeddable":true,"href":"https:\/\/roveyayinevi.com.tr\/index.php\/wp-json\/wp\/v2\/product_cat?post=777207"},{"taxonomy":"product_tag","embeddable":true,"href":"https:\/\/roveyayinevi.com.tr\/index.php\/wp-json\/wp\/v2\/product_tag?post=777207"}],"curies":[{"name":"wp","href":"https:\/\/api.w.org\/{rel}","templated":true}]}}