{"id":777199,"date":"2025-10-11T11:53:36","date_gmt":"2025-10-11T08:53:36","guid":{"rendered":"https:\/\/roveyayinevi.com.tr\/index.php\/urun\/eski-rejim-ve-devrim-ciltli\/"},"modified":"2026-04-15T03:43:11","modified_gmt":"2026-04-15T00:43:11","slug":"eski-rejim-ve-devrim-ciltli","status":"publish","type":"product","link":"https:\/\/roveyayinevi.com.tr\/index.php\/urun\/eski-rejim-ve-devrim-ciltli\/","title":{"rendered":"Eski Rejim ve Devrim (Ciltli)"},"content":{"rendered":"<p>Alexis de Tocqueville (1805-1859): Frans\u0131z siyaset bilimci, sosyolog, tarih\u00e7i, siyaset\u00e7i ve yazar. Temmuz Monar\u015fisi (1830-1848) ve \u0130kinci Cumhuriyet (1849-1851) d\u00f6nemlerinde Frans\u0131z siyasetinde aktif rol ald\u0131. Bir s\u00fcre ABD\u2019de kald\u0131. Bu d\u00f6nemde yol arkada\u015f\u0131 Gustave de Beaumont ile birlikte bilhassa ABD\u2019de k\u00f6lelik \u00fczerine kaleme ald\u0131klar\u0131 referans niteli\u011finde eserlerin yan\u0131 s\u0131ra k\u00fclt eseri Amerika\u2019da Demokrasi\u2019nin ilk cildini yazd\u0131. \u0130ki ciltten olu\u015fan, siyaset sosyolojisi ve siyaset bilimi ara\u015ft\u0131rmalar\u0131n\u0131n \u00f6nc\u00fcs\u00fc kabul edilen bu eseriyle \u00fcne kavu\u015ftu. 1851\u2019deki darbe sonras\u0131nda siyaseti tamamen b\u0131rakt\u0131. Sonras\u0131nda Frans\u0131z Devrimi\u2019ni haz\u0131rlayan ko\u015fullara ve Devrim\u2019in ba\u015far\u0131s\u0131zl\u0131\u011f\u0131n\u0131n nedenlerine odakland\u0131. \u0130ki kitap olarak tasarlanm\u0131\u015f ancak yaln\u0131zca ilk kitab\u0131 tamamlanabilmi\u015f Eski Rejim ve Devrim\u2019de yazar, Frans\u0131z Devrimi\u2019nin XIV. Louis modernle\u015fme ve merkez\u00eele\u015fme s\u00fcrecinin bir uzant\u0131s\u0131 oldu\u011funu ileri s\u00fcrer. Frans\u0131z Devrimi\u2019nin Eski Rejim\u2019e uzanan k\u00f6klerini belgelerle g\u00f6zler \u00f6n\u00fcne serip Frans\u0131z toplumu-Frans\u0131z Devrimi ili\u015fkisinin anatomisini \u00e7\u0131kar\u0131r.<\/p>\n","protected":false},"excerpt":{"rendered":"<p>Alexis de Tocqueville (1805-1859): Frans\u0131z siyaset bilimci, sosyolog, tarih\u00e7i, siyaset\u00e7i ve yazar. Temmuz Monar\u015fisi (1830-1848) ve \u0130kinci Cumhuriyet (1849-1851) d\u00f6nemlerinde Frans\u0131z siyasetinde aktif rol ald\u0131. Bir<span class=\"excerpt-hellip\"> [\u2026]<\/span><\/p>\n","protected":false},"featured_media":0,"template":"","meta":{"_monsterinsights_skip_tracking":false,"_monsterinsights_sitenote_active":false,"_monsterinsights_sitenote_note":"","_monsterinsights_sitenote_category":0},"product_brand":[],"product_cat":[12351,12324],"product_tag":[],"class_list":{"0":"post-777199","1":"product","2":"type-product","3":"status-publish","5":"product_cat-siyaset-sosyolojisi","6":"product_cat-sosyoloji","7":"pa_cilt-ciltli","8":"pa_tur-kitap","9":"pa_yayinevi-is-bankasi-kultur-yayinlari","10":"pa_yazar-alexis-de-tocqueville","12":"first","13":"instock","14":"sale","15":"shipping-taxable","16":"purchasable","17":"product-type-simple"},"_links":{"self":[{"href":"https:\/\/roveyayinevi.com.tr\/index.php\/wp-json\/wp\/v2\/product\/777199","targetHints":{"allow":["GET"]}}],"collection":[{"href":"https:\/\/roveyayinevi.com.tr\/index.php\/wp-json\/wp\/v2\/product"}],"about":[{"href":"https:\/\/roveyayinevi.com.tr\/index.php\/wp-json\/wp\/v2\/types\/product"}],"wp:attachment":[{"href":"https:\/\/roveyayinevi.com.tr\/index.php\/wp-json\/wp\/v2\/media?parent=777199"}],"wp:term":[{"taxonomy":"product_brand","embeddable":true,"href":"https:\/\/roveyayinevi.com.tr\/index.php\/wp-json\/wp\/v2\/product_brand?post=777199"},{"taxonomy":"product_cat","embeddable":true,"href":"https:\/\/roveyayinevi.com.tr\/index.php\/wp-json\/wp\/v2\/product_cat?post=777199"},{"taxonomy":"product_tag","embeddable":true,"href":"https:\/\/roveyayinevi.com.tr\/index.php\/wp-json\/wp\/v2\/product_tag?post=777199"}],"curies":[{"name":"wp","href":"https:\/\/api.w.org\/{rel}","templated":true}]}}