{"id":777180,"date":"2025-10-11T11:52:50","date_gmt":"2025-10-11T08:52:50","guid":{"rendered":"https:\/\/roveyayinevi.com.tr\/index.php\/urun\/gobeklitepe-12-000-yasinda-ciltli\/"},"modified":"2026-04-15T03:43:09","modified_gmt":"2026-04-15T00:43:09","slug":"gobeklitepe-12-000-yasinda-ciltli","status":"publish","type":"product","link":"https:\/\/roveyayinevi.com.tr\/index.php\/urun\/gobeklitepe-12-000-yasinda-ciltli\/","title":{"rendered":"G\u00f6beklitepe 12.000 Ya\u015f\u0131nda (Ciltli)"},"content":{"rendered":"<p>G\u00f6beklitepe d\u00fcnya k\u00fclt\u00fcr tarihini de\u011fi\u015ftiren \u00e7ok \u00f6nemli bir yer. T\u0131pk\u0131 bu kitap gibi G\u00f6beklitepe de bir sessiz kitap ve bize anlatmak istedi\u011fi pek \u00e7ok hik\u00e2ye var. Bu kitaptaki turnalar\u0131n anlatt\u0131klar\u0131 gibi\u2026 G\u00f6beklitepe\u2019nin turnalar\u0131 Ay\u015fe \u0130nan\u2019\u0131n muhte\u015fem resimleriyle bu \u00e7ok \u00f6zel sessiz kitapta hayat buluyor. Siz sayfalar\u0131 \u00e7evirdik\u00e7e turnalar canlan\u0131yor ve kitaptan u\u00e7up G\u00f6beklitepe\u2019ye geri d\u00f6nmek istiyorlar sanki\u2026 <\/p>\n","protected":false},"excerpt":{"rendered":"<p>G\u00f6beklitepe d\u00fcnya k\u00fclt\u00fcr tarihini de\u011fi\u015ftiren \u00e7ok \u00f6nemli bir yer. T\u0131pk\u0131 bu kitap gibi G\u00f6beklitepe de bir sessiz kitap ve bize anlatmak istedi\u011fi pek \u00e7ok hik\u00e2ye var.<span class=\"excerpt-hellip\"> [\u2026]<\/span><\/p>\n","protected":false},"featured_media":0,"template":"","meta":{"_monsterinsights_skip_tracking":false,"_monsterinsights_sitenote_active":false,"_monsterinsights_sitenote_note":"","_monsterinsights_sitenote_category":0},"product_brand":[],"product_cat":[12274,12518],"product_tag":[],"class_list":{"0":"post-777180","1":"product","2":"type-product","3":"status-publish","5":"product_cat-cocuk-ve-genclik-kitaplari","6":"product_cat-okul-oncesi-kitaplar","7":"pa_cilt-ciltli","8":"pa_tur-kitap","9":"pa_yayinevi-yapi-kredi-yayinlari","10":"pa_yazar-ayse-inan","12":"first","13":"instock","14":"sale","15":"shipping-taxable","16":"purchasable","17":"product-type-simple"},"_links":{"self":[{"href":"https:\/\/roveyayinevi.com.tr\/index.php\/wp-json\/wp\/v2\/product\/777180","targetHints":{"allow":["GET"]}}],"collection":[{"href":"https:\/\/roveyayinevi.com.tr\/index.php\/wp-json\/wp\/v2\/product"}],"about":[{"href":"https:\/\/roveyayinevi.com.tr\/index.php\/wp-json\/wp\/v2\/types\/product"}],"wp:attachment":[{"href":"https:\/\/roveyayinevi.com.tr\/index.php\/wp-json\/wp\/v2\/media?parent=777180"}],"wp:term":[{"taxonomy":"product_brand","embeddable":true,"href":"https:\/\/roveyayinevi.com.tr\/index.php\/wp-json\/wp\/v2\/product_brand?post=777180"},{"taxonomy":"product_cat","embeddable":true,"href":"https:\/\/roveyayinevi.com.tr\/index.php\/wp-json\/wp\/v2\/product_cat?post=777180"},{"taxonomy":"product_tag","embeddable":true,"href":"https:\/\/roveyayinevi.com.tr\/index.php\/wp-json\/wp\/v2\/product_tag?post=777180"}],"curies":[{"name":"wp","href":"https:\/\/api.w.org\/{rel}","templated":true}]}}