{"id":777167,"date":"2025-10-11T11:51:56","date_gmt":"2025-10-11T08:51:56","guid":{"rendered":"https:\/\/roveyayinevi.com.tr\/index.php\/urun\/hayatimiz-guzeldir\/"},"modified":"2026-04-15T03:43:04","modified_gmt":"2026-04-15T00:43:04","slug":"hayatimiz-guzeldir","status":"publish","type":"product","link":"https:\/\/roveyayinevi.com.tr\/index.php\/urun\/hayatimiz-guzeldir\/","title":{"rendered":"Hayat\u0131m\u0131z G\u00fczeldir"},"content":{"rendered":"<p>ATAOL BEHRAMO\u011eLU\u2019NUN  S\u0130YAS\u0130 K\u0130ML\u0130\u011e\u0130N\u0130 ANLATAN \u201cHAYATIMIZ G\u00dcZELD\u0130R\u201d  OKURLA BULU\u015eACAK  Ataol Behramo\u011flu; 1960\u2019l\u0131 y\u0131llardan g\u00fcn\u00fcm\u00fcze b\u00fcy\u00fck \u015fairli\u011fi, d\u00fcnya edebiyat\u0131ndan okura sundu\u011fu zengin birikimiyle kanatlanan \u00e7evirmenli\u011fi, akademisyenli\u011fi, siyasal m\u00fccadele tarihimizdeki \u00f6rg\u00fct insan\u0131 kimli\u011fi ile tam bir ayd\u0131n.    \u00dclkemiz ko\u015fullar\u0131nda bar\u0131\u015f, \u00f6zg\u00fcrl\u00fck ve e\u015fitlik hayk\u0131r\u0131\u015f\u0131n\u0131n bedelini fazlas\u0131yla \u00f6demi\u015f, cezaevinde yatm\u0131\u015f, s\u00fcrg\u00fcn\u00fc ya\u015fam\u0131\u015f bir demokrat.     \u00dclkesine sevdas\u0131n\u0131 hi\u00e7bir d\u00f6nem yitirmemi\u015f, onca ac\u0131ya ra\u011fmen hayata ve d\u00fcnyaya bak\u0131\u015f\u0131ndaki iyimserli\u011finden hi\u00e7bir \u015fey kaybetmemi\u015f \u00f6nemli bir yazar.    B\u00fcy\u00fck Yunanl\u0131 \u015fair Yannis Ritsos\u2019un, Ataol Behramo\u011flu s\u00fcrg\u00fcne \u00e7\u0131kt\u0131\u011f\u0131nda, ona ve devrimcilere ithafen s\u00f6yledi\u011fi \u201cHayat\u0131m\u0131z G\u00fczeldir\u201d s\u00f6z\u00fc; art\u0131k Okan Toygar\u2019\u0131n usta \u015fairle yapt\u0131\u011f\u0131 nehir s\u00f6yle\u015fi kitab\u0131n\u0131n ad\u0131.    Daha \u00f6nce \u00e7e\u015fitli gazete ve dergilerde deneme, inceleme ve portre yaz\u0131lar\u0131 yay\u0131mlayan Okan Toygar, Hayat\u0131m\u0131z G\u00fczeldir\u2019de Ataol Behramo\u011flu ile sadece oylumlu bir s\u00f6yle\u015fi yapmakla kalm\u0131yor; ayn\u0131 zamanda T\u00fcrkiye tarihini sorguluyor, \u00fclkemizin 1960\u2019l\u0131 y\u0131llardan g\u00fcn\u00fcm\u00fcze uzanan d\u00fc\u015f\u00fcnsel ve siyasal atmosferini mercek alt\u0131na al\u0131yor.   Toygar; akademik titizli\u011fi, edeb\u00ee ve siyasal kavray\u0131\u015f\u0131yla, tart\u0131\u015fmay\u0131 al\u0131\u015f\u0131lm\u0131\u015f y\u00fczeysel sorgulamalardan \u00e7\u0131kar\u0131p, kavramsal derinli\u011fi \u00f6ne alan bir zeminde s\u00fcrd\u00fcr\u00fcyor.   D\u00f6rt y\u0131ll\u0131k kapsaml\u0131 bir \u00e7al\u0131\u015fman\u0131n sonucunda raflarda yerini alacak olan \u201cHayat\u0131m\u0131z G\u00fczeldir\u201d iki ilerici, yurtsever ayd\u0131n\u0131n en dokunulmaz diye nitelendirilen alanlara de\u011findikleri tad\u0131na doyum olmaz bir s\u00f6yle\u015fi.  D\u00fc\u015f\u00fcnsel cesaretin ne demek oldu\u011funu bir kere daha hat\u0131rlat\u0131yorlar.   Bize ve okurlara da bu davete icabet etmek d\u00fc\u015f\u00fcyor! <\/p>\n","protected":false},"excerpt":{"rendered":"<p>ATAOL BEHRAMO\u011eLU\u2019NUN S\u0130YAS\u0130 K\u0130ML\u0130\u011e\u0130N\u0130 ANLATAN \u201cHAYATIMIZ G\u00dcZELD\u0130R\u201d OKURLA BULU\u015eACAK Ataol Behramo\u011flu; 1960\u2019l\u0131 y\u0131llardan g\u00fcn\u00fcm\u00fcze b\u00fcy\u00fck \u015fairli\u011fi, d\u00fcnya edebiyat\u0131ndan okura sundu\u011fu zengin birikimiyle kanatlanan \u00e7evirmenli\u011fi, akademisyenli\u011fi, siyasal<span class=\"excerpt-hellip\"> [\u2026]<\/span><\/p>\n","protected":false},"featured_media":0,"template":"","meta":{"_monsterinsights_skip_tracking":false,"_monsterinsights_sitenote_active":false,"_monsterinsights_sitenote_note":"","_monsterinsights_sitenote_category":0},"product_brand":[],"product_cat":[12291,30969],"product_tag":[],"class_list":{"0":"post-777167","1":"product","2":"type-product","3":"status-publish","5":"product_cat-edebiyat","6":"product_cat-soylesi-edebiyat","7":"pa_cilt-ciltsiz","8":"pa_tur-kitap","9":"pa_yayinevi-tekin-yayinevi","10":"pa_yazar-okan-toygar","12":"first","13":"instock","14":"sale","15":"shipping-taxable","16":"purchasable","17":"product-type-simple"},"_links":{"self":[{"href":"https:\/\/roveyayinevi.com.tr\/index.php\/wp-json\/wp\/v2\/product\/777167","targetHints":{"allow":["GET"]}}],"collection":[{"href":"https:\/\/roveyayinevi.com.tr\/index.php\/wp-json\/wp\/v2\/product"}],"about":[{"href":"https:\/\/roveyayinevi.com.tr\/index.php\/wp-json\/wp\/v2\/types\/product"}],"wp:attachment":[{"href":"https:\/\/roveyayinevi.com.tr\/index.php\/wp-json\/wp\/v2\/media?parent=777167"}],"wp:term":[{"taxonomy":"product_brand","embeddable":true,"href":"https:\/\/roveyayinevi.com.tr\/index.php\/wp-json\/wp\/v2\/product_brand?post=777167"},{"taxonomy":"product_cat","embeddable":true,"href":"https:\/\/roveyayinevi.com.tr\/index.php\/wp-json\/wp\/v2\/product_cat?post=777167"},{"taxonomy":"product_tag","embeddable":true,"href":"https:\/\/roveyayinevi.com.tr\/index.php\/wp-json\/wp\/v2\/product_tag?post=777167"}],"curies":[{"name":"wp","href":"https:\/\/api.w.org\/{rel}","templated":true}]}}