{"id":777149,"date":"2025-10-11T08:48:18","date_gmt":"2025-10-11T05:48:18","guid":{"rendered":"https:\/\/roveyayinevi.com.tr\/index.php\/urun\/biraz-yagmur-kimseyi-incitmez\/"},"modified":"2026-04-16T03:01:38","modified_gmt":"2026-04-16T00:01:38","slug":"biraz-yagmur-kimseyi-incitmez","status":"publish","type":"product","link":"https:\/\/roveyayinevi.com.tr\/index.php\/urun\/biraz-yagmur-kimseyi-incitmez\/","title":{"rendered":"Biraz Ya\u011fmur Kimseyi \u0130ncitmez"},"content":{"rendered":"<p>On y\u0131l\u0131 a\u015fk\u0131n bir s\u00fcredir on binlerce okurla bulu\u015fan kitab\u0131m\u0131z\u0131n yeni yaz\u0131lar eklenmi\u015f, g\u00fcncelli\u011fini yitiren kimi yaz\u0131lar\u0131 elenmi\u015f yepyeni bask\u0131s\u0131n\u0131 elinizde tutuyorsunuz. Okuyaca\u011f\u0131n\u0131z sat\u0131rlar; hayat\u0131n arka sokaklar\u0131nda bulduklar\u0131 kar\u015f\u0131s\u0131nda \u015fa\u015f\u0131rm\u0131\u015f, kendisine emanet edilen y\u00fck\u00fc ta\u015f\u0131makta zorlanm\u0131\u015f, sarp yoku\u015fu t\u0131rmanmak isteyen ve ancak i\u00e7indeki s\u0131z\u0131y\u0131 d\u0131\u015far\u0131 ta\u015f\u0131rmakla, yani yazmakla \u015fifa bulaca\u011f\u0131n\u0131 zanneden bir \u2018yaral\u0131 \u015fifac\u0131\u2019n\u0131n kalbinden d\u00f6k\u00fclen sat\u0131rlar. D\u00fcnya maceras\u0131nda hepimiz yaral\u0131 varl\u0131klar\u0131z. Yaz\u0131lar\u0131m\u0131 kalbe de\u011fen kelimelerle yazmak istiyorum; insana bir \u015fey s\u00f6yleyen, onu bulundu\u011fu halden daha iyisine \u00e7a\u011f\u0131ran, ba\u015fka bir d\u00fcnyan\u0131n m\u00fcmk\u00fcn oldu\u011funu f\u0131s\u0131ldayan kelimelerle. \u00c7\u00fcnk\u00fc ben marazi bir iyimserim, d\u00fcnyan\u0131n s\u00f6zlerle de de\u011fi\u015febilece\u011fine inan\u0131yorum. Yapt\u0131\u011f\u0131m mesle\u011fi h\u00e2l\u00e2 inanarak yapabiliyorsam, bundan.\u201d Kemal Sayar b\u00f6yle tarif ediyor Biraz Ya\u011fmur Kimseyi \u0130ncitmez\u2019i. Sayar, hepimizi kendimize ve d\u00fcnyaya kar\u015f\u0131 bir netlik ayar\u0131 yapmaya \u00e7a\u011f\u0131r\u0131yor. Devrimlerin fitilini soylu ruhlar ate\u015fler; tarihi,  bulduklar\u0131 d\u00fcnyay\u0131 daha da g\u00fczelle\u015ftirmek isteyen iyimserler yazar. <\/p>\n","protected":false},"excerpt":{"rendered":"<p>On y\u0131l\u0131 a\u015fk\u0131n bir s\u00fcredir on binlerce okurla bulu\u015fan kitab\u0131m\u0131z\u0131n yeni yaz\u0131lar eklenmi\u015f, g\u00fcncelli\u011fini yitiren kimi yaz\u0131lar\u0131 elenmi\u015f yepyeni bask\u0131s\u0131n\u0131 elinizde tutuyorsunuz. Okuyaca\u011f\u0131n\u0131z sat\u0131rlar; hayat\u0131n arka<span class=\"excerpt-hellip\"> [\u2026]<\/span><\/p>\n","protected":false},"featured_media":0,"template":"","meta":{"_monsterinsights_skip_tracking":false,"_monsterinsights_sitenote_active":false,"_monsterinsights_sitenote_note":"","_monsterinsights_sitenote_category":0},"product_brand":[],"product_cat":[12357],"product_tag":[],"class_list":{"0":"post-777149","1":"product","2":"type-product","3":"status-publish","5":"product_cat-psikoloji","6":"pa_cilt-ciltsiz","7":"pa_tur-kitap","8":"pa_yayinevi-kapi-yayinlari","9":"pa_yazar-kemal-sayar","11":"first","12":"instock","13":"sale","14":"shipping-taxable","15":"purchasable","16":"product-type-simple"},"_links":{"self":[{"href":"https:\/\/roveyayinevi.com.tr\/index.php\/wp-json\/wp\/v2\/product\/777149","targetHints":{"allow":["GET"]}}],"collection":[{"href":"https:\/\/roveyayinevi.com.tr\/index.php\/wp-json\/wp\/v2\/product"}],"about":[{"href":"https:\/\/roveyayinevi.com.tr\/index.php\/wp-json\/wp\/v2\/types\/product"}],"wp:attachment":[{"href":"https:\/\/roveyayinevi.com.tr\/index.php\/wp-json\/wp\/v2\/media?parent=777149"}],"wp:term":[{"taxonomy":"product_brand","embeddable":true,"href":"https:\/\/roveyayinevi.com.tr\/index.php\/wp-json\/wp\/v2\/product_brand?post=777149"},{"taxonomy":"product_cat","embeddable":true,"href":"https:\/\/roveyayinevi.com.tr\/index.php\/wp-json\/wp\/v2\/product_cat?post=777149"},{"taxonomy":"product_tag","embeddable":true,"href":"https:\/\/roveyayinevi.com.tr\/index.php\/wp-json\/wp\/v2\/product_tag?post=777149"}],"curies":[{"name":"wp","href":"https:\/\/api.w.org\/{rel}","templated":true}]}}