{"id":777147,"date":"2025-10-11T08:05:47","date_gmt":"2025-10-11T05:05:47","guid":{"rendered":"https:\/\/roveyayinevi.com.tr\/index.php\/urun\/ahmet-hamdi-tanpinarin-saatleri-ayarlama-enstitusu\/"},"modified":"2025-10-14T08:01:02","modified_gmt":"2025-10-14T05:01:02","slug":"ahmet-hamdi-tanpinarin-saatleri-ayarlama-enstitusu","status":"publish","type":"product","link":"https:\/\/roveyayinevi.com.tr\/index.php\/urun\/ahmet-hamdi-tanpinarin-saatleri-ayarlama-enstitusu\/","title":{"rendered":"Ahmet Hamdi Tanp\u0131nar&#8217;\u0131n Saatleri Ayarlama Enstit\u00fcs\u00fc"},"content":{"rendered":"<p>Saatleri Ayarlama Enstit\u00fcs\u00fc; \u015fan, \u015f\u00f6hret, zenginlik, iktidar, itibar i\u00e7in bir \u201cmasal\u201da sar\u0131lan ama sonu\u00e7ta ki\u015filik erozyonu, dejenerasyon ve \u00e7\u00f6z\u00fclme ile sonu\u00e7lanan bir infilak\u0131n roman\u0131d\u0131r. Necip Tosun\u2019un, \u201c\u00fclkemizin kaderinin ironik bir destan\u0131\u201d olarak niteledi\u011fi ve hem tarihsel hem sosyo-k\u00fclt\u00fcrel hem de yazar merkezli bir\u00e7ok a\u00e7\u0131dan detayl\u0131 olarak tahlilini yapt\u0131\u011f\u0131 bu eserin g\u00fcndeme getirdi\u011fi problemler, g\u00fcn\u00fcm\u00fczde de benzer \u015fekilde s\u00fcrmektedir. Bu tahlil; T\u00fcrk modernle\u015fmesini, b\u00fcrokratik a\u00e7mazlar\u0131, temeli olmayan Bat\u0131c\u0131l\u0131\u011f\u0131, g\u00fcncele teslim anlay\u0131\u015flar\u0131, yeninin dayatmalar\u0131n\u0131, kurumlar\u0131n i\u015flevsizli\u011fini ele\u015ftiren Saatleri Ayarlama Enstit\u00fcs\u00fc\u2019n\u00fcn bir karakterler galerisi ile t\u00fcm bu temalar\u0131 nas\u0131l ele ald\u0131\u011f\u0131n\u0131 detayl\u0131 bir \u015fekilde g\u00f6zler \u00f6n\u00fcne seriyor. \u201cTanp\u0131nar, \u2018yeni\u2019nin getirdi\u011fi ikilik ve yabanc\u0131la\u015fma olgusunu romanda ikna edici ve tutarl\u0131 g\u00f6r\u00fc\u015flerle tart\u0131\u015fmaya a\u00e7ar. Toplum yap\u0131s\u0131n\u0131n, zihniyet ve anlay\u0131\u015f\u0131n\u0131n iyi okunmadan tepeden inme bi\u00e7imde yap\u0131lan \u2018toplum m\u00fchendisli\u011fi\u2019nin a\u011f\u0131r hicvi olan bu roman, ironik anlat\u0131m\u0131n \u015faheserlerinden biridir.\u201d <\/p>\n","protected":false},"excerpt":{"rendered":"<p>Saatleri Ayarlama Enstit\u00fcs\u00fc; \u015fan, \u015f\u00f6hret, zenginlik, iktidar, itibar i\u00e7in bir \u201cmasal\u201da sar\u0131lan ama sonu\u00e7ta ki\u015filik erozyonu, dejenerasyon ve \u00e7\u00f6z\u00fclme ile sonu\u00e7lanan bir infilak\u0131n roman\u0131d\u0131r. Necip Tosun\u2019un,<span class=\"excerpt-hellip\"> [\u2026]<\/span><\/p>\n","protected":false},"featured_media":0,"template":"","meta":{"_monsterinsights_skip_tracking":false,"_monsterinsights_sitenote_active":false,"_monsterinsights_sitenote_note":"","_monsterinsights_sitenote_category":0},"product_brand":[],"product_cat":[12291,12610],"product_tag":[],"class_list":{"0":"post-777147","1":"product","2":"type-product","3":"status-publish","5":"product_cat-edebiyat","6":"product_cat-elestiri-inceleme-kuram","7":"pa_cilt-ciltsiz","8":"pa_tur-kitap","9":"pa_yayinevi-ketebe-yayinlari","10":"pa_yazar-necip-tosun","12":"first","13":"instock","14":"sale","15":"shipping-taxable","16":"purchasable","17":"product-type-simple"},"_links":{"self":[{"href":"https:\/\/roveyayinevi.com.tr\/index.php\/wp-json\/wp\/v2\/product\/777147","targetHints":{"allow":["GET"]}}],"collection":[{"href":"https:\/\/roveyayinevi.com.tr\/index.php\/wp-json\/wp\/v2\/product"}],"about":[{"href":"https:\/\/roveyayinevi.com.tr\/index.php\/wp-json\/wp\/v2\/types\/product"}],"wp:attachment":[{"href":"https:\/\/roveyayinevi.com.tr\/index.php\/wp-json\/wp\/v2\/media?parent=777147"}],"wp:term":[{"taxonomy":"product_brand","embeddable":true,"href":"https:\/\/roveyayinevi.com.tr\/index.php\/wp-json\/wp\/v2\/product_brand?post=777147"},{"taxonomy":"product_cat","embeddable":true,"href":"https:\/\/roveyayinevi.com.tr\/index.php\/wp-json\/wp\/v2\/product_cat?post=777147"},{"taxonomy":"product_tag","embeddable":true,"href":"https:\/\/roveyayinevi.com.tr\/index.php\/wp-json\/wp\/v2\/product_tag?post=777147"}],"curies":[{"name":"wp","href":"https:\/\/api.w.org\/{rel}","templated":true}]}}