{"id":777146,"date":"2025-10-11T06:05:22","date_gmt":"2025-10-11T03:05:22","guid":{"rendered":"https:\/\/roveyayinevi.com.tr\/index.php\/urun\/finansal-yonetim-kaynaklarin-yonetimi\/"},"modified":"2026-04-16T02:32:57","modified_gmt":"2026-04-15T23:32:57","slug":"finansal-yonetim-kaynaklarin-yonetimi","status":"publish","type":"product","link":"https:\/\/roveyayinevi.com.tr\/index.php\/urun\/finansal-yonetim-kaynaklarin-yonetimi\/","title":{"rendered":"Finansal Y\u00f6netim: Kaynaklar\u0131n Y\u00f6netimi"},"content":{"rendered":"<p>Finans\u0131n en stratejik a\u015famalar\u0131ndan birisini firma faaliyetlerinin nas\u0131l fonlanaca\u011f\u0131 konusu olu\u015fturmaktad\u0131r. Hem kendi i\u00e7erisinde optimal bir kaynak da\u011f\u0131l\u0131m\u0131n\u0131n yap\u0131land\u0131r\u0131lmas\u0131 hem de varl\u0131k taraf\u0131n\u0131n verimlili\u011fini ve performans\u0131n\u0131 maksimize edecek, firman\u0131n rekabet g\u00fcc\u00fcn\u00fc ve piyasa de\u011ferini ar tt\u0131racak bir kaynak ak\u0131\u015f\u0131 son derece hayati kararlar\u0131n verilmesini gerektirmektedir. Firma y\u00f6neticileri taraf\u0131ndan al\u0131nacak her karar ve pozisyon firman\u0131n kaynak bile\u015fimini yeniden \u015fekillendirirken, birbirini tetikleyen d\u00f6rt \u00f6nemli sonuca yol a\u00e7maktad\u0131r: Firma riskinin, fonlama maliyetlerinin, karl\u0131l\u0131\u011f\u0131n\u0131n ve firman\u0131n piyasa de\u011ferinin de\u011fi\u015fmesi.Belirtilen zincirleme reaksiyon, firman\u0131n hissedarlar\u0131n\u0131n ve potansiyel yat\u0131r\u0131mc\u0131lar\u0131n\u0131n firmadan bekledikleri getirinin de farkl\u0131la\u015fmas\u0131na yol a\u00e7makta ve yeni fonlama f\u0131rsatlar\u0131 i\u00e7in referans niteli\u011fi ta\u015f\u0131maktad\u0131r. Bu a\u00e7\u0131dan firmalar\u0131n kaynaklar\u0131n\u0131n bile\u015fimi ve kaynak kalitesi hayati \u00f6nemdedir.Lisans, y\u00fcksek lisans, doktora \u00f6\u011frencileri, akademisyenler ve finansla ilgili her kesime kaynak niteli\u011fi ta\u015f\u0131mas\u0131n\u0131 ama\u00e7lad\u0131\u011f\u0131m\u0131z bu kitap, finansal y\u00f6netim alan\u0131ndaki serinin ikincisini olu\u015fturmaktad\u0131r. \u0130lk iki kitap, i\u015fletmelerin en \u00f6nemli veri \u00e7\u0131kt\u0131s\u0131n\u0131 olu\u015fturan bilan\u00e7o ve gelir tablolar\u0131n\u0131n uluslararas\u0131 format\u0131na g\u00f6re kurgulanm\u0131\u015ft\u0131r. Birinci kitap bilan\u00e7onun varl\u0131klar ve varl\u0131klar\u0131 olu\u015fturan kalemlerle, ikinci kitap kaynaklar ve kaynaklar k\u0131sm\u0131nda yer alan alt ba\u015fl\u0131klarla ilgili olup, bilan\u00e7onun her iki taraf\u0131n\u0131n gelir tablosu ile birlikte entegre bir \u015fekilde nas\u0131l y\u00f6netilmesi gerekti\u011fini okuyucuya \u00f6\u011fretmeyi ama\u00e7lamaktad\u0131r.<\/p>\n","protected":false},"excerpt":{"rendered":"<p>Finans\u0131n en stratejik a\u015famalar\u0131ndan birisini firma faaliyetlerinin nas\u0131l fonlanaca\u011f\u0131 konusu olu\u015fturmaktad\u0131r. Hem kendi i\u00e7erisinde optimal bir kaynak da\u011f\u0131l\u0131m\u0131n\u0131n yap\u0131land\u0131r\u0131lmas\u0131 hem de varl\u0131k taraf\u0131n\u0131n verimlili\u011fini ve performans\u0131n\u0131<span class=\"excerpt-hellip\"> [\u2026]<\/span><\/p>\n","protected":false},"featured_media":0,"template":"","meta":{"_monsterinsights_skip_tracking":false,"_monsterinsights_sitenote_active":false,"_monsterinsights_sitenote_note":"","_monsterinsights_sitenote_category":0},"product_brand":[],"product_cat":[17249,13043],"product_tag":[],"class_list":{"0":"post-777146","1":"product","2":"type-product","3":"status-publish","5":"product_cat-borsa-finans","6":"product_cat-ekonomi","7":"pa_cilt-ciltli","8":"pa_tur-kitap","9":"pa_yayinevi-nobel-akademik-yayincilik","10":"pa_yazar-turgut-ozkan","12":"first","13":"instock","14":"sale","15":"shipping-taxable","16":"purchasable","17":"product-type-simple"},"_links":{"self":[{"href":"https:\/\/roveyayinevi.com.tr\/index.php\/wp-json\/wp\/v2\/product\/777146","targetHints":{"allow":["GET"]}}],"collection":[{"href":"https:\/\/roveyayinevi.com.tr\/index.php\/wp-json\/wp\/v2\/product"}],"about":[{"href":"https:\/\/roveyayinevi.com.tr\/index.php\/wp-json\/wp\/v2\/types\/product"}],"wp:attachment":[{"href":"https:\/\/roveyayinevi.com.tr\/index.php\/wp-json\/wp\/v2\/media?parent=777146"}],"wp:term":[{"taxonomy":"product_brand","embeddable":true,"href":"https:\/\/roveyayinevi.com.tr\/index.php\/wp-json\/wp\/v2\/product_brand?post=777146"},{"taxonomy":"product_cat","embeddable":true,"href":"https:\/\/roveyayinevi.com.tr\/index.php\/wp-json\/wp\/v2\/product_cat?post=777146"},{"taxonomy":"product_tag","embeddable":true,"href":"https:\/\/roveyayinevi.com.tr\/index.php\/wp-json\/wp\/v2\/product_tag?post=777146"}],"curies":[{"name":"wp","href":"https:\/\/api.w.org\/{rel}","templated":true}]}}