{"id":777138,"date":"2025-10-11T03:23:03","date_gmt":"2025-10-11T00:23:03","guid":{"rendered":"https:\/\/roveyayinevi.com.tr\/index.php\/urun\/kaos\/"},"modified":"2026-04-16T02:11:21","modified_gmt":"2026-04-15T23:11:21","slug":"kaos","status":"publish","type":"product","link":"https:\/\/roveyayinevi.com.tr\/index.php\/urun\/kaos\/","title":{"rendered":"Kaos"},"content":{"rendered":"<p>Kaos her yerde kar\u015f\u0131m\u0131za \u00e7\u0131kar. Sigara duman\u0131 bir tak\u0131m d\u00fczensiz helezonlar \u00e7izerek y\u00fckselir. Musluktan akan su \u00f6nce d\u00fczenli aral\u0131klarla d\u00fc\u015ferken bir s\u00fcre sonra d\u00fczeni bozulur. Havan\u0131n davran\u0131\u015f\u0131nda, otoyolda birbiri pe\u015fi s\u0131ra giden arabalarda, borsada ve akl\u0131n\u0131za gelebilecek her t\u00fcrl\u00fc \u00e7oklu sistemlerde kaos ortaya \u00e7\u0131kar. \u00c7in\u2019de bir kelebe\u011fin kanat \u00e7\u0131rp\u0131\u015f\u0131 Atlantik okyanusunda f\u0131rt\u0131naya neden olur. Peki b\u00fct\u00fcn bu kaosun i\u00e7inden d\u00fczenlilik nas\u0131l ortaya \u00e7\u0131kar? Bu anlamda art\u0131k kaos bir durumun veya s\u00fcrecin bilimi de\u011fil, varolu\u015fun bilimidir. James Gleick bu yeni bilimi halka tan\u0131tan ilk bilim insanlar\u0131ndan biridir. Uluslararas\u0131 \u00e7ok satan bu \u00f6d\u00fcll\u00fc kitab\u0131n geni\u015fletilmi\u015f bask\u0131s\u0131n\u0131 yeni \u00e7eviriyle okurlar\u0131m\u0131za sunarak Kaos biliminin ba\u015fvuru kitab\u0131n\u0131 yeniden T\u00fcrk\u00e7eye kazand\u0131rman\u0131n mutlulu\u011funu ya\u015f\u0131yoruz&#8230; \ufffcTan\u0131t\u0131m Metni<\/p>\n","protected":false},"excerpt":{"rendered":"<p>Kaos her yerde kar\u015f\u0131m\u0131za \u00e7\u0131kar. Sigara duman\u0131 bir tak\u0131m d\u00fczensiz helezonlar \u00e7izerek y\u00fckselir. Musluktan akan su \u00f6nce d\u00fczenli aral\u0131klarla d\u00fc\u015ferken bir s\u00fcre sonra d\u00fczeni bozulur. Havan\u0131n<span class=\"excerpt-hellip\"> [\u2026]<\/span><\/p>\n","protected":false},"featured_media":0,"template":"","meta":{"_monsterinsights_skip_tracking":false,"_monsterinsights_sitenote_active":false,"_monsterinsights_sitenote_note":"","_monsterinsights_sitenote_category":0},"product_brand":[],"product_cat":[13005,13006],"product_tag":[],"class_list":{"0":"post-777138","1":"product","2":"type-product","3":"status-publish","5":"product_cat-bilim-muhendislik","6":"product_cat-populer-bilim","7":"pa_cilt-ciltsiz","8":"pa_tur-kitap","9":"pa_yayinevi-alfa-yayinlari","10":"pa_yazar-james-gleick","12":"first","13":"instock","14":"sale","15":"shipping-taxable","16":"purchasable","17":"product-type-simple"},"_links":{"self":[{"href":"https:\/\/roveyayinevi.com.tr\/index.php\/wp-json\/wp\/v2\/product\/777138","targetHints":{"allow":["GET"]}}],"collection":[{"href":"https:\/\/roveyayinevi.com.tr\/index.php\/wp-json\/wp\/v2\/product"}],"about":[{"href":"https:\/\/roveyayinevi.com.tr\/index.php\/wp-json\/wp\/v2\/types\/product"}],"wp:attachment":[{"href":"https:\/\/roveyayinevi.com.tr\/index.php\/wp-json\/wp\/v2\/media?parent=777138"}],"wp:term":[{"taxonomy":"product_brand","embeddable":true,"href":"https:\/\/roveyayinevi.com.tr\/index.php\/wp-json\/wp\/v2\/product_brand?post=777138"},{"taxonomy":"product_cat","embeddable":true,"href":"https:\/\/roveyayinevi.com.tr\/index.php\/wp-json\/wp\/v2\/product_cat?post=777138"},{"taxonomy":"product_tag","embeddable":true,"href":"https:\/\/roveyayinevi.com.tr\/index.php\/wp-json\/wp\/v2\/product_tag?post=777138"}],"curies":[{"name":"wp","href":"https:\/\/api.w.org\/{rel}","templated":true}]}}