{"id":777122,"date":"2025-10-10T11:58:28","date_gmt":"2025-10-10T08:58:28","guid":{"rendered":"https:\/\/roveyayinevi.com.tr\/index.php\/urun\/ozel-sektorde-kariyer\/"},"modified":"2026-04-15T03:43:13","modified_gmt":"2026-04-15T00:43:13","slug":"ozel-sektorde-kariyer","status":"publish","type":"product","link":"https:\/\/roveyayinevi.com.tr\/index.php\/urun\/ozel-sektorde-kariyer\/","title":{"rendered":"\u00d6zel Sekt\u00f6rde Kariyer"},"content":{"rendered":"<p>Kadri Kanpak\u2019\u0131n \u00d6zel sekt\u00f6rde kariyer \u00fczerine yeni kitab\u0131. \u2026   Kariyer, bir yolculuktur. Bu yolculukta bazen belirsizlikler, bazen f\u0131rsatlar kar\u015f\u0131m\u0131za \u00e7\u0131kar. \u0130\u015fte tam da bu noktada Kadri KANPAK\u2019IN, \u00d6zel Sekt\u00f6rde Kariyer adl\u0131 \u00e7al\u0131\u015fmas\u0131 devreye giriyor. Bu kitap, sadece bilgi veren bir rehber de\u011fil; ayn\u0131 zamanda yol g\u00f6steren bir dost gibidir. \u0130\u00e7inde, i\u015f d\u00fcnyas\u0131nda ba\u015far\u0131l\u0131 olman\u0131n ipu\u00e7lar\u0131n\u0131, \u00f6zel sekt\u00f6rde ilerlerken dikkat edilmesi gereken noktalar\u0131 ve ger\u00e7ek hayattan al\u0131nm\u0131\u015f de\u011ferli deneyimleri bulacaks\u0131n\u0131z. E\u011fer i\u015f ya\u015fam\u0131nda kendinize sa\u011flam bir y\u00f6n \u00e7izmek, motivasyonunuzu tazelemek ve do\u011fru ad\u0131mlar atmak istiyorsan\u0131z, bu kitap sizin i\u00e7in g\u00fc\u00e7l\u00fc bir ba\u015flang\u0131\u00e7 noktas\u0131 olacakt\u0131r. Unutmay\u0131n; do\u011fru bilgi ve do\u011fru rehberlik, hayallerinize giden yolu \u00e7ok daha ula\u015f\u0131l\u0131r k\u0131lar. Hasan \u015eEKER- YEM\u0130NL\u0130 MAL\u0130 M\u00dc\u015eAV\u0130R <\/p>\n","protected":false},"excerpt":{"rendered":"<p>Kadri Kanpak\u2019\u0131n \u00d6zel sekt\u00f6rde kariyer \u00fczerine yeni kitab\u0131. \u2026 Kariyer, bir yolculuktur. Bu yolculukta bazen belirsizlikler, bazen f\u0131rsatlar kar\u015f\u0131m\u0131za \u00e7\u0131kar. \u0130\u015fte tam da bu noktada Kadri<span class=\"excerpt-hellip\"> [\u2026]<\/span><\/p>\n","protected":false},"featured_media":0,"template":"","meta":{"_monsterinsights_skip_tracking":false,"_monsterinsights_sitenote_active":false,"_monsterinsights_sitenote_note":"","_monsterinsights_sitenote_category":0},"product_brand":[],"product_cat":[12777,12291],"product_tag":[],"class_list":{"0":"post-777122","1":"product","2":"type-product","3":"status-publish","5":"product_cat-deneme","6":"product_cat-edebiyat","7":"pa_cilt-ciltsiz","8":"pa_tur-kitap","9":"pa_yayinevi-nitelik-kitap","10":"pa_yazar-kadri-kanpak","12":"first","13":"instock","14":"sale","15":"shipping-taxable","16":"purchasable","17":"product-type-simple"},"_links":{"self":[{"href":"https:\/\/roveyayinevi.com.tr\/index.php\/wp-json\/wp\/v2\/product\/777122","targetHints":{"allow":["GET"]}}],"collection":[{"href":"https:\/\/roveyayinevi.com.tr\/index.php\/wp-json\/wp\/v2\/product"}],"about":[{"href":"https:\/\/roveyayinevi.com.tr\/index.php\/wp-json\/wp\/v2\/types\/product"}],"wp:attachment":[{"href":"https:\/\/roveyayinevi.com.tr\/index.php\/wp-json\/wp\/v2\/media?parent=777122"}],"wp:term":[{"taxonomy":"product_brand","embeddable":true,"href":"https:\/\/roveyayinevi.com.tr\/index.php\/wp-json\/wp\/v2\/product_brand?post=777122"},{"taxonomy":"product_cat","embeddable":true,"href":"https:\/\/roveyayinevi.com.tr\/index.php\/wp-json\/wp\/v2\/product_cat?post=777122"},{"taxonomy":"product_tag","embeddable":true,"href":"https:\/\/roveyayinevi.com.tr\/index.php\/wp-json\/wp\/v2\/product_tag?post=777122"}],"curies":[{"name":"wp","href":"https:\/\/api.w.org\/{rel}","templated":true}]}}