{"id":777104,"date":"2025-10-10T04:49:55","date_gmt":"2025-10-10T01:49:55","guid":{"rendered":"https:\/\/roveyayinevi.com.tr\/index.php\/urun\/turkiyenin-goc-tarihi-14-yy-21-yuzyila-turkiye-ye-gocler\/"},"modified":"2026-04-16T02:23:13","modified_gmt":"2026-04-15T23:23:13","slug":"turkiyenin-goc-tarihi-14-yy-21-yuzyila-turkiye-ye-gocler","status":"publish","type":"product","link":"https:\/\/roveyayinevi.com.tr\/index.php\/urun\/turkiyenin-goc-tarihi-14-yy-21-yuzyila-turkiye-ye-gocler\/","title":{"rendered":"T\u00fcrkiye\u2019nin G\u00f6\u00e7 Tarihi &#8211; 14. YY 21. Y\u00fczy\u0131la T\u00fcrkiye ye  G\u00f6\u00e7ler"},"content":{"rendered":"<p>Bu eser, Anadolu topraklar\u0131n\u0131n y\u00fczlerce y\u0131l\u0131n \u00f6tesine uzanan son derece hareketli, zengin ve o \u00f6l\u00e7\u00fcde de \u00e7ok y\u00f6nl\u00fc, \u00e7ok k\u00fclt\u00fcrl\u00fc sonu\u00e7lar yaratan g\u00f6\u00e7 tarihinin, d\u00fcnden bug\u00fcne ula\u015fan hikayesini konu ediniyor. Asl\u0131nda \u00e7al\u0131\u015fma, Anadolu co\u011frafyas\u0131n\u0131n k\u0131sa say\u0131labilecek bir tarihsel dilimi \u00fczerinde yo\u011funla\u015fmakta ve genel olarak Osmanl\u0131 Devleti\u2019nin kurulu\u015fundan bu yana ger\u00e7ekle\u015fen g\u00f6\u00e7lerin yaratm\u0131\u015f oldu\u011fu toplumsal, ekonomik, siyasal ve k\u00fclt\u00fcrel yap\u0131lanmalar\u0131 sonu\u00e7lar\u0131yla birlikte ele almaktad\u0131r. Bu ba\u011flamda bu eser, \u00e7ok k\u00fclt\u00fcrl\u00fc Anadolu\u2019yu resmetmekte, bu geni\u015f \u00e7er\u00e7eve i\u00e7inde y\u00fczlerce y\u0131l s\u00fcrekli de\u011fi\u015fen ama hi\u00e7bir zaman tek renkli olmayan zengin ve \u00e7arp\u0131c\u0131 tabloyu anlamam\u0131z\u0131 sa\u011flamaktad\u0131r. Prof. Dr. Kemal H. Karpat\u2019\u0131n ifadesiyle \u201cBug\u00fcnki T\u00fcrkiye\u2019nin *n\u00fcfus bak\u0131m\u0131ndan en \u00f6nemli d\u00f6nemi \u015f\u00fcphesiz ki, Osmanl\u0131 Devleti s\u00fcresidir. Osmanl\u0131 g\u00f6\u00e7le ba\u015flam\u0131\u015f ve g\u00f6\u00e7le da\u011f\u0131lm\u0131\u015ft\u0131r\u2026 1912\/13, 1930\u2019lu ve 1950\u2019li y\u0131llarda ya\u015fanan g\u00f6\u00e7ler sayesinde toplumsal, siyasal ve k\u00fclt\u00fcrel de\u011fi\u015fiklikler ana karakterini kaybetmeden devam etmi\u015ftir. T\u00fcrkiye, s\u00f6z\u00fcn k\u0131sacas\u0131, g\u00f6\u00e7ler sayesinde kurulmu\u015f, de\u011fi\u015fmi\u015f ve bug\u00fcn milli devlet haline gelmi\u015ftir.\u201d <\/p>\n","protected":false},"excerpt":{"rendered":"<p>Bu eser, Anadolu topraklar\u0131n\u0131n y\u00fczlerce y\u0131l\u0131n \u00f6tesine uzanan son derece hareketli, zengin ve o \u00f6l\u00e7\u00fcde de \u00e7ok y\u00f6nl\u00fc, \u00e7ok k\u00fclt\u00fcrl\u00fc sonu\u00e7lar yaratan g\u00f6\u00e7 tarihinin, d\u00fcnden bug\u00fcne<span class=\"excerpt-hellip\"> [\u2026]<\/span><\/p>\n","protected":false},"featured_media":0,"template":"","meta":{"_monsterinsights_skip_tracking":false,"_monsterinsights_sitenote_active":false,"_monsterinsights_sitenote_note":"","_monsterinsights_sitenote_category":0},"product_brand":[],"product_cat":[13590,12337],"product_tag":[],"class_list":{"0":"post-777104","1":"product","2":"type-product","3":"status-publish","5":"product_cat-arastirma-inceleme-politika-siyaset","6":"product_cat-politika-siyaset","7":"pa_cilt-ciltsiz","8":"pa_tur-kitap","9":"pa_yayinevi-tiav","10":"pa_yazar-kolektif","12":"first","13":"instock","14":"sale","15":"shipping-taxable","16":"purchasable","17":"product-type-simple"},"_links":{"self":[{"href":"https:\/\/roveyayinevi.com.tr\/index.php\/wp-json\/wp\/v2\/product\/777104","targetHints":{"allow":["GET"]}}],"collection":[{"href":"https:\/\/roveyayinevi.com.tr\/index.php\/wp-json\/wp\/v2\/product"}],"about":[{"href":"https:\/\/roveyayinevi.com.tr\/index.php\/wp-json\/wp\/v2\/types\/product"}],"wp:attachment":[{"href":"https:\/\/roveyayinevi.com.tr\/index.php\/wp-json\/wp\/v2\/media?parent=777104"}],"wp:term":[{"taxonomy":"product_brand","embeddable":true,"href":"https:\/\/roveyayinevi.com.tr\/index.php\/wp-json\/wp\/v2\/product_brand?post=777104"},{"taxonomy":"product_cat","embeddable":true,"href":"https:\/\/roveyayinevi.com.tr\/index.php\/wp-json\/wp\/v2\/product_cat?post=777104"},{"taxonomy":"product_tag","embeddable":true,"href":"https:\/\/roveyayinevi.com.tr\/index.php\/wp-json\/wp\/v2\/product_tag?post=777104"}],"curies":[{"name":"wp","href":"https:\/\/api.w.org\/{rel}","templated":true}]}}