{"id":777078,"date":"2025-10-09T11:35:32","date_gmt":"2025-10-09T08:35:32","guid":{"rendered":"https:\/\/roveyayinevi.com.tr\/index.php\/urun\/lets-speak-english-ozel-basim\/"},"modified":"2026-04-15T03:43:11","modified_gmt":"2026-04-15T00:43:11","slug":"lets-speak-english-ozel-basim","status":"publish","type":"product","link":"https:\/\/roveyayinevi.com.tr\/index.php\/urun\/lets-speak-english-ozel-basim\/","title":{"rendered":"Let\u2019s Speak English \u00d6zel Bas\u0131m"},"content":{"rendered":"<p>Sa\u011fl\u0131ktan Teknolojiye, Haberlerden F\u0131kralara,\u0130\u015f D\u00fcnyas\u0131ndan Ya\u015fam \u00d6yk\u00fclerine, her alandan se\u00e7ilmi\u015f Y\u00dcZLERCE \u0130LG\u0130N\u00c7 KONU  Her Durum i\u00e7in KAR\u015eILIKLI KONU\u015eMA \u00d6rnekleri  10.000&#8217;den fazla \u0130ngilizce S\u00d6ZC\u00dcK ve DEY\u0130M  T\u00fcrk\u00e7e A\u00e7\u0131klamal\u0131, Geni\u015f Kapsaml\u0131\u0130NG\u0130L\u0130ZCE D\u0130LB\u0130LG\u0130S\u0130<\/p>\n","protected":false},"excerpt":{"rendered":"<p>Sa\u011fl\u0131ktan Teknolojiye, Haberlerden F\u0131kralara,\u0130\u015f D\u00fcnyas\u0131ndan Ya\u015fam \u00d6yk\u00fclerine, her alandan se\u00e7ilmi\u015f Y\u00dcZLERCE \u0130LG\u0130N\u00c7 KONU Her Durum i\u00e7in KAR\u015eILIKLI KONU\u015eMA \u00d6rnekleri 10.000&#8217;den fazla \u0130ngilizce S\u00d6ZC\u00dcK ve DEY\u0130M T\u00fcrk\u00e7e<span class=\"excerpt-hellip\"> [\u2026]<\/span><\/p>\n","protected":false},"featured_media":0,"template":"","meta":{"_monsterinsights_skip_tracking":false,"_monsterinsights_sitenote_active":false,"_monsterinsights_sitenote_note":"","_monsterinsights_sitenote_category":0},"product_brand":[],"product_cat":[14597,12566],"product_tag":[],"class_list":{"0":"post-777078","1":"product","2":"type-product","3":"status-publish","5":"product_cat-dil-ogrenimi","6":"product_cat-egitim","7":"pa_cilt-ciltsiz","8":"pa_tur-kitap","9":"pa_yayinevi-net-kitap","10":"pa_yazar-b-orhan-dogan","12":"first","13":"instock","14":"sale","15":"shipping-taxable","16":"purchasable","17":"product-type-simple"},"_links":{"self":[{"href":"https:\/\/roveyayinevi.com.tr\/index.php\/wp-json\/wp\/v2\/product\/777078","targetHints":{"allow":["GET"]}}],"collection":[{"href":"https:\/\/roveyayinevi.com.tr\/index.php\/wp-json\/wp\/v2\/product"}],"about":[{"href":"https:\/\/roveyayinevi.com.tr\/index.php\/wp-json\/wp\/v2\/types\/product"}],"wp:attachment":[{"href":"https:\/\/roveyayinevi.com.tr\/index.php\/wp-json\/wp\/v2\/media?parent=777078"}],"wp:term":[{"taxonomy":"product_brand","embeddable":true,"href":"https:\/\/roveyayinevi.com.tr\/index.php\/wp-json\/wp\/v2\/product_brand?post=777078"},{"taxonomy":"product_cat","embeddable":true,"href":"https:\/\/roveyayinevi.com.tr\/index.php\/wp-json\/wp\/v2\/product_cat?post=777078"},{"taxonomy":"product_tag","embeddable":true,"href":"https:\/\/roveyayinevi.com.tr\/index.php\/wp-json\/wp\/v2\/product_tag?post=777078"}],"curies":[{"name":"wp","href":"https:\/\/api.w.org\/{rel}","templated":true}]}}