{"id":777077,"date":"2025-10-09T11:35:28","date_gmt":"2025-10-09T08:35:28","guid":{"rendered":"https:\/\/roveyayinevi.com.tr\/index.php\/urun\/tia-the-turtle-kaplumbaga-tia-ingilizce-ogreniyorum-iki-dilli-ingilizce-turkce\/"},"modified":"2026-04-15T03:43:10","modified_gmt":"2026-04-15T00:43:10","slug":"tia-the-turtle-kaplumbaga-tia-ingilizce-ogreniyorum-iki-dilli-ingilizce-turkce","status":"publish","type":"product","link":"https:\/\/roveyayinevi.com.tr\/index.php\/urun\/tia-the-turtle-kaplumbaga-tia-ingilizce-ogreniyorum-iki-dilli-ingilizce-turkce\/","title":{"rendered":"Tia The Turtle \/ Kaplumba\u011fa Tia \u0130ngilizce \u00d6\u011freniyorum (\u0130ki Dilli: \u0130ngilizce-T\u00fcrk\u00e7e)"},"content":{"rendered":"<p>Tia the turtle is setting out on a big journey, from the beach where she was born to the Sargasso Sea. And on the way, Tia must learn to be brave&#8230;   Kaplumba\u011fa Tia do\u011fdu\u011fu kumsaldan Sargasso Denizi\u2019ne uzanan b\u00fcy\u00fck bir yolculu\u011fa \u00e7\u0131k\u0131yor. Ve yolda cesur olmay\u0131 \u00f6\u011frenmesi gerekiyor&#8230;<\/p>\n","protected":false},"excerpt":{"rendered":"<p>Tia the turtle is setting out on a big journey, from the beach where she was born to the Sargasso Sea. And on the way, Tia<span class=\"excerpt-hellip\"> [\u2026]<\/span><\/p>\n","protected":false},"featured_media":0,"template":"","meta":{"_monsterinsights_skip_tracking":false,"_monsterinsights_sitenote_active":false,"_monsterinsights_sitenote_note":"","_monsterinsights_sitenote_category":0},"product_brand":[],"product_cat":[12274,12518],"product_tag":[],"class_list":{"0":"post-777077","1":"product","2":"type-product","3":"status-publish","5":"product_cat-cocuk-ve-genclik-kitaplari","6":"product_cat-okul-oncesi-kitaplar","7":"pa_cilt-ciltsiz","8":"pa_tur-kitap","9":"pa_yayinevi-koc-universitesi-yayinlari","10":"pa_yazar-catherine-veitch","12":"first","13":"instock","14":"sale","15":"shipping-taxable","16":"purchasable","17":"product-type-simple"},"_links":{"self":[{"href":"https:\/\/roveyayinevi.com.tr\/index.php\/wp-json\/wp\/v2\/product\/777077","targetHints":{"allow":["GET"]}}],"collection":[{"href":"https:\/\/roveyayinevi.com.tr\/index.php\/wp-json\/wp\/v2\/product"}],"about":[{"href":"https:\/\/roveyayinevi.com.tr\/index.php\/wp-json\/wp\/v2\/types\/product"}],"wp:attachment":[{"href":"https:\/\/roveyayinevi.com.tr\/index.php\/wp-json\/wp\/v2\/media?parent=777077"}],"wp:term":[{"taxonomy":"product_brand","embeddable":true,"href":"https:\/\/roveyayinevi.com.tr\/index.php\/wp-json\/wp\/v2\/product_brand?post=777077"},{"taxonomy":"product_cat","embeddable":true,"href":"https:\/\/roveyayinevi.com.tr\/index.php\/wp-json\/wp\/v2\/product_cat?post=777077"},{"taxonomy":"product_tag","embeddable":true,"href":"https:\/\/roveyayinevi.com.tr\/index.php\/wp-json\/wp\/v2\/product_tag?post=777077"}],"curies":[{"name":"wp","href":"https:\/\/api.w.org\/{rel}","templated":true}]}}