{"id":777050,"date":"2025-10-09T03:21:01","date_gmt":"2025-10-09T00:21:01","guid":{"rendered":"https:\/\/roveyayinevi.com.tr\/index.php\/urun\/ab-ile-guncel-iliskilerimiz-ve-ekonomik-kriz\/"},"modified":"2026-04-16T02:11:23","modified_gmt":"2026-04-15T23:11:23","slug":"ab-ile-guncel-iliskilerimiz-ve-ekonomik-kriz","status":"publish","type":"product","link":"https:\/\/roveyayinevi.com.tr\/index.php\/urun\/ab-ile-guncel-iliskilerimiz-ve-ekonomik-kriz\/","title":{"rendered":"AB ile G\u00fcncel \u0130li\u015fkilerimiz ve Ekonomik Kriz"},"content":{"rendered":"<p>T\u00fcrkiye\u2019nin Avrupa Birli\u011fi\u2019 ne tam \u00fcyeli\u011fi konusunun gitgide g\u00fcndemimizden d\u00fc\u015ft\u00fc\u011f\u00fc art\u0131k net bir \u015fekilde g\u00f6r\u00fcn\u00fcyor. 1 Ocak 2014\u2019 ten itibaren Yunanistan d\u00f6nem ba\u015fkanl\u0131\u011f\u0131n\u0131 ald\u0131. T\u00fcrkiye\u2019nin ezeli rakibi olan Yunanistan \u00f6n\u00fcm\u00fczdeki alt\u0131 ay i\u00e7inde T\u00fcrkiye-AB ili\u015fkilerine y\u00f6n verdi. Fakat ba\u015fkanl\u0131\u011f\u0131 \u00e7ok kritik bir durumda ald\u0131. <\/p>\n","protected":false},"excerpt":{"rendered":"<p>T\u00fcrkiye\u2019nin Avrupa Birli\u011fi\u2019 ne tam \u00fcyeli\u011fi konusunun gitgide g\u00fcndemimizden d\u00fc\u015ft\u00fc\u011f\u00fc art\u0131k net bir \u015fekilde g\u00f6r\u00fcn\u00fcyor. 1 Ocak 2014\u2019 ten itibaren Yunanistan d\u00f6nem ba\u015fkanl\u0131\u011f\u0131n\u0131 ald\u0131. T\u00fcrkiye\u2019nin ezeli<span class=\"excerpt-hellip\"> [\u2026]<\/span><\/p>\n","protected":false},"featured_media":0,"template":"","meta":{"_monsterinsights_skip_tracking":false,"_monsterinsights_sitenote_active":false,"_monsterinsights_sitenote_note":"","_monsterinsights_sitenote_category":0},"product_brand":[],"product_cat":[13596,12337],"product_tag":[],"class_list":{"0":"post-777050","1":"product","2":"type-product","3":"status-publish","5":"product_cat-avrupa-birligi","6":"product_cat-politika-siyaset","7":"pa_tur-kitap","8":"pa_yayinevi-kalkedon-yayincilik","9":"pa_yazar-faruk-sen","11":"first","12":"instock","13":"sale","14":"shipping-taxable","15":"purchasable","16":"product-type-simple"},"_links":{"self":[{"href":"https:\/\/roveyayinevi.com.tr\/index.php\/wp-json\/wp\/v2\/product\/777050","targetHints":{"allow":["GET"]}}],"collection":[{"href":"https:\/\/roveyayinevi.com.tr\/index.php\/wp-json\/wp\/v2\/product"}],"about":[{"href":"https:\/\/roveyayinevi.com.tr\/index.php\/wp-json\/wp\/v2\/types\/product"}],"wp:attachment":[{"href":"https:\/\/roveyayinevi.com.tr\/index.php\/wp-json\/wp\/v2\/media?parent=777050"}],"wp:term":[{"taxonomy":"product_brand","embeddable":true,"href":"https:\/\/roveyayinevi.com.tr\/index.php\/wp-json\/wp\/v2\/product_brand?post=777050"},{"taxonomy":"product_cat","embeddable":true,"href":"https:\/\/roveyayinevi.com.tr\/index.php\/wp-json\/wp\/v2\/product_cat?post=777050"},{"taxonomy":"product_tag","embeddable":true,"href":"https:\/\/roveyayinevi.com.tr\/index.php\/wp-json\/wp\/v2\/product_tag?post=777050"}],"curies":[{"name":"wp","href":"https:\/\/api.w.org\/{rel}","templated":true}]}}