{"id":777041,"date":"2025-10-08T19:22:10","date_gmt":"2025-10-08T16:22:10","guid":{"rendered":"https:\/\/roveyayinevi.com.tr\/index.php\/urun\/babaanne-ve-torunlari\/"},"modified":"2026-04-15T03:43:11","modified_gmt":"2026-04-15T00:43:11","slug":"babaanne-ve-torunlari","status":"publish","type":"product","link":"https:\/\/roveyayinevi.com.tr\/index.php\/urun\/babaanne-ve-torunlari\/","title":{"rendered":"Babaanne ve Torunlar\u0131"},"content":{"rendered":"<p>Beton evlerin g\u00f6lgesinde s\u0131k\u0131\u015f\u0131p kalan Arda, k\u00f6yde topra\u011f\u0131n s\u0131cac\u0131k kuca\u011f\u0131nda yeniden nefes almay\u0131 \u00f6\u011freniyor. Orada sa\u011fl\u0131k ve mutluluk, bir masal gibi yeniden filizleniyor.    Topra\u011f\u0131n alt\u0131ndaki gizemli s\u0131rlar\u0131 merak ediyor musunuz? K\u00fc\u00e7\u00fcc\u00fck bir tohumun sab\u0131rla b\u00fcy\u00fcy\u00fcp nas\u0131l kocaman bir mucizeye d\u00f6n\u00fc\u015ft\u00fc\u011f\u00fcn\u00fc g\u00f6rmek ister misiniz? Nehrin co\u015fkusunu duyun, suyun melodisini dinleyin\u2026 \u00c7\u00fcnk\u00fc su, hayat\u0131n en g\u00fczel \u015fark\u0131s\u0131n\u0131 s\u00f6yler.    Her tohumun i\u00e7inde sakl\u0131 bir s\u0131r var. Peki ya bu s\u0131rlar, sab\u0131rla b\u00fcy\u00fct\u00fcld\u00fc\u011f\u00fcnde hangi mucizelere d\u00f6n\u00fc\u015f\u00fcr dersiniz? Orman\u0131n derinliklerinde gizlenen bir kalp var\u2026 \u0130\u015fte G\u00fcls\u00fcven Teyze, torunlar\u0131n\u0131 bu kalple tan\u0131\u015ft\u0131r\u0131yor.  <\/p>\n","protected":false},"excerpt":{"rendered":"<p>Beton evlerin g\u00f6lgesinde s\u0131k\u0131\u015f\u0131p kalan Arda, k\u00f6yde topra\u011f\u0131n s\u0131cac\u0131k kuca\u011f\u0131nda yeniden nefes almay\u0131 \u00f6\u011freniyor. Orada sa\u011fl\u0131k ve mutluluk, bir masal gibi yeniden filizleniyor. Topra\u011f\u0131n alt\u0131ndaki gizemli<span class=\"excerpt-hellip\"> [\u2026]<\/span><\/p>\n","protected":false},"featured_media":0,"template":"","meta":{"_monsterinsights_skip_tracking":false,"_monsterinsights_sitenote_active":false,"_monsterinsights_sitenote_note":"","_monsterinsights_sitenote_category":0},"product_brand":[],"product_cat":[141304],"product_tag":[],"class_list":{"0":"post-777041","1":"product","2":"type-product","3":"status-publish","5":"product_cat-yeni-cikanlar","6":"pa_cilt-ciltsiz","7":"pa_tur-kitap","8":"pa_yayinevi-perseus","9":"pa_yazar-ulya-nur","11":"first","12":"instock","13":"sale","14":"shipping-taxable","15":"purchasable","16":"product-type-simple"},"_links":{"self":[{"href":"https:\/\/roveyayinevi.com.tr\/index.php\/wp-json\/wp\/v2\/product\/777041","targetHints":{"allow":["GET"]}}],"collection":[{"href":"https:\/\/roveyayinevi.com.tr\/index.php\/wp-json\/wp\/v2\/product"}],"about":[{"href":"https:\/\/roveyayinevi.com.tr\/index.php\/wp-json\/wp\/v2\/types\/product"}],"wp:attachment":[{"href":"https:\/\/roveyayinevi.com.tr\/index.php\/wp-json\/wp\/v2\/media?parent=777041"}],"wp:term":[{"taxonomy":"product_brand","embeddable":true,"href":"https:\/\/roveyayinevi.com.tr\/index.php\/wp-json\/wp\/v2\/product_brand?post=777041"},{"taxonomy":"product_cat","embeddable":true,"href":"https:\/\/roveyayinevi.com.tr\/index.php\/wp-json\/wp\/v2\/product_cat?post=777041"},{"taxonomy":"product_tag","embeddable":true,"href":"https:\/\/roveyayinevi.com.tr\/index.php\/wp-json\/wp\/v2\/product_tag?post=777041"}],"curies":[{"name":"wp","href":"https:\/\/api.w.org\/{rel}","templated":true}]}}