{"id":777008,"date":"2025-10-08T19:20:33","date_gmt":"2025-10-08T16:20:33","guid":{"rendered":"https:\/\/roveyayinevi.com.tr\/index.php\/urun\/gave-destani\/"},"modified":"2026-04-15T03:43:05","modified_gmt":"2026-04-15T00:43:05","slug":"gave-destani","status":"publish","type":"product","link":"https:\/\/roveyayinevi.com.tr\/index.php\/urun\/gave-destani\/","title":{"rendered":"Gave Destan\u0131"},"content":{"rendered":"<p>Sistem i\u00e7erisindeki sistemsizlikler hemen hemen her d\u00f6nemde mizah\u0131n, hicvin konusuna girmi\u015ftir. Atat\u00fcrk D\u00f6nemi\u2019ndeki kimi d\u00fczensizliklerin mizahla harmanlanarak ele\u015ftirildi\u011fi bu eseri okurken baz\u0131 \u015feylerin bug\u00fcn de de\u011fi\u015fmedi\u011fini g\u00f6receksiniz\u2026 <\/p>\n","protected":false},"excerpt":{"rendered":"<p>Sistem i\u00e7erisindeki sistemsizlikler hemen hemen her d\u00f6nemde mizah\u0131n, hicvin konusuna girmi\u015ftir. Atat\u00fcrk D\u00f6nemi\u2019ndeki kimi d\u00fczensizliklerin mizahla harmanlanarak ele\u015ftirildi\u011fi bu eseri okurken baz\u0131 \u015feylerin bug\u00fcn de de\u011fi\u015fmedi\u011fini<span class=\"excerpt-hellip\"> [\u2026]<\/span><\/p>\n","protected":false},"featured_media":0,"template":"","meta":{"_monsterinsights_skip_tracking":false,"_monsterinsights_sitenote_active":false,"_monsterinsights_sitenote_note":"","_monsterinsights_sitenote_category":0},"product_brand":[],"product_cat":[12304],"product_tag":[],"class_list":{"0":"post-777008","1":"product","2":"type-product","3":"status-publish","5":"product_cat-tarih","6":"pa_cilt-ciltsiz","7":"pa_tur-kitap","8":"pa_yayinevi-ideal-kultur-akademik","9":"pa_yazar-huseyin-suat-yalcin","11":"first","12":"instock","13":"sale","14":"shipping-taxable","15":"purchasable","16":"product-type-simple"},"_links":{"self":[{"href":"https:\/\/roveyayinevi.com.tr\/index.php\/wp-json\/wp\/v2\/product\/777008","targetHints":{"allow":["GET"]}}],"collection":[{"href":"https:\/\/roveyayinevi.com.tr\/index.php\/wp-json\/wp\/v2\/product"}],"about":[{"href":"https:\/\/roveyayinevi.com.tr\/index.php\/wp-json\/wp\/v2\/types\/product"}],"wp:attachment":[{"href":"https:\/\/roveyayinevi.com.tr\/index.php\/wp-json\/wp\/v2\/media?parent=777008"}],"wp:term":[{"taxonomy":"product_brand","embeddable":true,"href":"https:\/\/roveyayinevi.com.tr\/index.php\/wp-json\/wp\/v2\/product_brand?post=777008"},{"taxonomy":"product_cat","embeddable":true,"href":"https:\/\/roveyayinevi.com.tr\/index.php\/wp-json\/wp\/v2\/product_cat?post=777008"},{"taxonomy":"product_tag","embeddable":true,"href":"https:\/\/roveyayinevi.com.tr\/index.php\/wp-json\/wp\/v2\/product_tag?post=777008"}],"curies":[{"name":"wp","href":"https:\/\/api.w.org\/{rel}","templated":true}]}}