{"id":777002,"date":"2025-10-08T19:20:12","date_gmt":"2025-10-08T16:20:12","guid":{"rendered":"https:\/\/roveyayinevi.com.tr\/index.php\/urun\/aykiri-kiyilar-1-ciltli\/"},"modified":"2026-04-15T03:43:04","modified_gmt":"2026-04-15T00:43:04","slug":"aykiri-kiyilar-1-ciltli","status":"publish","type":"product","link":"https:\/\/roveyayinevi.com.tr\/index.php\/urun\/aykiri-kiyilar-1-ciltli\/","title":{"rendered":"Ayk\u0131r\u0131 K\u0131y\u0131lar 1 \u2013 Ciltli"},"content":{"rendered":"<p>TAMAY REVA YAZGAN Hayali \u0130stanbul\u2019da mimarl\u0131k okumak olan Tamay i\u00e7in, babas\u0131n\u0131n otellerini devretme vaadi cazip g\u00f6r\u00fcnse de onun tek iste\u011fi hayallerine ula\u015fmakt\u0131r. Ve bunun i\u00e7in ne kadar ileri gidebilece\u011finin fark\u0131nda de\u011fildir. Ta ki kar\u015f\u0131s\u0131na babas\u0131n\u0131n en yak\u0131n dostunun o\u011flu Araf Altemur \u00e7\u0131kana kadar. \u201cSen&#8230; uzaktan bak\u0131nca, normal \u015fartlarda&#8230;\u201d Bir s\u00fcre bakt\u0131m y\u00fcz\u00fcne, \u00e7ok uzun bir s\u00fcre olmal\u0131yd\u0131 ki g\u00f6zleri sab\u0131rs\u0131zca g\u00f6zlerime \u00e7evrildi. \u201c&#8230; tam benim tipimsin&#8230; Biliyor musun?\u201d ARAF REHA ALTEMUR Uzun y\u0131llard\u0131r tek ba\u015f\u0131na s\u00fcrd\u00fcrd\u00fc\u011f\u00fc disiplinli d\u00fcnyas\u0131nda, hayat\u0131n\u0131 i\u015fine adam\u0131\u015f ve kendi \u00e7izgilerini koruyan bir adamd\u0131r. A\u011f\u0131rba\u015fl\u0131, kararl\u0131 ve g\u00f6z ard\u0131 edilemez bir \u00e7ekicili\u011fe sahiptir. Kendi yolunu \u00e7izip ailesinin \u0131srar\u0131ndan kurtulmak i\u00e7in hayat\u0131nda yapt\u0131\u011f\u0131 en iyi anla\u015fma, bir gece Kalkan\u2019da olmu\u015ftur. &#8220;Tamay Altemur,&#8221; dedi derinden bir sesle. &#8220;Sen benim ho\u015flanabilece\u011fim bir kad\u0131ns\u0131n.\u201d Alt duda\u011f\u0131n\u0131 \u0131slatt\u0131 yava\u015f\u00e7a. &#8220;Tam anlam\u0131yla benim tipimsin, bunu biliyor muydun?&#8221; Tam anlam\u0131yla benim tipim olan bir Sar\u0131\u015f\u0131n<\/p>\n","protected":false},"excerpt":{"rendered":"<p>TAMAY REVA YAZGAN Hayali \u0130stanbul\u2019da mimarl\u0131k okumak olan Tamay i\u00e7in, babas\u0131n\u0131n otellerini devretme vaadi cazip g\u00f6r\u00fcnse de onun tek iste\u011fi hayallerine ula\u015fmakt\u0131r. Ve bunun i\u00e7in ne<span class=\"excerpt-hellip\"> [\u2026]<\/span><\/p>\n","protected":false},"featured_media":0,"template":"","meta":{"_monsterinsights_skip_tracking":false,"_monsterinsights_sitenote_active":false,"_monsterinsights_sitenote_note":"","_monsterinsights_sitenote_category":0},"product_brand":[],"product_cat":[141304],"product_tag":[],"class_list":{"0":"post-777002","1":"product","2":"type-product","3":"status-publish","5":"product_cat-yeni-cikanlar","6":"pa_cilt-ciltli","7":"pa_tur-kitap","8":"pa_yayinevi-guardian","9":"pa_yazar-gizem-yigit","11":"first","12":"instock","13":"sale","14":"shipping-taxable","15":"purchasable","16":"product-type-simple"},"_links":{"self":[{"href":"https:\/\/roveyayinevi.com.tr\/index.php\/wp-json\/wp\/v2\/product\/777002","targetHints":{"allow":["GET"]}}],"collection":[{"href":"https:\/\/roveyayinevi.com.tr\/index.php\/wp-json\/wp\/v2\/product"}],"about":[{"href":"https:\/\/roveyayinevi.com.tr\/index.php\/wp-json\/wp\/v2\/types\/product"}],"wp:attachment":[{"href":"https:\/\/roveyayinevi.com.tr\/index.php\/wp-json\/wp\/v2\/media?parent=777002"}],"wp:term":[{"taxonomy":"product_brand","embeddable":true,"href":"https:\/\/roveyayinevi.com.tr\/index.php\/wp-json\/wp\/v2\/product_brand?post=777002"},{"taxonomy":"product_cat","embeddable":true,"href":"https:\/\/roveyayinevi.com.tr\/index.php\/wp-json\/wp\/v2\/product_cat?post=777002"},{"taxonomy":"product_tag","embeddable":true,"href":"https:\/\/roveyayinevi.com.tr\/index.php\/wp-json\/wp\/v2\/product_tag?post=777002"}],"curies":[{"name":"wp","href":"https:\/\/api.w.org\/{rel}","templated":true}]}}