{"id":776996,"date":"2025-10-08T19:19:37","date_gmt":"2025-10-08T16:19:37","guid":{"rendered":"https:\/\/roveyayinevi.com.tr\/index.php\/urun\/dovme-cinayetleri-japon-polisiye-klasikleri\/"},"modified":"2026-04-12T03:33:15","modified_gmt":"2026-04-12T00:33:15","slug":"dovme-cinayetleri-japon-polisiye-klasikleri","status":"publish","type":"product","link":"https:\/\/roveyayinevi.com.tr\/index.php\/urun\/dovme-cinayetleri-japon-polisiye-klasikleri\/","title":{"rendered":"D\u00f6vme Cinayetleri \u2013 Japon Polisiye Klasikleri"},"content":{"rendered":"<p>Bir kad\u0131n. Nefes kesen bir d\u00f6vme. \u0130mk\u00e2ns\u0131z bir kilitli oda cinayeti.   Tokyo, 1947. D\u00f6vme Cemiyeti\u2019nin sava\u015f sonras\u0131 ilk gizli toplant\u0131s\u0131nda, Kinue Nomura t\u00fcm v\u00fccudunu kaplayan y\u0131lan d\u00f6vmesiyle salondakileri b\u00fcy\u00fcler. G\u00fcnler sonra, evinin i\u00e7eriden kilitlenmi\u015f banyosunda Kinue\u2019nin cesedi bulunur\u2026 v\u00fccudu par\u00e7alanm\u0131\u015f ve d\u00f6vmesi ak\u0131lalmaz bi\u00e7imde kaybolmu\u015f. Gen\u00e7 doktor Kenzo, dosyay\u0131 \u00fcstlenen ba\u015fkomiser a\u011fabeyiyle birlikte bu deh\u015fet verici davan\u0131n ortas\u0131nda bulur kendisini. Ama cinayetler durmayacakt\u0131r. Birilerinin d\u00f6vmeli bedenlere saplant\u0131s\u0131 olabilir mi? Daha \u00f6nemlisi, bu birileri, durdurulabilir mi? Tokyo\u2019nun y\u0131k\u0131k sokaklar\u0131, yeralt\u0131 barlar\u0131 ve yakuza \u00e7etelerinin g\u00f6lgesinde hayat bulan D\u00f6vme Cinayetleri, Japon polisiyesinin imzas\u0131 Honkaku t\u00fcr\u00fcn\u00fcn en parlak \u00f6rneklerinden. Klasik kilitli oda gizemlerini Tokyo\u2019nun karanl\u0131k atmosferiyle birle\u015ftiren Akimitsu Takagi, polisiye edebiyat\u0131n en unutulmaz bulmacalar\u0131ndan birini yarat\u0131yor.   \u201cGirift, muhte\u015fem ve inan\u0131lmaz s\u00fcr\u00fckleyici. Deh\u015feti ve ustal\u0131\u011f\u0131yla John Dickson Carr\u2019a meydan okuyor. L\u00fctfen dahas\u0131 gelsin&#8230;\u201d KIRKUS <\/p>\n","protected":false},"excerpt":{"rendered":"<p>Bir kad\u0131n. Nefes kesen bir d\u00f6vme. \u0130mk\u00e2ns\u0131z bir kilitli oda cinayeti. Tokyo, 1947. D\u00f6vme Cemiyeti\u2019nin sava\u015f sonras\u0131 ilk gizli toplant\u0131s\u0131nda, Kinue Nomura t\u00fcm v\u00fccudunu kaplayan y\u0131lan<span class=\"excerpt-hellip\"> [\u2026]<\/span><\/p>\n","protected":false},"featured_media":0,"template":"","meta":{"_monsterinsights_skip_tracking":false,"_monsterinsights_sitenote_active":false,"_monsterinsights_sitenote_note":"","_monsterinsights_sitenote_category":0},"product_brand":[],"product_cat":[12291,12711],"product_tag":[],"class_list":{"0":"post-776996","1":"product","2":"type-product","3":"status-publish","5":"product_cat-edebiyat","6":"product_cat-roman-oyku","7":"pa_cilt-ciltsiz","8":"pa_tur-kitap","9":"pa_yayinevi-domingo-yayinevi","10":"pa_yazar-akimitsu-takagi","12":"first","13":"instock","14":"sale","15":"shipping-taxable","16":"purchasable","17":"product-type-simple"},"_links":{"self":[{"href":"https:\/\/roveyayinevi.com.tr\/index.php\/wp-json\/wp\/v2\/product\/776996","targetHints":{"allow":["GET"]}}],"collection":[{"href":"https:\/\/roveyayinevi.com.tr\/index.php\/wp-json\/wp\/v2\/product"}],"about":[{"href":"https:\/\/roveyayinevi.com.tr\/index.php\/wp-json\/wp\/v2\/types\/product"}],"wp:attachment":[{"href":"https:\/\/roveyayinevi.com.tr\/index.php\/wp-json\/wp\/v2\/media?parent=776996"}],"wp:term":[{"taxonomy":"product_brand","embeddable":true,"href":"https:\/\/roveyayinevi.com.tr\/index.php\/wp-json\/wp\/v2\/product_brand?post=776996"},{"taxonomy":"product_cat","embeddable":true,"href":"https:\/\/roveyayinevi.com.tr\/index.php\/wp-json\/wp\/v2\/product_cat?post=776996"},{"taxonomy":"product_tag","embeddable":true,"href":"https:\/\/roveyayinevi.com.tr\/index.php\/wp-json\/wp\/v2\/product_tag?post=776996"}],"curies":[{"name":"wp","href":"https:\/\/api.w.org\/{rel}","templated":true}]}}