{"id":776987,"date":"2025-10-08T18:26:55","date_gmt":"2025-10-08T15:26:55","guid":{"rendered":"https:\/\/roveyayinevi.com.tr\/index.php\/urun\/yunus-emre-divanindan-secmeler-aciklamali\/"},"modified":"2026-04-15T03:33:22","modified_gmt":"2026-04-15T00:33:22","slug":"yunus-emre-divanindan-secmeler-aciklamali","status":"publish","type":"product","link":"https:\/\/roveyayinevi.com.tr\/index.php\/urun\/yunus-emre-divanindan-secmeler-aciklamali\/","title":{"rendered":"Yunus Emre Divan\u0131\u2019ndan Se\u00e7meler (A\u00e7\u0131klamal\u0131)"},"content":{"rendered":"<p>Din\u00ee-tasavvuf\u00ee T\u00fcrk edebiyat\u0131n\u0131n en \u00f6nemli temsilcilerinden olan Yunus Emre d\u00fc\u015f\u00fcnceleri ve m\u0131sralar\u0131 ile evrensel bir \u00fcne ula\u015fm\u0131\u015ft\u0131r. Onun sevgi dolu g\u00f6nl\u00fcnden kopup gelen birlik \u00e7a\u011fr\u0131s\u0131 \u00e7a\u011flar\u0131 a\u015farak 21. asra kadar ula\u015fm\u0131\u015f ve b\u00fct\u00fcn d\u00fcnya milletlerince benimsenmi\u015ftir. Yunus\u2019u \u00f6l\u00fcms\u00fcz k\u0131lan, dilden dile, g\u00f6n\u00fclden g\u00f6n\u00fcle g\u00fcn\u00fcm\u00fcze kadar eri\u015ftiren \u015fiirleri, yani il\u00e2hileridir. Bu \u015fiirler zamanlar\u0131 a\u015fmakla kalmam\u0131\u015f, s\u0131n\u0131rlar\u0131 da a\u015farak t\u00fcm insanl\u0131\u011f\u0131n mal\u0131 olmu\u015ftur. Bu \u015fiirler \u0130sl\u00e2m felsefesini, d\u00fc\u015f\u00fcncesini, insan anlay\u0131\u015f\u0131n\u0131 en g\u00fczel bi\u00e7imde i\u015flemi\u015f ve halk\u0131n anlayaca\u011f\u0131 bir dille sunmu\u015ftur. Bu \u015fiirleri b\u00f6ylesine benimseten anla\u015f\u0131l\u0131r ve samimi olmalar\u0131d\u0131r. O en kar\u0131\u015f\u0131k d\u00fc\u015f\u00fcnceleri basit s\u00f6yleyi\u015flerle bize sunar. Her insana ayn\u0131 g\u00f6zle bakmay\u0131, t\u00fcm canl\u0131lar\u0131 sevmeyi \u00f6\u011fretir. 13. as\u0131rdan g\u00fcn\u00fcm\u00fcze, ruhlar\u0131 ayd\u0131nlatmaya devam eden bu sevgi ve ho\u015fg\u00f6r\u00fc \u0131\u015f\u0131\u011f\u0131, sundu\u011fu g\u00fczelliklerin ve sevgiyle onun yolundan gidenlerin sayesinde \u00e7a\u011flar sonras\u0131n\u0131 da ayd\u0131nlatacakt\u0131r. <\/p>\n","protected":false},"excerpt":{"rendered":"<p>Din\u00ee-tasavvuf\u00ee T\u00fcrk edebiyat\u0131n\u0131n en \u00f6nemli temsilcilerinden olan Yunus Emre d\u00fc\u015f\u00fcnceleri ve m\u0131sralar\u0131 ile evrensel bir \u00fcne ula\u015fm\u0131\u015ft\u0131r. Onun sevgi dolu g\u00f6nl\u00fcnden kopup gelen birlik \u00e7a\u011fr\u0131s\u0131 \u00e7a\u011flar\u0131<span class=\"excerpt-hellip\"> [\u2026]<\/span><\/p>\n","protected":false},"featured_media":0,"template":"","meta":{"_monsterinsights_skip_tracking":false,"_monsterinsights_sitenote_active":false,"_monsterinsights_sitenote_note":"","_monsterinsights_sitenote_category":0},"product_brand":[],"product_cat":[12291,12509],"product_tag":[],"class_list":{"0":"post-776987","1":"product","2":"type-product","3":"status-publish","5":"product_cat-edebiyat","6":"product_cat-siir","7":"pa_cilt-ciltsiz","8":"pa_tur-kitap","9":"pa_yayinevi-bilge-kultur-sanat","10":"pa_yazar-emine-sevim","12":"first","13":"instock","14":"sale","15":"shipping-taxable","16":"purchasable","17":"product-type-simple"},"_links":{"self":[{"href":"https:\/\/roveyayinevi.com.tr\/index.php\/wp-json\/wp\/v2\/product\/776987","targetHints":{"allow":["GET"]}}],"collection":[{"href":"https:\/\/roveyayinevi.com.tr\/index.php\/wp-json\/wp\/v2\/product"}],"about":[{"href":"https:\/\/roveyayinevi.com.tr\/index.php\/wp-json\/wp\/v2\/types\/product"}],"wp:attachment":[{"href":"https:\/\/roveyayinevi.com.tr\/index.php\/wp-json\/wp\/v2\/media?parent=776987"}],"wp:term":[{"taxonomy":"product_brand","embeddable":true,"href":"https:\/\/roveyayinevi.com.tr\/index.php\/wp-json\/wp\/v2\/product_brand?post=776987"},{"taxonomy":"product_cat","embeddable":true,"href":"https:\/\/roveyayinevi.com.tr\/index.php\/wp-json\/wp\/v2\/product_cat?post=776987"},{"taxonomy":"product_tag","embeddable":true,"href":"https:\/\/roveyayinevi.com.tr\/index.php\/wp-json\/wp\/v2\/product_tag?post=776987"}],"curies":[{"name":"wp","href":"https:\/\/api.w.org\/{rel}","templated":true}]}}