{"id":776982,"date":"2025-10-08T16:31:15","date_gmt":"2025-10-08T13:31:15","guid":{"rendered":"https:\/\/roveyayinevi.com.tr\/index.php\/urun\/elmer-ve-kelebek\/"},"modified":"2026-04-16T03:04:00","modified_gmt":"2026-04-16T00:04:00","slug":"elmer-ve-kelebek","status":"publish","type":"product","link":"https:\/\/roveyayinevi.com.tr\/index.php\/urun\/elmer-ve-kelebek\/","title":{"rendered":"Elmer ve Kelebek"},"content":{"rendered":"<p>Elmer, Kelebek\u2019i yere d\u00fc\u015fen bir dal\u0131n alt\u0131ndan kurtar\u0131nca, Kelebek bu iyili\u011fin kar\u015f\u0131l\u0131ks\u0131z kalmayaca\u011f\u0131na dair Elmer\u2019e s\u00f6z veriyor. Ama bir kelebek bir file nas\u0131l yard\u0131m edebilir ki?   &#8220;McKee yine harika bir i\u015f \u00e7\u0131karm\u0131\u015f.&#8221; EARLY YEARS EDUCATOR <\/p>\n","protected":false},"excerpt":{"rendered":"<p>Elmer, Kelebek\u2019i yere d\u00fc\u015fen bir dal\u0131n alt\u0131ndan kurtar\u0131nca, Kelebek bu iyili\u011fin kar\u015f\u0131l\u0131ks\u0131z kalmayaca\u011f\u0131na dair Elmer\u2019e s\u00f6z veriyor. Ama bir kelebek bir file nas\u0131l yard\u0131m edebilir ki?<span class=\"excerpt-hellip\"> [\u2026]<\/span><\/p>\n","protected":false},"featured_media":0,"template":"","meta":{"_monsterinsights_skip_tracking":false,"_monsterinsights_sitenote_active":false,"_monsterinsights_sitenote_note":"","_monsterinsights_sitenote_category":0},"product_brand":[],"product_cat":[12274,12284],"product_tag":[],"class_list":{"0":"post-776982","1":"product","2":"type-product","3":"status-publish","5":"product_cat-cocuk-ve-genclik-kitaplari","6":"product_cat-hikayeler","7":"pa_cilt-ciltsiz","8":"pa_tur-kitap","9":"pa_yayinevi-mundi","10":"pa_yazar-david-mckee","12":"first","13":"instock","14":"sale","15":"shipping-taxable","16":"purchasable","17":"product-type-simple"},"_links":{"self":[{"href":"https:\/\/roveyayinevi.com.tr\/index.php\/wp-json\/wp\/v2\/product\/776982","targetHints":{"allow":["GET"]}}],"collection":[{"href":"https:\/\/roveyayinevi.com.tr\/index.php\/wp-json\/wp\/v2\/product"}],"about":[{"href":"https:\/\/roveyayinevi.com.tr\/index.php\/wp-json\/wp\/v2\/types\/product"}],"wp:attachment":[{"href":"https:\/\/roveyayinevi.com.tr\/index.php\/wp-json\/wp\/v2\/media?parent=776982"}],"wp:term":[{"taxonomy":"product_brand","embeddable":true,"href":"https:\/\/roveyayinevi.com.tr\/index.php\/wp-json\/wp\/v2\/product_brand?post=776982"},{"taxonomy":"product_cat","embeddable":true,"href":"https:\/\/roveyayinevi.com.tr\/index.php\/wp-json\/wp\/v2\/product_cat?post=776982"},{"taxonomy":"product_tag","embeddable":true,"href":"https:\/\/roveyayinevi.com.tr\/index.php\/wp-json\/wp\/v2\/product_tag?post=776982"}],"curies":[{"name":"wp","href":"https:\/\/api.w.org\/{rel}","templated":true}]}}