{"id":776966,"date":"2025-10-08T11:46:57","date_gmt":"2025-10-08T08:46:57","guid":{"rendered":"https:\/\/roveyayinevi.com.tr\/index.php\/urun\/ilkogretimde-eglendiren-ve-anlamayi-gelistiren-fen-ogretimi-teaching-primary-science-promoting-enjoyment-and-developing-unders\/"},"modified":"2026-04-16T02:18:02","modified_gmt":"2026-04-15T23:18:02","slug":"ilkogretimde-eglendiren-ve-anlamayi-gelistiren-fen-ogretimi-teaching-primary-science-promoting-enjoyment-and-developing-unders","status":"publish","type":"product","link":"https:\/\/roveyayinevi.com.tr\/index.php\/urun\/ilkogretimde-eglendiren-ve-anlamayi-gelistiren-fen-ogretimi-teaching-primary-science-promoting-enjoyment-and-developing-unders\/","title":{"rendered":"\u0130lk\u00f6\u011fretimde E\u011flendiren ve Anlamay\u0131 Geli\u015ftiren FEN \u00d6\u011eRET\u0130M\u0130 &#8211; TEACHING PRIMARY SCIENCE Promoting Enjoyment and Developing Unders"},"content":{"rendered":"<p>Fen e\u011fitimi, ilgili ara\u015ft\u0131rmalar\u0131n bulgular\u0131n\u0131n fen \u00f6\u011fretmenleri taraf\u0131ndan benimsenmesine ve bu bulgular\u0131n okullarda uygulanabilirli\u011fine ba\u011fl\u0131d\u0131r. Bu kitapta \u00f6nerilen ara\u015ft\u0131rma bulgular\u0131na dayal\u0131 \u2019 \u00fc\u00e7 a\u015famal\u0131 model\u2019 , ilk\u00f6\u011fretim kurumlar\u0131nda daha e\u011flenceli ve \u00f6\u011fretici fen dersleri i\u015flenmesine yard\u0131mc\u0131 olacakt\u0131r. Modelin i\u015fleyi\u015fi farkl\u0131 fen konular\u0131 ile ilgili etkinlik \u00f6rnekleri ile a\u00e7\u0131klanm\u0131\u015ft\u0131r. Kitab\u0131n ikinci \u00fcnitesinde yer alan bu etkinlik \u00f6rneklerinin giri\u015finde ilgili fen konular\u0131 hakk\u0131nda teorik bilgiler de sunulmaktad\u0131r. Teorik bilgi ile birlikte sunulan uygulama \u00f6rnekleri, sadece \u00fc\u00e7 a\u015famal\u0131 modelin nas\u0131l kullan\u0131ld\u0131\u011f\u0131 konusunda bilgi vermekle kalmay\u0131p, \u00f6\u011fretmenlerin yeni etkinlik \u00f6rneklerini de kolayca olu\u015fturabilmelerine olanak sa\u011flamaktad\u0131r. <\/p>\n","protected":false},"excerpt":{"rendered":"<p>Fen e\u011fitimi, ilgili ara\u015ft\u0131rmalar\u0131n bulgular\u0131n\u0131n fen \u00f6\u011fretmenleri taraf\u0131ndan benimsenmesine ve bu bulgular\u0131n okullarda uygulanabilirli\u011fine ba\u011fl\u0131d\u0131r. Bu kitapta \u00f6nerilen ara\u015ft\u0131rma bulgular\u0131na dayal\u0131 \u2019 \u00fc\u00e7 a\u015famal\u0131 model\u2019 ,<span class=\"excerpt-hellip\"> [\u2026]<\/span><\/p>\n","protected":false},"featured_media":0,"template":"","meta":{"_monsterinsights_skip_tracking":false,"_monsterinsights_sitenote_active":false,"_monsterinsights_sitenote_note":"","_monsterinsights_sitenote_category":0},"product_brand":[],"product_cat":[12573,12566],"product_tag":[],"class_list":{"0":"post-776966","1":"product","2":"type-product","3":"status-publish","5":"product_cat-akademik-kitaplar","6":"product_cat-egitim","7":"pa_cilt-ciltsiz","8":"pa_tur-kitap","9":"pa_yayinevi-nobel-akademik-yayincilik","10":"pa_yazar-kolektif","12":"first","13":"instock","14":"sale","15":"shipping-taxable","16":"purchasable","17":"product-type-simple"},"_links":{"self":[{"href":"https:\/\/roveyayinevi.com.tr\/index.php\/wp-json\/wp\/v2\/product\/776966","targetHints":{"allow":["GET"]}}],"collection":[{"href":"https:\/\/roveyayinevi.com.tr\/index.php\/wp-json\/wp\/v2\/product"}],"about":[{"href":"https:\/\/roveyayinevi.com.tr\/index.php\/wp-json\/wp\/v2\/types\/product"}],"wp:attachment":[{"href":"https:\/\/roveyayinevi.com.tr\/index.php\/wp-json\/wp\/v2\/media?parent=776966"}],"wp:term":[{"taxonomy":"product_brand","embeddable":true,"href":"https:\/\/roveyayinevi.com.tr\/index.php\/wp-json\/wp\/v2\/product_brand?post=776966"},{"taxonomy":"product_cat","embeddable":true,"href":"https:\/\/roveyayinevi.com.tr\/index.php\/wp-json\/wp\/v2\/product_cat?post=776966"},{"taxonomy":"product_tag","embeddable":true,"href":"https:\/\/roveyayinevi.com.tr\/index.php\/wp-json\/wp\/v2\/product_tag?post=776966"}],"curies":[{"name":"wp","href":"https:\/\/api.w.org\/{rel}","templated":true}]}}