{"id":776957,"date":"2025-10-08T09:40:26","date_gmt":"2025-10-08T06:40:26","guid":{"rendered":"https:\/\/roveyayinevi.com.tr\/index.php\/urun\/devlet-ocak-dergah-12-eylulden-1990lara-ulkucu-hareket\/"},"modified":"2026-02-03T02:00:16","modified_gmt":"2026-02-02T23:00:16","slug":"devlet-ocak-dergah-12-eylulden-1990lara-ulkucu-hareket","status":"publish","type":"product","link":"https:\/\/roveyayinevi.com.tr\/index.php\/urun\/devlet-ocak-dergah-12-eylulden-1990lara-ulkucu-hareket\/","title":{"rendered":"Devlet, Ocak, Dergah: 12  Eyl\u00fcl&#8217;den 1990&#8217;lara \u00dclk\u00fcc\u00fc Hareket"},"content":{"rendered":"<p>T\u00fcrkiye sol literat\u00fcr\u00fcnde hayat\u00ee bir ilgi oda\u011f\u0131 olmas\u0131na kar\u015f\u0131n, kontrgerilla vb. karanl\u0131k g\u00fc\u00e7lerin faaliyetlerine indirgenen veya fa\u015fizmle ilgili standart kuramsal metinlerden uyarlanan a\u00e7\u0131klamalarla ge\u00e7i\u015ftirilen \u00fclk\u00fcc\u00fc hareket \u00fczerine bir tahlil \u00e7abas\u0131. Kitapta \u00fclk\u00fcc\u00fc hareketin 12 Eyl\u00fcl 1980 askeri darbesi sonras\u0131ndaki i\u00e7 s\u00fcre\u00e7leri, kampla\u015fmalar\u0131, ideolojik d\u00f6n\u00fc\u015f\u00fcmleri, s\u00f6ylemi inceleniyor.<\/p>\n","protected":false},"excerpt":{"rendered":"<p>T\u00fcrkiye sol literat\u00fcr\u00fcnde hayat\u00ee bir ilgi oda\u011f\u0131 olmas\u0131na kar\u015f\u0131n, kontrgerilla vb. karanl\u0131k g\u00fc\u00e7lerin faaliyetlerine indirgenen veya fa\u015fizmle ilgili standart kuramsal metinlerden uyarlanan a\u00e7\u0131klamalarla ge\u00e7i\u015ftirilen \u00fclk\u00fcc\u00fc hareket<span class=\"excerpt-hellip\"> [\u2026]<\/span><\/p>\n","protected":false},"featured_media":0,"template":"","meta":{"_monsterinsights_skip_tracking":false,"_monsterinsights_sitenote_active":false,"_monsterinsights_sitenote_note":"","_monsterinsights_sitenote_category":0},"product_brand":[],"product_cat":[12312,12304],"product_tag":[],"class_list":{"0":"post-776957","1":"product","2":"type-product","3":"status-publish","5":"product_cat-diger","6":"product_cat-tarih","7":"pa_cilt-ciltsiz","8":"pa_tur-kitap","9":"pa_yayinevi-iletisim-yayinlari","10":"pa_yazar-kemal-can","11":"pa_yazar-tanil-bora","13":"first","14":"instock","15":"sale","16":"shipping-taxable","17":"purchasable","18":"product-type-simple"},"_links":{"self":[{"href":"https:\/\/roveyayinevi.com.tr\/index.php\/wp-json\/wp\/v2\/product\/776957","targetHints":{"allow":["GET"]}}],"collection":[{"href":"https:\/\/roveyayinevi.com.tr\/index.php\/wp-json\/wp\/v2\/product"}],"about":[{"href":"https:\/\/roveyayinevi.com.tr\/index.php\/wp-json\/wp\/v2\/types\/product"}],"wp:attachment":[{"href":"https:\/\/roveyayinevi.com.tr\/index.php\/wp-json\/wp\/v2\/media?parent=776957"}],"wp:term":[{"taxonomy":"product_brand","embeddable":true,"href":"https:\/\/roveyayinevi.com.tr\/index.php\/wp-json\/wp\/v2\/product_brand?post=776957"},{"taxonomy":"product_cat","embeddable":true,"href":"https:\/\/roveyayinevi.com.tr\/index.php\/wp-json\/wp\/v2\/product_cat?post=776957"},{"taxonomy":"product_tag","embeddable":true,"href":"https:\/\/roveyayinevi.com.tr\/index.php\/wp-json\/wp\/v2\/product_tag?post=776957"}],"curies":[{"name":"wp","href":"https:\/\/api.w.org\/{rel}","templated":true}]}}

Devlet, Ocak, Dergah: 12  Eylül&#8217;den 1990&#8217;lara Ülkücü Hareket

<p>Türkiye sol literatüründe hayatî bir ilgi odağı olmasına karşın, kontrgerilla vb. karanlık güçlerin faaliyetlerine indirgenen veya faşizmle ilgili standart kuramsal metinlerden uyarlanan açıklamalarla geçiştirilen ülkücü hareket üzerine bir tahlil çabası. Kitapta ülkücü hareketin 12 Eylül 1980 askeri darbesi sonrasındaki iç süreçleri, kamplaşmaları, ideolojik dönüşümleri, söylemi inceleniyor.</p>

<p>Türkiye sol literatüründe hayatî bir ilgi odağı olmasına karşın, kontrgerilla vb. karanlık güçlerin faaliyetlerine indirgenen veya faşizmle ilgili standart kuramsal metinlerden uyarlanan açıklamalarla geçiştirilen ülkücü hareket<span class="excerpt-hellip"> […]</span></p>
