{"id":776941,"date":"2025-10-06T00:26:23","date_gmt":"2025-10-05T21:26:23","guid":{"rendered":"https:\/\/roveyayinevi.com.tr\/index.php\/urun\/bu-kitap-sahibine-sans-getirir\/"},"modified":"2026-04-08T03:39:19","modified_gmt":"2026-04-08T00:39:19","slug":"bu-kitap-sahibine-sans-getirir","status":"publish","type":"product","link":"https:\/\/roveyayinevi.com.tr\/index.php\/urun\/bu-kitap-sahibine-sans-getirir\/","title":{"rendered":"Bu Kitap Sahibine \u015eans Getirir"},"content":{"rendered":"<p>\u201cSevgili Okur, Belki inanmayacaks\u0131n ama, bu kitab\u0131 yazarken ben de pek \u00e7ok mucizeyle kar\u015f\u0131la\u015ft\u0131m. Bana \u015fanss\u0131z oldu\u011fumu d\u00fc\u015f\u00fcnd\u00fcren baz\u0131 olaylardan \u00f6\u011frendiklerim, daha sonra en b\u00fcy\u00fck \u015fans\u0131m oldu. Bu kitab\u0131n, sana da \u015fans getirmesi dile\u011fiyle\u2026 Unutma\u2026 \u0130htiyac\u0131n olan \u015fans, zaten senin kalbinde\u2026\u201d Hanzade Servi Tar\u0131k Bey ve Sonay Han\u0131m, \u00e7ocuklar\u0131 \u0130nci ve Uzay\u2019la birlikte \u0130zmir\u2019e ta\u015f\u0131n\u0131rlar. Ev sahipleri Odman Bey, \u00e7ok sevdi\u011fi e\u015fini kaybetmi\u015f, ya\u015fam\u0131nda say\u0131s\u0131z talihsizlikler ya\u015fam\u0131\u015f, tuhaf tak\u0131nt\u0131lar\u0131 olan ilgin\u00e7 \u00f6tesi bir ki\u015filiktir. \u0130nci\u2019nin bir kitap\u00e7\u0131da g\u00f6rd\u00fc\u011f\u00fc, \u015fans ve \u015fans\u0131zl\u0131k konulu gizemli bir kitap, \u00fc\u00e7 bal\u0131k\u00e7\u0131n\u0131n fantastik ser\u00fcvenini anlat\u0131rken, onun ve \u00e7evresindekilerin ya\u015fam\u0131n\u0131 da derinden etkileyecektir. Hayat, bazen \u00e7ok de\u011ferli bir oyuncakla de\u011fi\u015fir\u2026 Bazen de bir mail, bir anneyle \u00e7ocu\u011fu aras\u0131nda yeniden k\u00f6pr\u00fc kurar. Modern ebeveynlik kli\u015felerini, sosyal medya al\u0131\u015fkanl\u0131klar\u0131n\u0131 ve \u201c\u015fans\u201d kavram\u0131na y\u00f6nelik bak\u0131\u015f a\u00e7\u0131lar\u0131n\u0131 i\u015fleyen kitap, Hanzade Servi\u2019nin mizahi anlat\u0131m\u0131n\u0131n doruklar\u0131nda bir okuma \u015f\u00f6leni sunuyor.<\/p>\n","protected":false},"excerpt":{"rendered":"<p>\u201cSevgili Okur, Belki inanmayacaks\u0131n ama, bu kitab\u0131 yazarken ben de pek \u00e7ok mucizeyle kar\u015f\u0131la\u015ft\u0131m. Bana \u015fanss\u0131z oldu\u011fumu d\u00fc\u015f\u00fcnd\u00fcren baz\u0131 olaylardan \u00f6\u011frendiklerim, daha sonra en b\u00fcy\u00fck \u015fans\u0131m<span class=\"excerpt-hellip\"> [\u2026]<\/span><\/p>\n","protected":false},"featured_media":0,"template":"","meta":{"_monsterinsights_skip_tracking":false,"_monsterinsights_sitenote_active":false,"_monsterinsights_sitenote_note":"","_monsterinsights_sitenote_category":0},"product_brand":[],"product_cat":[12274,12284],"product_tag":[],"class_list":{"0":"post-776941","1":"product","2":"type-product","3":"status-publish","5":"product_cat-cocuk-ve-genclik-kitaplari","6":"product_cat-hikayeler","7":"pa_cilt-ciltsiz","8":"pa_tur-kitap","9":"pa_yayinevi-bilgi-yayinevi-cocuk","10":"pa_yazar-hanzade-servi","12":"first","13":"instock","14":"sale","15":"shipping-taxable","16":"purchasable","17":"product-type-simple"},"_links":{"self":[{"href":"https:\/\/roveyayinevi.com.tr\/index.php\/wp-json\/wp\/v2\/product\/776941","targetHints":{"allow":["GET"]}}],"collection":[{"href":"https:\/\/roveyayinevi.com.tr\/index.php\/wp-json\/wp\/v2\/product"}],"about":[{"href":"https:\/\/roveyayinevi.com.tr\/index.php\/wp-json\/wp\/v2\/types\/product"}],"wp:attachment":[{"href":"https:\/\/roveyayinevi.com.tr\/index.php\/wp-json\/wp\/v2\/media?parent=776941"}],"wp:term":[{"taxonomy":"product_brand","embeddable":true,"href":"https:\/\/roveyayinevi.com.tr\/index.php\/wp-json\/wp\/v2\/product_brand?post=776941"},{"taxonomy":"product_cat","embeddable":true,"href":"https:\/\/roveyayinevi.com.tr\/index.php\/wp-json\/wp\/v2\/product_cat?post=776941"},{"taxonomy":"product_tag","embeddable":true,"href":"https:\/\/roveyayinevi.com.tr\/index.php\/wp-json\/wp\/v2\/product_tag?post=776941"}],"curies":[{"name":"wp","href":"https:\/\/api.w.org\/{rel}","templated":true}]}}