{"id":776936,"date":"2025-10-06T00:26:14","date_gmt":"2025-10-05T21:26:14","guid":{"rendered":"https:\/\/roveyayinevi.com.tr\/index.php\/urun\/kanli-mafya-gunlukleri-4-gunah\/"},"modified":"2026-04-15T03:43:08","modified_gmt":"2026-04-15T00:43:08","slug":"kanli-mafya-gunlukleri-4-gunah","status":"publish","type":"product","link":"https:\/\/roveyayinevi.com.tr\/index.php\/urun\/kanli-mafya-gunlukleri-4-gunah\/","title":{"rendered":"Kanl\u0131 Mafya G\u00fcnl\u00fckleri 4: G\u00fcnah"},"content":{"rendered":"<p>Liliana Scuderi, Romero\u2019yu ilk g\u00f6rd\u00fc\u011f\u00fc andan itibaren ona \u00e2\u015f\u0131k olmu\u015ftur. K\u0131z karde\u015fleri aile \u00e7\u0131karlar\u0131 u\u011fruna evlendirilince, en az\u0131ndan kendi e\u015fini se\u00e7ebilece\u011fini umut eder. Fakat babas\u0131 onu, kendisinden ya\u015f\u00e7a hayli b\u00fcy\u00fck bir adamla evlendirmeye karar verdi\u011finde, t\u00fcm hayalleri y\u0131k\u0131l\u0131r. Ne kadar yalvarsa da babas\u0131 fikrini de\u011fi\u015ftirmeye yana\u015fmaz. Romero, Lily\u2019nin ilgisine uzun s\u00fcre kar\u015f\u0131l\u0131k vermez. Ya\u015f\u0131 ve stat\u00fcs\u00fc, Lily\u2019yi onun i\u00e7in yasak k\u0131lm\u0131\u015ft\u0131r. Fakat Romero kadar sad\u0131k biri bile duygular\u0131n\u0131 sonsuza dek bast\u0131ramaz. Lily\u2019yi istemek, onun ba\u015fka biriyle ni\u015fanl\u0131 olmas\u0131yla birlikte, New York ile Chicago mafyalar\u0131 (Cosa Nostra ve Outfit) aras\u0131nda bir sava\u015f\u0131n fitilini ate\u015fleyebilir. Romero ise bug\u00fcne dek daima ailesini ve ba\u011fl\u0131 oldu\u011fu yap\u0131y\u0131 her \u015feyin \u00fcst\u00fcnde tutmu\u015ftur. Lily, ablalar\u0131n\u0131n ve Romero\u2019nun onun i\u00e7in her \u015feyi g\u00f6ze alabilece\u011fini hisseder. Ama kendi mutlulu\u011fu buna ger\u00e7ekten de\u011fer mi? A\u015fk, iki b\u00fcy\u00fck mafya aras\u0131nda \u00e7\u0131kabilecek bir sava\u015fa sebep olacak kadar k\u0131ymetli olabilir mi?<\/p>\n","protected":false},"excerpt":{"rendered":"<p>Liliana Scuderi, Romero\u2019yu ilk g\u00f6rd\u00fc\u011f\u00fc andan itibaren ona \u00e2\u015f\u0131k olmu\u015ftur. K\u0131z karde\u015fleri aile \u00e7\u0131karlar\u0131 u\u011fruna evlendirilince, en az\u0131ndan kendi e\u015fini se\u00e7ebilece\u011fini umut eder. Fakat babas\u0131 onu,<span class=\"excerpt-hellip\"> [\u2026]<\/span><\/p>\n","protected":false},"featured_media":0,"template":"","meta":{"_monsterinsights_skip_tracking":false,"_monsterinsights_sitenote_active":false,"_monsterinsights_sitenote_note":"","_monsterinsights_sitenote_category":0},"product_brand":[],"product_cat":[12291,12711],"product_tag":[],"class_list":{"0":"post-776936","1":"product","2":"type-product","3":"status-publish","5":"product_cat-edebiyat","6":"product_cat-roman-oyku","7":"pa_cilt-ciltsiz","8":"pa_tur-kitap","9":"pa_yayinevi-nemesis-kitap","10":"pa_yazar-cora-reilly","12":"first","13":"instock","14":"sale","15":"shipping-taxable","16":"purchasable","17":"product-type-simple"},"_links":{"self":[{"href":"https:\/\/roveyayinevi.com.tr\/index.php\/wp-json\/wp\/v2\/product\/776936","targetHints":{"allow":["GET"]}}],"collection":[{"href":"https:\/\/roveyayinevi.com.tr\/index.php\/wp-json\/wp\/v2\/product"}],"about":[{"href":"https:\/\/roveyayinevi.com.tr\/index.php\/wp-json\/wp\/v2\/types\/product"}],"wp:attachment":[{"href":"https:\/\/roveyayinevi.com.tr\/index.php\/wp-json\/wp\/v2\/media?parent=776936"}],"wp:term":[{"taxonomy":"product_brand","embeddable":true,"href":"https:\/\/roveyayinevi.com.tr\/index.php\/wp-json\/wp\/v2\/product_brand?post=776936"},{"taxonomy":"product_cat","embeddable":true,"href":"https:\/\/roveyayinevi.com.tr\/index.php\/wp-json\/wp\/v2\/product_cat?post=776936"},{"taxonomy":"product_tag","embeddable":true,"href":"https:\/\/roveyayinevi.com.tr\/index.php\/wp-json\/wp\/v2\/product_tag?post=776936"}],"curies":[{"name":"wp","href":"https:\/\/api.w.org\/{rel}","templated":true}]}}