{"id":776933,"date":"2025-10-06T00:26:08","date_gmt":"2025-10-05T21:26:08","guid":{"rendered":"https:\/\/roveyayinevi.com.tr\/index.php\/urun\/kopek-baligi-kitabi-ciltli\/"},"modified":"2026-04-15T03:43:07","modified_gmt":"2026-04-15T00:43:07","slug":"kopek-baligi-kitabi-ciltli","status":"publish","type":"product","link":"https:\/\/roveyayinevi.com.tr\/index.php\/urun\/kopek-baligi-kitabi-ciltli\/","title":{"rendered":"K\u00f6pek Bal\u0131\u011f\u0131 Kitab\u0131 (Ciltli)"},"content":{"rendered":"<p>K\u00f6pek bal\u0131klar\u0131n\u0131n ne kadar muhte\u015fem oldu\u011funu hi\u00e7 d\u00fc\u015f\u00fcnd\u00fcn m\u00fc? \u0130nan\u0131lmaz \u015feffaf sayfalarla bu ilgin\u00e7 yarat\u0131klara daha yak\u0131ndan bak! K\u00f6pek bal\u0131\u011f\u0131n\u0131 ya\u015fatmak i\u00e7in birlikte \u00e7al\u0131\u015fan farkl\u0131 sistemleri ke\u015ffet ve iskeletinin, kaslar\u0131n\u0131n, organlar\u0131n\u0131n ve duyular\u0131n\u0131n ne i\u015fe yarad\u0131\u011f\u0131n\u0131 \u00f6\u011fren. K\u00f6pek bal\u0131klar\u0131 harika, o y\u00fczden kitab\u0131n i\u00e7ini g\u00f6rmeye haz\u0131r ol!<\/p>\n","protected":false},"excerpt":{"rendered":"<p>K\u00f6pek bal\u0131klar\u0131n\u0131n ne kadar muhte\u015fem oldu\u011funu hi\u00e7 d\u00fc\u015f\u00fcnd\u00fcn m\u00fc? \u0130nan\u0131lmaz \u015feffaf sayfalarla bu ilgin\u00e7 yarat\u0131klara daha yak\u0131ndan bak! K\u00f6pek bal\u0131\u011f\u0131n\u0131 ya\u015fatmak i\u00e7in birlikte \u00e7al\u0131\u015fan farkl\u0131 sistemleri<span class=\"excerpt-hellip\"> [\u2026]<\/span><\/p>\n","protected":false},"featured_media":0,"template":"","meta":{"_monsterinsights_skip_tracking":false,"_monsterinsights_sitenote_active":false,"_monsterinsights_sitenote_note":"","_monsterinsights_sitenote_category":0},"product_brand":[],"product_cat":[13829,12274],"product_tag":[],"class_list":{"0":"post-776933","1":"product","2":"type-product","3":"status-publish","5":"product_cat-bilimsel-kitaplar","6":"product_cat-cocuk-ve-genclik-kitaplari","7":"pa_cilt-ciltli","8":"pa_tur-kitap","9":"pa_yayinevi-megakids-yayincilik","10":"pa_yazar-hannah-alice","12":"first","13":"instock","14":"sale","15":"shipping-taxable","16":"purchasable","17":"product-type-simple"},"_links":{"self":[{"href":"https:\/\/roveyayinevi.com.tr\/index.php\/wp-json\/wp\/v2\/product\/776933","targetHints":{"allow":["GET"]}}],"collection":[{"href":"https:\/\/roveyayinevi.com.tr\/index.php\/wp-json\/wp\/v2\/product"}],"about":[{"href":"https:\/\/roveyayinevi.com.tr\/index.php\/wp-json\/wp\/v2\/types\/product"}],"wp:attachment":[{"href":"https:\/\/roveyayinevi.com.tr\/index.php\/wp-json\/wp\/v2\/media?parent=776933"}],"wp:term":[{"taxonomy":"product_brand","embeddable":true,"href":"https:\/\/roveyayinevi.com.tr\/index.php\/wp-json\/wp\/v2\/product_brand?post=776933"},{"taxonomy":"product_cat","embeddable":true,"href":"https:\/\/roveyayinevi.com.tr\/index.php\/wp-json\/wp\/v2\/product_cat?post=776933"},{"taxonomy":"product_tag","embeddable":true,"href":"https:\/\/roveyayinevi.com.tr\/index.php\/wp-json\/wp\/v2\/product_tag?post=776933"}],"curies":[{"name":"wp","href":"https:\/\/api.w.org\/{rel}","templated":true}]}}