{"id":776907,"date":"2025-10-06T00:25:30","date_gmt":"2025-10-05T21:25:30","guid":{"rendered":"https:\/\/roveyayinevi.com.tr\/index.php\/urun\/pozitif-psikoterapi-teknikleri-olarak-dogu-hikayeleri\/"},"modified":"2026-04-15T03:43:06","modified_gmt":"2026-04-15T00:43:06","slug":"pozitif-psikoterapi-teknikleri-olarak-dogu-hikayeleri","status":"publish","type":"product","link":"https:\/\/roveyayinevi.com.tr\/index.php\/urun\/pozitif-psikoterapi-teknikleri-olarak-dogu-hikayeleri\/","title":{"rendered":"Pozitif Psikoterapi Teknikleri Olarak Do\u011fu Hikayeleri"},"content":{"rendered":"<p>Ger\u00e7ek klinik vakalarla zenginle\u015ftirilmi\u015f Do\u011fu masallar\u0131 arac\u0131l\u0131\u011f\u0131yla zamans\u0131z bilgeli\u011fi ke\u015ffedin. Dr. Nossrat Peseschkian, temel psikolojik kavramlar\u0131 ayd\u0131nlatmak i\u00e7in hikaye anlat\u0131m\u0131n\u0131 Pozitif Psikoterapi ile harmanl\u0131yor. K\u00fclt\u00fcrel anlat\u0131 ve terap\u00f6tik uygulaman\u0131n bu e\u015fsiz sentezi, klinisyenler, e\u011fitimciler ve aileler i\u00e7in i\u00e7g\u00f6r\u00fcler sunuyor. 1979\u2019dan beri d\u00fcnya \u00e7ap\u0131nda en \u00e7ok satanlar listesinde yer alan ve 20\u2019den fazla dile \u00e7evrilen bu kitap, Peseschkian\u2019\u0131n en tan\u0131nm\u0131\u015f eseri olmaya devam etmektedir. Hikayenin g\u00fcc\u00fc arac\u0131l\u0131\u011f\u0131yla anlama, b\u00fcy\u00fcme ve d\u00f6n\u00fc\u015f\u00fcm i\u00e7in temel bir rehber. <\/p>\n","protected":false},"excerpt":{"rendered":"<p>Ger\u00e7ek klinik vakalarla zenginle\u015ftirilmi\u015f Do\u011fu masallar\u0131 arac\u0131l\u0131\u011f\u0131yla zamans\u0131z bilgeli\u011fi ke\u015ffedin. Dr. Nossrat Peseschkian, temel psikolojik kavramlar\u0131 ayd\u0131nlatmak i\u00e7in hikaye anlat\u0131m\u0131n\u0131 Pozitif Psikoterapi ile harmanl\u0131yor. K\u00fclt\u00fcrel anlat\u0131<span class=\"excerpt-hellip\"> [\u2026]<\/span><\/p>\n","protected":false},"featured_media":0,"template":"","meta":{"_monsterinsights_skip_tracking":false,"_monsterinsights_sitenote_active":false,"_monsterinsights_sitenote_note":"","_monsterinsights_sitenote_category":0},"product_brand":[],"product_cat":[12357],"product_tag":[],"class_list":{"0":"post-776907","1":"product","2":"type-product","3":"status-publish","5":"product_cat-psikoloji","6":"pa_cilt-ciltsiz","7":"pa_tur-kitap","8":"pa_yayinevi-psikoolgu","9":"pa_yazar-nossrat-peseschkian","11":"first","12":"instock","13":"sale","14":"shipping-taxable","15":"purchasable","16":"product-type-simple"},"_links":{"self":[{"href":"https:\/\/roveyayinevi.com.tr\/index.php\/wp-json\/wp\/v2\/product\/776907","targetHints":{"allow":["GET"]}}],"collection":[{"href":"https:\/\/roveyayinevi.com.tr\/index.php\/wp-json\/wp\/v2\/product"}],"about":[{"href":"https:\/\/roveyayinevi.com.tr\/index.php\/wp-json\/wp\/v2\/types\/product"}],"wp:attachment":[{"href":"https:\/\/roveyayinevi.com.tr\/index.php\/wp-json\/wp\/v2\/media?parent=776907"}],"wp:term":[{"taxonomy":"product_brand","embeddable":true,"href":"https:\/\/roveyayinevi.com.tr\/index.php\/wp-json\/wp\/v2\/product_brand?post=776907"},{"taxonomy":"product_cat","embeddable":true,"href":"https:\/\/roveyayinevi.com.tr\/index.php\/wp-json\/wp\/v2\/product_cat?post=776907"},{"taxonomy":"product_tag","embeddable":true,"href":"https:\/\/roveyayinevi.com.tr\/index.php\/wp-json\/wp\/v2\/product_tag?post=776907"}],"curies":[{"name":"wp","href":"https:\/\/api.w.org\/{rel}","templated":true}]}}