{"id":776863,"date":"2025-10-06T00:24:08","date_gmt":"2025-10-05T21:24:08","guid":{"rendered":"https:\/\/roveyayinevi.com.tr\/index.php\/urun\/ataturkun-sirdasi\/"},"modified":"2026-04-15T03:43:03","modified_gmt":"2026-04-15T00:43:03","slug":"ataturkun-sirdasi","status":"publish","type":"product","link":"https:\/\/roveyayinevi.com.tr\/index.php\/urun\/ataturkun-sirdasi\/","title":{"rendered":"Atat\u00fcrk\u2019\u00fcn S\u0131rda\u015f\u0131"},"content":{"rendered":"<p>\u201cZabit, sadece emir almaz. Zabit, halk\u0131 d\u00fc\u015f\u00fcn\u00fcr.\u201d \u2013 Mustafa Kemal Atat\u00fcrk   Atat\u00fcrk, \u00e7ocukluk, okul ve cephe arkada\u015fl\u0131klar\u0131na her zaman b\u00fcy\u00fck de\u011fer verdi. Fuat Bulca da, Nuri Conker ve Salih Bozok gibi onlardan biriydi. Atat\u00fcrk\u2019\u00fcn gizli nik\u00e2h tan\u0131\u011f\u0131, s\u0131rda\u015f\u0131yd\u0131. Ayn\u0131 mahallede b\u00fcy\u00fcm\u00fc\u015flerdi. Atat\u00fcrk, kendisine \u201ckarde\u015fim\u201d, Fuat Bulca da Z\u00fcbeyde Han\u0131m\u2019a \u201cana\u201d diye hitap ederdi. Ulu \u00f6nderin \u00fcvey babas\u0131ndan \u00f6t\u00fcr\u00fc akrabas\u0131yd\u0131&#8230;   Hapisteki \u0130kinci Abd\u00fclhamit\u2019in muhaf\u0131zl\u0131\u011f\u0131n\u0131 \u00fcstlendi. Atat\u00fcrk ile Trablusgarp, \u00c7anakkale, Do\u011fu, G\u00fcneydo\u011fu ve Suriye\u2019de bizzat omuz omuza sava\u015f verdi, Kurtulu\u015f Sava\u015f\u0131\u2019nda m\u00fccadele etti.   T\u00fcrk Hava Kurumu ve T\u00fcrk havac\u0131l\u0131k sekt\u00f6r\u00fcn\u00fcn geli\u015fiminde y\u00f6neticilikler yapan Fuat Bulca, \u0130\u015f Bankas\u0131\u2019n\u0131n, Anadolu Sigorta\u2019n\u0131n, T\u00fcrk E\u011fitim Derne\u011fi\u2019nin de kurucu \u00fcyeliklerinde bulundu. Bu kitapta okuyacaklar\u0131n\u0131z bir milletin do\u011fu\u015fu, bir ulusun temeli at\u0131l\u0131rken ya\u015fanan zorluklar, verilen m\u00fccadeleler ve fedak\u00e2rl\u0131klard\u0131r. Ger\u00e7ek bilgi ve belgelere yer verilen kitap tarihi bir kronolojik izlektir&#8230; <\/p>\n","protected":false},"excerpt":{"rendered":"<p>\u201cZabit, sadece emir almaz. Zabit, halk\u0131 d\u00fc\u015f\u00fcn\u00fcr.\u201d \u2013 Mustafa Kemal Atat\u00fcrk Atat\u00fcrk, \u00e7ocukluk, okul ve cephe arkada\u015fl\u0131klar\u0131na her zaman b\u00fcy\u00fck de\u011fer verdi. Fuat Bulca da, Nuri<span class=\"excerpt-hellip\"> [\u2026]<\/span><\/p>\n","protected":false},"featured_media":0,"template":"","meta":{"_monsterinsights_skip_tracking":false,"_monsterinsights_sitenote_active":false,"_monsterinsights_sitenote_note":"","_monsterinsights_sitenote_category":0},"product_brand":[],"product_cat":[12370,12304],"product_tag":[],"class_list":{"0":"post-776863","1":"product","2":"type-product","3":"status-publish","5":"product_cat-arastirma-inceleme","6":"product_cat-tarih","7":"pa_cilt-ciltsiz","8":"pa_tur-kitap","9":"pa_yayinevi-destek-yayinlari","10":"pa_yazar-yasar-gursoy","12":"first","13":"instock","14":"sale","15":"shipping-taxable","16":"purchasable","17":"product-type-simple"},"_links":{"self":[{"href":"https:\/\/roveyayinevi.com.tr\/index.php\/wp-json\/wp\/v2\/product\/776863","targetHints":{"allow":["GET"]}}],"collection":[{"href":"https:\/\/roveyayinevi.com.tr\/index.php\/wp-json\/wp\/v2\/product"}],"about":[{"href":"https:\/\/roveyayinevi.com.tr\/index.php\/wp-json\/wp\/v2\/types\/product"}],"wp:attachment":[{"href":"https:\/\/roveyayinevi.com.tr\/index.php\/wp-json\/wp\/v2\/media?parent=776863"}],"wp:term":[{"taxonomy":"product_brand","embeddable":true,"href":"https:\/\/roveyayinevi.com.tr\/index.php\/wp-json\/wp\/v2\/product_brand?post=776863"},{"taxonomy":"product_cat","embeddable":true,"href":"https:\/\/roveyayinevi.com.tr\/index.php\/wp-json\/wp\/v2\/product_cat?post=776863"},{"taxonomy":"product_tag","embeddable":true,"href":"https:\/\/roveyayinevi.com.tr\/index.php\/wp-json\/wp\/v2\/product_tag?post=776863"}],"curies":[{"name":"wp","href":"https:\/\/api.w.org\/{rel}","templated":true}]}}