{"id":776827,"date":"2025-10-06T00:22:31","date_gmt":"2025-10-05T21:22:31","guid":{"rendered":"https:\/\/roveyayinevi.com.tr\/index.php\/urun\/seninle-ictigim-sgara-4\/"},"modified":"2026-04-15T03:42:38","modified_gmt":"2026-04-15T00:42:38","slug":"seninle-ictigim-sgara-4","status":"publish","type":"product","link":"https:\/\/roveyayinevi.com.tr\/index.php\/urun\/seninle-ictigim-sgara-4\/","title":{"rendered":"Seninle \u0130\u00e7ti\u011fim S*gara 4"},"content":{"rendered":"<p>Ko\u015fal\u0131m. Hadi!   \u201cDe\u011ferli ili\u015fki.\u201d   Yeni y\u0131l, Sasaki i\u00e7in kendi do\u011fum g\u00fcn\u00fcn\u00fc unutacak kadar yo\u011fun ba\u015flar. Daigoro\u2019nun sahibiyle tan\u0131\u015fmak ve Tayama\u2019n\u0131n bilmedi\u011fi bir y\u00f6n\u00fcn\u00fc ke\u015ffetmek g\u00fcnlerine heyecan katar. Sasaki, Tayama ile aralar\u0131ndaki ba\u011f\u0131n d\u00fc\u015f\u00fcnd\u00fc\u011f\u00fc kadar basit olmad\u0131\u011f\u0131n\u0131 yava\u015f yava\u015f kabullenir. Hayat\u0131n\u0131n bu d\u00f6nemi, hi\u00e7 unutmak istemedi\u011fi tuhaf ama nadir anlarla doludur. Beklenmedik bir gece ya\u015fan\u0131lanlar ise kalbindeki umudu sarsabilir. <\/p>\n","protected":false},"excerpt":{"rendered":"<p>Ko\u015fal\u0131m. Hadi! \u201cDe\u011ferli ili\u015fki.\u201d Yeni y\u0131l, Sasaki i\u00e7in kendi do\u011fum g\u00fcn\u00fcn\u00fc unutacak kadar yo\u011fun ba\u015flar. Daigoro\u2019nun sahibiyle tan\u0131\u015fmak ve Tayama\u2019n\u0131n bilmedi\u011fi bir y\u00f6n\u00fcn\u00fc ke\u015ffetmek g\u00fcnlerine heyecan<span class=\"excerpt-hellip\"> [\u2026]<\/span><\/p>\n","protected":false},"featured_media":0,"template":"","meta":{"_monsterinsights_skip_tracking":false,"_monsterinsights_sitenote_active":false,"_monsterinsights_sitenote_note":"","_monsterinsights_sitenote_category":0},"product_brand":[],"product_cat":[12416,12291],"product_tag":[],"class_list":{"0":"post-776827","1":"product","2":"type-product","3":"status-publish","5":"product_cat-cizgi-roman","6":"product_cat-edebiyat","7":"pa_cilt-ciltsiz","8":"pa_tur-kitap","9":"pa_yayinevi-athica-yayinlari","10":"pa_yazar-jinushi","12":"first","13":"instock","14":"sale","15":"shipping-taxable","16":"purchasable","17":"product-type-simple"},"_links":{"self":[{"href":"https:\/\/roveyayinevi.com.tr\/index.php\/wp-json\/wp\/v2\/product\/776827","targetHints":{"allow":["GET"]}}],"collection":[{"href":"https:\/\/roveyayinevi.com.tr\/index.php\/wp-json\/wp\/v2\/product"}],"about":[{"href":"https:\/\/roveyayinevi.com.tr\/index.php\/wp-json\/wp\/v2\/types\/product"}],"wp:attachment":[{"href":"https:\/\/roveyayinevi.com.tr\/index.php\/wp-json\/wp\/v2\/media?parent=776827"}],"wp:term":[{"taxonomy":"product_brand","embeddable":true,"href":"https:\/\/roveyayinevi.com.tr\/index.php\/wp-json\/wp\/v2\/product_brand?post=776827"},{"taxonomy":"product_cat","embeddable":true,"href":"https:\/\/roveyayinevi.com.tr\/index.php\/wp-json\/wp\/v2\/product_cat?post=776827"},{"taxonomy":"product_tag","embeddable":true,"href":"https:\/\/roveyayinevi.com.tr\/index.php\/wp-json\/wp\/v2\/product_tag?post=776827"}],"curies":[{"name":"wp","href":"https:\/\/api.w.org\/{rel}","templated":true}]}}