{"id":776822,"date":"2025-10-06T00:22:07","date_gmt":"2025-10-05T21:22:07","guid":{"rendered":"https:\/\/roveyayinevi.com.tr\/index.php\/urun\/florence-nightingale\/"},"modified":"2026-04-15T03:42:36","modified_gmt":"2026-04-15T00:42:36","slug":"florence-nightingale","status":"publish","type":"product","link":"https:\/\/roveyayinevi.com.tr\/index.php\/urun\/florence-nightingale\/","title":{"rendered":"Florence Nightingale"},"content":{"rendered":"<p>19. Y\u00dcZYILIN ortalar\u0131nda \u0130ngiltere\u2019de varl\u0131kl\u0131 bir ailede d\u00fcnyaya geldi. \u00d6n\u00fcnde konforlu bir hayat, g\u00fczel elbiseler ve b\u00fcy\u00fck sofralar vard\u0131. Fakat onun kalbini saran tek hayal hem\u015fire olmakt\u0131. Ancak bu hayal, o d\u00f6nemde hem ait oldu\u011fu se\u00e7kin s\u0131n\u0131fa hem de ailesine fazlas\u0131yla ayk\u0131r\u0131yd\u0131. Hem\u015firelik, sadece yoksul ve \u00e7aresiz kad\u0131nlar\u0131n yapt\u0131\u011f\u0131 bir i\u015f olarak g\u00f6r\u00fcl\u00fcrd\u00fc. Fakat o, asla pes etmedi. Zengin bir ailenin \u2018uslu k\u0131z\u0131\u2019 olmay\u0131 reddedip kendi yolunu \u00e7izdi. Kalbinin sesini dinledi ve t\u00fcm d\u00fcnyay\u0131 etkileyen bir ad\u0131m att\u0131. K\u0131r\u0131m Sava\u015f\u0131\u2019nda cepheye g\u00f6n\u00fcll\u00fc giderek yaral\u0131 askerleri iyile\u015ftirmek i\u00e7in gece g\u00fcnd\u00fcz \u00e7al\u0131\u015ft\u0131. Elinde lambas\u0131yla hastane koridorlar\u0131nda dola\u015f\u0131rken ona \u2018Lambal\u0131 Kad\u0131n\u2019 dediler. Sadece hastalar\u0131 de\u011fil, hem\u015firelik mesle\u011fini de d\u00f6n\u00fc\u015ft\u00fcrd\u00fc. Cesareti, \u015fefkati ve vazge\u00e7meyen ruhuyla \u0130ngiltere\u2019den Hindistan\u2019a kadar milyonlara ilham verdi. Bu kitap, hayallerinin pe\u015finden giderek d\u00fcnyay\u0131 de\u011fi\u015ftiren o k\u0131z\u0131n ger\u00e7ek hik\u00e2yesini anlat\u0131yor. Bu nefes kesen hik\u00e2yeye daha yak\u0131ndan \u015fahit olmaya ne dersiniz? <\/p>\n","protected":false},"excerpt":{"rendered":"<p>19. Y\u00dcZYILIN ortalar\u0131nda \u0130ngiltere\u2019de varl\u0131kl\u0131 bir ailede d\u00fcnyaya geldi. \u00d6n\u00fcnde konforlu bir hayat, g\u00fczel elbiseler ve b\u00fcy\u00fck sofralar vard\u0131. Fakat onun kalbini saran tek hayal hem\u015fire<span class=\"excerpt-hellip\"> [\u2026]<\/span><\/p>\n","protected":false},"featured_media":0,"template":"","meta":{"_monsterinsights_skip_tracking":false,"_monsterinsights_sitenote_active":false,"_monsterinsights_sitenote_note":"","_monsterinsights_sitenote_category":0},"product_brand":[],"product_cat":[12274,12284],"product_tag":[],"class_list":{"0":"post-776822","1":"product","2":"type-product","3":"status-publish","5":"product_cat-cocuk-ve-genclik-kitaplari","6":"product_cat-hikayeler","7":"pa_cilt-ciltsiz","8":"pa_tur-kitap","9":"pa_yayinevi-ugurbocegi-yayinlari","10":"pa_yazar-sevgi-basman","12":"first","13":"instock","14":"sale","15":"shipping-taxable","16":"purchasable","17":"product-type-simple"},"_links":{"self":[{"href":"https:\/\/roveyayinevi.com.tr\/index.php\/wp-json\/wp\/v2\/product\/776822","targetHints":{"allow":["GET"]}}],"collection":[{"href":"https:\/\/roveyayinevi.com.tr\/index.php\/wp-json\/wp\/v2\/product"}],"about":[{"href":"https:\/\/roveyayinevi.com.tr\/index.php\/wp-json\/wp\/v2\/types\/product"}],"wp:attachment":[{"href":"https:\/\/roveyayinevi.com.tr\/index.php\/wp-json\/wp\/v2\/media?parent=776822"}],"wp:term":[{"taxonomy":"product_brand","embeddable":true,"href":"https:\/\/roveyayinevi.com.tr\/index.php\/wp-json\/wp\/v2\/product_brand?post=776822"},{"taxonomy":"product_cat","embeddable":true,"href":"https:\/\/roveyayinevi.com.tr\/index.php\/wp-json\/wp\/v2\/product_cat?post=776822"},{"taxonomy":"product_tag","embeddable":true,"href":"https:\/\/roveyayinevi.com.tr\/index.php\/wp-json\/wp\/v2\/product_tag?post=776822"}],"curies":[{"name":"wp","href":"https:\/\/api.w.org\/{rel}","templated":true}]}}