{"id":776817,"date":"2025-10-06T00:21:45","date_gmt":"2025-10-05T21:21:45","guid":{"rendered":"https:\/\/roveyayinevi.com.tr\/index.php\/urun\/medikal-medyum-beyin-kurtarici\/"},"modified":"2026-04-15T03:42:35","modified_gmt":"2026-04-15T00:42:35","slug":"medikal-medyum-beyin-kurtarici","status":"publish","type":"product","link":"https:\/\/roveyayinevi.com.tr\/index.php\/urun\/medikal-medyum-beyin-kurtarici\/","title":{"rendered":"Medikal Medyum\/ Beyin Kurtar\u0131c\u0131"},"content":{"rendered":"<p>BEYN\u0130N\u0130Z\u0130 \u00c7OK GE\u00c7 OLMADAN KURTARINBeyin sa\u011fl\u0131\u011f\u0131, n\u00f6rolojik veya zihinsel sa\u011fl\u0131k konusunda y\u00f6n aray\u0131\u015f\u0131ndaysan\u0131z sonunda cevaplarla bulu\u015fuyorsunuz. \u0130ster bu yolculu\u011fun ba\u015f\u0131nda olun ister \u015fimdiye kadar birden fazla n\u00f6rolo\u011fu, dahiliyeciyi, i\u015flevsel t\u0131p uzman\u0131n\u0131 ziyaret etmi\u015f olun, s\u0131k\u0131nt\u0131lar\u0131n\u0131z\u0131n ger\u00e7ek sebeplerini ke\u015ffetmenin, ilerleme kaydetmenin ve iyile\u015fmenin zaman\u0131 geldi.\u2022 ALS     \u2022 ALZHEIMER     \u2022 ANKS\u0130YETE    \u2022 ANOREKS\u0130    \u2022 A\u015eIRI TERLEME    \u2022 BA\u011eIMLILIK    \u2022 BA\u015e A\u011eRILARI    \u2022 BELL FELC\u0130    \u2022 BEY\u0130N FELC\u0130    \u2022 BEY\u0130N S\u0130S\u0130    \u2022 BEY\u0130N T\u00dcM\u00d6RLER\u0130 VE K\u0130STLER\u0130     \u2022 B\u0130POLAR BOZUKLUK    \u2022 B\u0130TK\u0130NL\u0130K     \u2022 BULIMIA    \u2022 CUSHING SENDROMU     \u2022 DEMANS    \u2022 DEPRESYON VEYA D\u0130SFOR\u0130     \u2022 D\u0130SLEKS\u0130    \u2022 D\u0130SOTONOM\u0130    \u2022 EKLEM VE KAS A\u011eRILARI    \u2022 ENSEFAL\u0130T    \u2022 EP\u0130LEPS\u0130     \u2022 F\u0130BROM\u0130YALJ\u0130    \u2022 GASTROPAREZ\u0130    \u2022 GE\u00c7\u0130C\u0130 \u0130SKEM\u0130K ATAK     \u2022 G\u0130ZEML\u0130 KORKULAR VE KAYGILAR    \u2022 G\u0130ZEML\u0130 M\u0130DE BULANTILARI VE KUSMALAR    \u2022 HAFIZA KAYBI VE UNUTKANLIK    \u2022 H\u00dcZ\u00dcN HALLER\u0130    \u2022 \u0130NMELER     \u2022 KA\u015eINMALAR VE YANMA H\u0130SS\u0130    \u2022 KAYGI HALLER\u0130    \u2022 K\u0130\u015e\u0130L\u0130K BOZUKLUKLARI    \u2022 K\u0130\u015e\u0130L\u0130K KAYBI    \u2022 KRON\u0130K \u00d6FKE    \u2022 KULAK \u00c7INLAMASI    \u2022 LUPUS    \u2022 LYME HASTALI\u011eI    \u2022 MEME \u0130MPLANTI HASTALI\u011eI     \u2022 MENENJ\u0130T     \u2022 M\u0130GREN     \u2022 MOTOR YET\u0130 BOZUKLUKLARI     \u2022 MULTIPLE SKLEROZ (MS)    \u2022 NARKOLEPS\u0130    \u2022 NEVROZ    \u2022 N\u00d6ROLOJ\u0130K ASTIM    \u2022 OBSES\u0130F-KOMPULS\u0130F BOZUKLUK     \u2022 ODAKLANMA SORUNLARI     \u2022 OT\u0130ZM    \u2022 PARKINSON HASTALI\u011eI    \u2022 POTS    \u2022 PS\u0130KOZ    \u2022 PTSD VE PTSS    \u2022 RSI     \u2022 RUH HAL\u0130NDE DE\u011e\u0130\u015e\u0130MLER     \u2022 \u015e\u0130ZOFREN\u0130    \u2022 T\u0130TREMELER    \u2022 T\u00dcKENM\u0130\u015eL\u0130K    \u2022 UYKUSUZLUK    \u2022 UYU\u015eMA VE KARINCALANMALAR     \u2022 UZUN S\u00dcREL\u0130 COVID VE GR\u0130P    \u2022 VERT\u0130GO    \u2022 YEME BOZUKLUKLARI \u201cAnthony William, ailemizin birebir deneyimledi\u011fi g\u00fc\u00e7l\u00fc bir yetene\u011fe sahip. Doktorlar y\u0131llar boyu \u00e7ocu\u011fumuzun gastrointestinal sorunlar\u0131na tan\u0131 koyamad\u0131ktan sonra Anthony\u2019nin uzmanl\u0131\u011f\u0131 bizi sorunu belirlemeye y\u00f6neltmekle kalmad\u0131, bize k\u0131z\u0131m\u0131z\u0131n sa\u011fl\u0131\u011f\u0131na ve mutlulu\u011funa kavu\u015fmas\u0131nda paha bi\u00e7ilmez \u00f6neme sahip protokoller de sa\u011flad\u0131.Ebeveynlere \u00e7ocuklar\u0131n\u0131n sa\u011fl\u0131\u011f\u0131ndan b\u00fcy\u00fck hediye bah\u015fedilemez ve biz de g\u00fc\u00e7l\u00fc yeteneklerinden \u00f6t\u00fcr\u00fc sana sonsuza dek m\u00fcte\u015fekkir kalaca\u011f\u0131z, Anthony.\u201d \u2014 DWAYNE \u201cTHE ROCK\u201d JOHNSON VE LAUREN HASHIAN<\/p>\n","protected":false},"excerpt":{"rendered":"<p>BEYN\u0130N\u0130Z\u0130 \u00c7OK GE\u00c7 OLMADAN KURTARINBeyin sa\u011fl\u0131\u011f\u0131, n\u00f6rolojik veya zihinsel sa\u011fl\u0131k konusunda y\u00f6n aray\u0131\u015f\u0131ndaysan\u0131z sonunda cevaplarla bulu\u015fuyorsunuz. \u0130ster bu yolculu\u011fun ba\u015f\u0131nda olun ister \u015fimdiye kadar birden fazla<span class=\"excerpt-hellip\"> [\u2026]<\/span><\/p>\n","protected":false},"featured_media":0,"template":"","meta":{"_monsterinsights_skip_tracking":false,"_monsterinsights_sitenote_active":false,"_monsterinsights_sitenote_note":"","_monsterinsights_sitenote_category":0},"product_brand":[],"product_cat":[20313,13365],"product_tag":[],"class_list":{"0":"post-776817","1":"product","2":"type-product","3":"status-publish","5":"product_cat-basvuru-kitaplari-saglik","6":"product_cat-saglik","7":"pa_cilt-ciltsiz","8":"pa_tur-kitap","9":"pa_yayinevi-nemesis-kitap","10":"pa_yazar-anthony-william","12":"first","13":"instock","14":"sale","15":"shipping-taxable","16":"purchasable","17":"product-type-simple"},"_links":{"self":[{"href":"https:\/\/roveyayinevi.com.tr\/index.php\/wp-json\/wp\/v2\/product\/776817","targetHints":{"allow":["GET"]}}],"collection":[{"href":"https:\/\/roveyayinevi.com.tr\/index.php\/wp-json\/wp\/v2\/product"}],"about":[{"href":"https:\/\/roveyayinevi.com.tr\/index.php\/wp-json\/wp\/v2\/types\/product"}],"wp:attachment":[{"href":"https:\/\/roveyayinevi.com.tr\/index.php\/wp-json\/wp\/v2\/media?parent=776817"}],"wp:term":[{"taxonomy":"product_brand","embeddable":true,"href":"https:\/\/roveyayinevi.com.tr\/index.php\/wp-json\/wp\/v2\/product_brand?post=776817"},{"taxonomy":"product_cat","embeddable":true,"href":"https:\/\/roveyayinevi.com.tr\/index.php\/wp-json\/wp\/v2\/product_cat?post=776817"},{"taxonomy":"product_tag","embeddable":true,"href":"https:\/\/roveyayinevi.com.tr\/index.php\/wp-json\/wp\/v2\/product_tag?post=776817"}],"curies":[{"name":"wp","href":"https:\/\/api.w.org\/{rel}","templated":true}]}}