{"id":776813,"date":"2025-10-06T00:20:44","date_gmt":"2025-10-05T21:20:44","guid":{"rendered":"https:\/\/roveyayinevi.com.tr\/index.php\/urun\/bul-ve-goster-doga-kasifleri-ciltli\/"},"modified":"2026-04-15T03:42:31","modified_gmt":"2026-04-15T00:42:31","slug":"bul-ve-goster-doga-kasifleri-ciltli","status":"publish","type":"product","link":"https:\/\/roveyayinevi.com.tr\/index.php\/urun\/bul-ve-goster-doga-kasifleri-ciltli\/","title":{"rendered":"Bul ve G\u00f6ster: Do\u011fa Ka\u015fifleri (Ciltli)"},"content":{"rendered":"<p>Bul ve G\u00f6ster Do\u011fa K\u00e2\u015fifleriDa\u011flar\u0131n zirvelerinden yemye\u015fil ormanlara, g\u00f6llerden \u00e7ay\u0131rlara uzanan bu ser\u00fcven, minik ka\u015fifleri do\u011fan\u0131n b\u00fcy\u00fcleyici manzaralar\u0131yla tan\u0131\u015ft\u0131r\u0131yor. Sayfalarda gizlenmi\u015f hayvanlar\u0131, bitkileri ve do\u011fal g\u00fczellikleri bulmak i\u00e7in dikkatle bakmalar\u0131 gerekiyor. Pencerelerin alt\u0131nda ise hem \u015fa\u015f\u0131rt\u0131c\u0131 hem de e\u011flenceli bilgiler yer al\u0131yor. Her sayfa, \u00e7ocuklar\u0131n do\u011fa sevgisini art\u0131racak ve onlar\u0131 d\u00fcnyay\u0131 ke\u015ffetmeye te\u015fvik edecek.\u00d6\u011frenme Becerileri:Kelime \u00d6\u011fren\u0130nce Motor BecerileriDinle ve \u00d6\u011frenD\u00fcnyay\u0131 Ke\u015ffet<\/p>\n","protected":false},"excerpt":{"rendered":"<p>Bul ve G\u00f6ster Do\u011fa K\u00e2\u015fifleriDa\u011flar\u0131n zirvelerinden yemye\u015fil ormanlara, g\u00f6llerden \u00e7ay\u0131rlara uzanan bu ser\u00fcven, minik ka\u015fifleri do\u011fan\u0131n b\u00fcy\u00fcleyici manzaralar\u0131yla tan\u0131\u015ft\u0131r\u0131yor. Sayfalarda gizlenmi\u015f hayvanlar\u0131, bitkileri ve do\u011fal g\u00fczellikleri<span class=\"excerpt-hellip\"> [\u2026]<\/span><\/p>\n","protected":false},"featured_media":0,"template":"","meta":{"_monsterinsights_skip_tracking":false,"_monsterinsights_sitenote_active":false,"_monsterinsights_sitenote_note":"","_monsterinsights_sitenote_category":0},"product_brand":[],"product_cat":[12274,12518],"product_tag":[],"class_list":{"0":"post-776813","1":"product","2":"type-product","3":"status-publish","5":"product_cat-cocuk-ve-genclik-kitaplari","6":"product_cat-okul-oncesi-kitaplar","7":"pa_cilt-ciltli","8":"pa_tur-kitap","9":"pa_yayinevi-ucan-fil-yayinlari","10":"pa_yazar-kolektif","12":"first","13":"instock","14":"sale","15":"shipping-taxable","16":"purchasable","17":"product-type-simple"},"_links":{"self":[{"href":"https:\/\/roveyayinevi.com.tr\/index.php\/wp-json\/wp\/v2\/product\/776813","targetHints":{"allow":["GET"]}}],"collection":[{"href":"https:\/\/roveyayinevi.com.tr\/index.php\/wp-json\/wp\/v2\/product"}],"about":[{"href":"https:\/\/roveyayinevi.com.tr\/index.php\/wp-json\/wp\/v2\/types\/product"}],"wp:attachment":[{"href":"https:\/\/roveyayinevi.com.tr\/index.php\/wp-json\/wp\/v2\/media?parent=776813"}],"wp:term":[{"taxonomy":"product_brand","embeddable":true,"href":"https:\/\/roveyayinevi.com.tr\/index.php\/wp-json\/wp\/v2\/product_brand?post=776813"},{"taxonomy":"product_cat","embeddable":true,"href":"https:\/\/roveyayinevi.com.tr\/index.php\/wp-json\/wp\/v2\/product_cat?post=776813"},{"taxonomy":"product_tag","embeddable":true,"href":"https:\/\/roveyayinevi.com.tr\/index.php\/wp-json\/wp\/v2\/product_tag?post=776813"}],"curies":[{"name":"wp","href":"https:\/\/api.w.org\/{rel}","templated":true}]}}