{"id":776812,"date":"2025-10-06T00:20:42","date_gmt":"2025-10-05T21:20:42","guid":{"rendered":"https:\/\/roveyayinevi.com.tr\/index.php\/urun\/bul-ve-goster-okyanus-kasifleri-ciltli\/"},"modified":"2026-04-15T03:42:31","modified_gmt":"2026-04-15T00:42:31","slug":"bul-ve-goster-okyanus-kasifleri-ciltli","status":"publish","type":"product","link":"https:\/\/roveyayinevi.com.tr\/index.php\/urun\/bul-ve-goster-okyanus-kasifleri-ciltli\/","title":{"rendered":"Bul ve G\u00f6ster: Okyanus Ka\u015fifleri (Ciltli)"},"content":{"rendered":"<p>Bul ve G\u00f6ster Okyanus K\u00e2\u015fifleriDerin mavi sular\u0131n alt\u0131nda, reng\u00e2renk mercan resiflerinden devasa balinalara kadar ke\u015ffedilecek bamba\u015fka bir d\u00fcnya var! Minik ka\u015fifler sayfalardaki ipu\u00e7lar\u0131n\u0131 takip ederek sakl\u0131 deniz canl\u0131lar\u0131n\u0131 bulacak, kocaman pencerelerin ard\u0131ndaki s\u00fcrprizleri ke\u015ffedecek. Dalga sesleri ve su alt\u0131 manzaralar\u0131yla dolu bu e\u011flenceli kitap, hem okyanus ya\u015fam\u0131 hakk\u0131nda bilgi verir hem de hayal g\u00fcc\u00fcn\u00fc besler. Her sayfa, \u00e7ocuklara denizlerin b\u00fcy\u00fcl\u00fc d\u00fcnyas\u0131n\u0131 tan\u0131ma f\u0131rsat\u0131 sunar.\u00d6\u011frenme Becerileri: Kelime \u00f6\u011fren \u00b7 \u0130nce motor becerileri \u00b7Dinle ve \u00f6\u011fren \u00b7 Denizleri ke\u015ffet<\/p>\n","protected":false},"excerpt":{"rendered":"<p>Bul ve G\u00f6ster Okyanus K\u00e2\u015fifleriDerin mavi sular\u0131n alt\u0131nda, reng\u00e2renk mercan resiflerinden devasa balinalara kadar ke\u015ffedilecek bamba\u015fka bir d\u00fcnya var! Minik ka\u015fifler sayfalardaki ipu\u00e7lar\u0131n\u0131 takip ederek sakl\u0131<span class=\"excerpt-hellip\"> [\u2026]<\/span><\/p>\n","protected":false},"featured_media":0,"template":"","meta":{"_monsterinsights_skip_tracking":false,"_monsterinsights_sitenote_active":false,"_monsterinsights_sitenote_note":"","_monsterinsights_sitenote_category":0},"product_brand":[],"product_cat":[12274,12518],"product_tag":[],"class_list":{"0":"post-776812","1":"product","2":"type-product","3":"status-publish","5":"product_cat-cocuk-ve-genclik-kitaplari","6":"product_cat-okul-oncesi-kitaplar","7":"pa_cilt-ciltli","8":"pa_tur-kitap","9":"pa_yayinevi-ucan-fil-yayinlari","10":"pa_yazar-kolektif","12":"first","13":"instock","14":"sale","15":"shipping-taxable","16":"purchasable","17":"product-type-simple"},"_links":{"self":[{"href":"https:\/\/roveyayinevi.com.tr\/index.php\/wp-json\/wp\/v2\/product\/776812","targetHints":{"allow":["GET"]}}],"collection":[{"href":"https:\/\/roveyayinevi.com.tr\/index.php\/wp-json\/wp\/v2\/product"}],"about":[{"href":"https:\/\/roveyayinevi.com.tr\/index.php\/wp-json\/wp\/v2\/types\/product"}],"wp:attachment":[{"href":"https:\/\/roveyayinevi.com.tr\/index.php\/wp-json\/wp\/v2\/media?parent=776812"}],"wp:term":[{"taxonomy":"product_brand","embeddable":true,"href":"https:\/\/roveyayinevi.com.tr\/index.php\/wp-json\/wp\/v2\/product_brand?post=776812"},{"taxonomy":"product_cat","embeddable":true,"href":"https:\/\/roveyayinevi.com.tr\/index.php\/wp-json\/wp\/v2\/product_cat?post=776812"},{"taxonomy":"product_tag","embeddable":true,"href":"https:\/\/roveyayinevi.com.tr\/index.php\/wp-json\/wp\/v2\/product_tag?post=776812"}],"curies":[{"name":"wp","href":"https:\/\/api.w.org\/{rel}","templated":true}]}}