{"id":776800,"date":"2025-10-06T00:09:50","date_gmt":"2025-10-05T21:09:50","guid":{"rendered":"https:\/\/roveyayinevi.com.tr\/index.php\/urun\/eylul-cicegi-yalnizligim\/"},"modified":"2026-04-15T03:39:22","modified_gmt":"2026-04-15T00:39:22","slug":"eylul-cicegi-yalnizligim","status":"publish","type":"product","link":"https:\/\/roveyayinevi.com.tr\/index.php\/urun\/eylul-cicegi-yalnizligim\/","title":{"rendered":"Eyl\u00fcl \u00c7i\u00e7e\u011fi Yaln\u0131zl\u0131\u011f\u0131m"},"content":{"rendered":"<p>Bana sevmeyi \u00f6\u011fret Son bulsun eyl\u00fcl \u00e7i\u00e7e\u011fi yaln\u0131zl\u0131\u011f\u0131m Buram buram kokusu sars\u0131n her yan\u0131 U\u00e7 versin k\u00f6rpe filizler Tabiat canlans\u0131n Dal\u0131nda yaprak bahara haz\u0131rlans\u0131n Ve yekpare olsun b\u00fct\u00fcn ac\u0131lar Pay\u0131ma d\u00fc\u015feni \u00fcstleneyim Ne sen git \u00f6mr\u00fcmden Ne ben senden eksileyim<\/p>\n","protected":false},"excerpt":{"rendered":"<p>Bana sevmeyi \u00f6\u011fret Son bulsun eyl\u00fcl \u00e7i\u00e7e\u011fi yaln\u0131zl\u0131\u011f\u0131m Buram buram kokusu sars\u0131n her yan\u0131 U\u00e7 versin k\u00f6rpe filizler Tabiat canlans\u0131n Dal\u0131nda yaprak bahara haz\u0131rlans\u0131n Ve yekpare<span class=\"excerpt-hellip\"> [\u2026]<\/span><\/p>\n","protected":false},"featured_media":0,"template":"","meta":{"_monsterinsights_skip_tracking":false,"_monsterinsights_sitenote_active":false,"_monsterinsights_sitenote_note":"","_monsterinsights_sitenote_category":0},"product_brand":[],"product_cat":[12291,12509],"product_tag":[],"class_list":{"0":"post-776800","1":"product","2":"type-product","3":"status-publish","5":"product_cat-edebiyat","6":"product_cat-siir","7":"pa_cilt-ciltsiz","8":"pa_tur-kitap","9":"pa_yayinevi-luna-yayinlari","10":"pa_yazar-atanur-dikbiyik","12":"first","13":"instock","14":"sale","15":"shipping-taxable","16":"purchasable","17":"product-type-simple"},"_links":{"self":[{"href":"https:\/\/roveyayinevi.com.tr\/index.php\/wp-json\/wp\/v2\/product\/776800","targetHints":{"allow":["GET"]}}],"collection":[{"href":"https:\/\/roveyayinevi.com.tr\/index.php\/wp-json\/wp\/v2\/product"}],"about":[{"href":"https:\/\/roveyayinevi.com.tr\/index.php\/wp-json\/wp\/v2\/types\/product"}],"wp:attachment":[{"href":"https:\/\/roveyayinevi.com.tr\/index.php\/wp-json\/wp\/v2\/media?parent=776800"}],"wp:term":[{"taxonomy":"product_brand","embeddable":true,"href":"https:\/\/roveyayinevi.com.tr\/index.php\/wp-json\/wp\/v2\/product_brand?post=776800"},{"taxonomy":"product_cat","embeddable":true,"href":"https:\/\/roveyayinevi.com.tr\/index.php\/wp-json\/wp\/v2\/product_cat?post=776800"},{"taxonomy":"product_tag","embeddable":true,"href":"https:\/\/roveyayinevi.com.tr\/index.php\/wp-json\/wp\/v2\/product_tag?post=776800"}],"curies":[{"name":"wp","href":"https:\/\/api.w.org\/{rel}","templated":true}]}}