{"id":776783,"date":"2025-10-05T21:34:37","date_gmt":"2025-10-05T18:34:37","guid":{"rendered":"https:\/\/roveyayinevi.com.tr\/index.php\/urun\/maca-kizi-8-1-kitap-ciltli\/"},"modified":"2026-03-18T03:09:38","modified_gmt":"2026-03-18T00:09:38","slug":"maca-kizi-8-1-kitap-ciltli","status":"publish","type":"product","link":"https:\/\/roveyayinevi.com.tr\/index.php\/urun\/maca-kizi-8-1-kitap-ciltli\/","title":{"rendered":"Ma\u00e7a K\u0131z\u0131 8 &#8211; 1. Kitap (Ciltli)"},"content":{"rendered":"<p>\u2019E\u015fittik ve birbirimizi dengeliyorduk.\u2019\u2019 \u2018\u2019\u0130ki kapal\u0131 kart\u2026 Ma\u00e7a k\u0131z\u0131 ve sinek ikili\u2026 Ma\u00e7a k\u0131z\u0131n\u0131 \u00e7ekmek isteyen iki ki\u015fi\u2026 E\u015fittik. Peki, hangimizin daha \u00e7ok ihtiyac\u0131 vard\u0131 bu karta? \u0130\u015fte burada e\u015fitlik bozuluyordu. \u015e\u00fcphesiz ki benim ondan daha \u00e7ok ihtiyac\u0131m vard\u0131; deniz g\u00f6zl\u00fc \u00e7ocu\u011fu kurtarmam gerekiyordu. Y\u00fczde elli ihtimale kalm\u0131\u015ft\u0131 t\u00fcm umutlar\u0131m. Bora Karabey kartlardan birini rastgele se\u00e7ti. \u0130\u015fletmeci, bana kalan kart\u0131 a\u00e7t\u0131. Kar\u015f\u0131mda sinek ikili duruyordu. Ard\u0131ndan, Bora Karabey elindeki ma\u00e7a k\u0131z\u0131n\u0131 masan\u0131n \u00fczerine koydu. Kaybetmi\u015ftim. Y\u00fczde elli ihtimalle bana gelebilecek ma\u00e7a k\u0131z\u0131, Bora Karabey\u2019e gitmeyi tercih etmi\u015fti. Bora Karabey, ma\u00e7a k\u0131z\u0131yla beraber bir servet kazanm\u0131\u015ft\u0131. Sevinmemi\u015fti bile, y\u00fcz\u00fcnde mimi oynam\u0131yordu. \u0130fadesiz kara g\u00f6zleri, y\u0131k\u0131lan hayallerime bak\u0131yordu; ben ise bana ihanet eden ma\u00e7a k\u0131z\u0131na\u2026 Ma\u00e7a k\u0131z\u0131, yaln\u0131zca An\u0131l\u2019\u0131n hayat\u0131n\u0131 mahvetmemi\u015fti; o paray\u0131 toplamaya \u00e7al\u0131\u015fan, hastane odas\u0131 \u00f6n\u00fcnde dualar edip a\u011flayan herkesi \u00f6ld\u00fcrm\u00fc\u015ft\u00fc asl\u0131nda. Bizden deniz g\u00f6zl\u00fc \u00e7ocu\u011fu alacakt\u0131 ma\u00e7a k\u0131z\u0131.\u2019\u2019<\/p>\n","protected":false},"excerpt":{"rendered":"<p>\u2019E\u015fittik ve birbirimizi dengeliyorduk.\u2019\u2019 \u2018\u2019\u0130ki kapal\u0131 kart\u2026 Ma\u00e7a k\u0131z\u0131 ve sinek ikili\u2026 Ma\u00e7a k\u0131z\u0131n\u0131 \u00e7ekmek isteyen iki ki\u015fi\u2026 E\u015fittik. Peki, hangimizin daha \u00e7ok ihtiyac\u0131 vard\u0131 bu<span class=\"excerpt-hellip\"> [\u2026]<\/span><\/p>\n","protected":false},"featured_media":0,"template":"","meta":{"_monsterinsights_skip_tracking":false,"_monsterinsights_sitenote_active":false,"_monsterinsights_sitenote_note":"","_monsterinsights_sitenote_category":0},"product_brand":[],"product_cat":[12291,12711],"product_tag":[],"class_list":{"0":"post-776783","1":"product","2":"type-product","3":"status-publish","5":"product_cat-edebiyat","6":"product_cat-roman-oyku","7":"pa_cilt-ciltli","8":"pa_tur-kitap","9":"pa_yayinevi-artemis-yayinlari","10":"pa_yazar-dilara-pamuk","12":"first","13":"instock","14":"sale","15":"shipping-taxable","16":"purchasable","17":"product-type-simple"},"_links":{"self":[{"href":"https:\/\/roveyayinevi.com.tr\/index.php\/wp-json\/wp\/v2\/product\/776783","targetHints":{"allow":["GET"]}}],"collection":[{"href":"https:\/\/roveyayinevi.com.tr\/index.php\/wp-json\/wp\/v2\/product"}],"about":[{"href":"https:\/\/roveyayinevi.com.tr\/index.php\/wp-json\/wp\/v2\/types\/product"}],"wp:attachment":[{"href":"https:\/\/roveyayinevi.com.tr\/index.php\/wp-json\/wp\/v2\/media?parent=776783"}],"wp:term":[{"taxonomy":"product_brand","embeddable":true,"href":"https:\/\/roveyayinevi.com.tr\/index.php\/wp-json\/wp\/v2\/product_brand?post=776783"},{"taxonomy":"product_cat","embeddable":true,"href":"https:\/\/roveyayinevi.com.tr\/index.php\/wp-json\/wp\/v2\/product_cat?post=776783"},{"taxonomy":"product_tag","embeddable":true,"href":"https:\/\/roveyayinevi.com.tr\/index.php\/wp-json\/wp\/v2\/product_tag?post=776783"}],"curies":[{"name":"wp","href":"https:\/\/api.w.org\/{rel}","templated":true}]}}